{"id":85433,"date":"2022-09-28T09:24:43","date_gmt":"2022-09-28T09:24:43","guid":{"rendered":"https:\/\/turisme.dival.es\/propuestas\/visitare-la-vetta-piu-alta-della-comunita-valenciana\/"},"modified":"2022-09-28T09:35:04","modified_gmt":"2022-09-28T09:35:04","slug":"visitare-la-vetta-piu-alta-della-comunita-valenciana","status":"publish","type":"propuestas","link":"https:\/\/turisme.dival.es\/it\/propuestas\/visitare-la-vetta-piu-alta-della-comunita-valenciana\/","title":{"rendered":"Visitare la vetta pi\u00f9 alta della Comunit\u00e0 Valenciana"},"content":{"rendered":"<p>Il monte Calder\u00f3n, con 1838 metri sul livello del mare, \u00e8 la vetta pi\u00f9 alta della Comunit\u00e0 Valenciana. \u00c8 una vetta facilmente accessibile da cui poter ammirare panorami spettacolari, tra cui quello del dirupo de La Hoz.<br \/>\nOltre a offrire la possibilit\u00e0 di coronare la vetta della regione, il Rinc\u00f3n de Ademuz \u00e8 un\u2019ottima meta per gli appassionati di trekking e cicloturismo, con oltre 200 km di sentieri a breve percorrenza perfettamente segnalati.<\/p>\n","protected":false},"featured_media":45268,"template":"","class_list":["post-85433","propuestas","type-propuestas","status-publish","has-post-thumbnail","hentry"],"acf":[],"yoast_head":"<!-- This site is optimized with the Yoast SEO plugin v23.0 - https:\/\/yoast.com\/wordpress\/plugins\/seo\/ -->\n<title>Visitare la vetta pi\u00f9 alta della Comunit\u00e0 Valenciana &#060; Valencia Turismo<\/title>\n<meta name=\"robots\" content=\"index, follow, max-snippet:-1, max-image-preview:large, max-video-preview:-1\" \/>\n<link rel=\"canonical\" href=\"https:\/\/turisme.dival.es\/it\/propuestas\/visitare-la-vetta-piu-alta-della-comunita-valenciana\/\" \/>\n<meta property=\"og:locale\" content=\"it_IT\" \/>\n<meta property=\"og:type\" content=\"article\" \/>\n<meta property=\"og:title\" content=\"Visitare la vetta pi\u00f9 alta della Comunit\u00e0 Valenciana &#060; Valencia Turismo\" \/>\n<meta property=\"og:description\" content=\"Il monte Calder\u00f3n, con 1838 metri sul livello del mare, \u00e8 la vetta pi\u00f9 alta della Comunit\u00e0 Valenciana. \u00c8 una vetta facilmente accessibile da cui poter ammirare panorami spettacolari, tra cui quello del dirupo de La Hoz. Oltre a offrire la possibilit\u00e0 di coronare la vetta della regione, il Rinc\u00f3n de Ademuz \u00e8 un\u2019ottima meta [&hellip;]\" \/>\n<meta property=\"og:url\" content=\"https:\/\/turisme.dival.es\/it\/propuestas\/visitare-la-vetta-piu-alta-della-comunita-valenciana\/\" \/>\n<meta property=\"og:site_name\" content=\"Valencia Turismo\" \/>\n<meta property=\"article:modified_time\" content=\"2022-09-28T09:35:04+00:00\" \/>\n<meta property=\"og:image\" content=\"https:\/\/turisme.dival.es\/wp-content\/uploads\/2022\/01\/Parque-Natural-Sierra-Calderona.jpg\" \/>\n\t<meta property=\"og:image:width\" content=\"898\" \/>\n\t<meta property=\"og:image:height\" content=\"599\" \/>\n\t<meta property=\"og:image:type\" content=\"image\/jpeg\" \/>\n<meta name=\"twitter:card\" content=\"summary_large_image\" \/>\n<script type=\"application\/ld+json\" class=\"yoast-schema-graph\">{\"@context\":\"https:\/\/schema.org\",\"@graph\":[{\"@type\":\"WebPage\",\"@id\":\"https:\/\/turisme.dival.es\/it\/propuestas\/visitare-la-vetta-piu-alta-della-comunita-valenciana\/\",\"url\":\"https:\/\/turisme.dival.es\/it\/propuestas\/visitare-la-vetta-piu-alta-della-comunita-valenciana\/\",\"name\":\"Visitare la vetta pi\u00f9 alta della Comunit\u00e0 Valenciana &#060; Valencia Turismo\",\"isPartOf\":{\"@id\":\"https:\/\/turisme.dival.es\/#website\"},\"primaryImageOfPage\":{\"@id\":\"https:\/\/turisme.dival.es\/it\/propuestas\/visitare-la-vetta-piu-alta-della-comunita-valenciana\/#primaryimage\"},\"image\":{\"@id\":\"https:\/\/turisme.dival.es\/it\/propuestas\/visitare-la-vetta-piu-alta-della-comunita-valenciana\/#primaryimage\"},\"thumbnailUrl\":\"https:\/\/turisme.dival.es\/wp-content\/uploads\/2022\/01\/Parque-Natural-Sierra-Calderona.jpg\",\"datePublished\":\"2022-09-28T09:24:43+00:00\",\"dateModified\":\"2022-09-28T09:35:04+00:00\",\"inLanguage\":\"IT\",\"potentialAction\":[{\"@type\":\"ReadAction\",\"target\":[\"https:\/\/turisme.dival.es\/it\/propuestas\/visitare-la-vetta-piu-alta-della-comunita-valenciana\/\"]}]},{\"@type\":\"ImageObject\",\"inLanguage\":\"IT\",\"@id\":\"https:\/\/turisme.dival.es\/it\/propuestas\/visitare-la-vetta-piu-alta-della-comunita-valenciana\/#primaryimage\",\"url\":\"https:\/\/turisme.dival.es\/wp-content\/uploads\/2022\/01\/Parque-Natural-Sierra-Calderona.jpg\",\"contentUrl\":\"https:\/\/turisme.dival.es\/wp-content\/uploads\/2022\/01\/Parque-Natural-Sierra-Calderona.jpg\",\"width\":898,\"height\":599},{\"@type\":\"WebSite\",\"@id\":\"https:\/\/turisme.dival.es\/#website\",\"url\":\"https:\/\/turisme.dival.es\/\",\"name\":\"valenciaturismo.com.mialias.net\",\"description\":\"\",\"potentialAction\":[{\"@type\":\"SearchAction\",\"target\":{\"@type\":\"EntryPoint\",\"urlTemplate\":\"https:\/\/turisme.dival.es\/?s={search_term_string}\"},\"query-input\":\"required name=search_term_string\"}],\"inLanguage\":\"IT\"}]}<\/script>\n<!-- \/ Yoast SEO plugin. -->","yoast_head_json":{"title":"Visitare la vetta pi\u00f9 alta della Comunit\u00e0 Valenciana &#060; Valencia Turismo","robots":{"index":"index","follow":"follow","max-snippet":"max-snippet:-1","max-image-preview":"max-image-preview:large","max-video-preview":"max-video-preview:-1"},"canonical":"https:\/\/turisme.dival.es\/it\/propuestas\/visitare-la-vetta-piu-alta-della-comunita-valenciana\/","og_locale":"it_IT","og_type":"article","og_title":"Visitare la vetta pi\u00f9 alta della Comunit\u00e0 Valenciana &#060; Valencia Turismo","og_description":"Il monte Calder\u00f3n, con 1838 metri sul livello del mare, \u00e8 la vetta pi\u00f9 alta della Comunit\u00e0 Valenciana. \u00c8 una vetta facilmente accessibile da cui poter ammirare panorami spettacolari, tra cui quello del dirupo de La Hoz. Oltre a offrire la possibilit\u00e0 di coronare la vetta della regione, il Rinc\u00f3n de Ademuz \u00e8 un\u2019ottima meta [&hellip;]","og_url":"https:\/\/turisme.dival.es\/it\/propuestas\/visitare-la-vetta-piu-alta-della-comunita-valenciana\/","og_site_name":"Valencia Turismo","article_modified_time":"2022-09-28T09:35:04+00:00","og_image":[{"width":898,"height":599,"url":"https:\/\/turisme.dival.es\/wp-content\/uploads\/2022\/01\/Parque-Natural-Sierra-Calderona.jpg","type":"image\/jpeg"}],"twitter_card":"summary_large_image","schema":{"@context":"https:\/\/schema.org","@graph":[{"@type":"WebPage","@id":"https:\/\/turisme.dival.es\/it\/propuestas\/visitare-la-vetta-piu-alta-della-comunita-valenciana\/","url":"https:\/\/turisme.dival.es\/it\/propuestas\/visitare-la-vetta-piu-alta-della-comunita-valenciana\/","name":"Visitare la vetta pi\u00f9 alta della Comunit\u00e0 Valenciana &#060; Valencia Turismo","isPartOf":{"@id":"https:\/\/turisme.dival.es\/#website"},"primaryImageOfPage":{"@id":"https:\/\/turisme.dival.es\/it\/propuestas\/visitare-la-vetta-piu-alta-della-comunita-valenciana\/#primaryimage"},"image":{"@id":"https:\/\/turisme.dival.es\/it\/propuestas\/visitare-la-vetta-piu-alta-della-comunita-valenciana\/#primaryimage"},"thumbnailUrl":"https:\/\/turisme.dival.es\/wp-content\/uploads\/2022\/01\/Parque-Natural-Sierra-Calderona.jpg","datePublished":"2022-09-28T09:24:43+00:00","dateModified":"2022-09-28T09:35:04+00:00","inLanguage":"IT","potentialAction":[{"@type":"ReadAction","target":["https:\/\/turisme.dival.es\/it\/propuestas\/visitare-la-vetta-piu-alta-della-comunita-valenciana\/"]}]},{"@type":"ImageObject","inLanguage":"IT","@id":"https:\/\/turisme.dival.es\/it\/propuestas\/visitare-la-vetta-piu-alta-della-comunita-valenciana\/#primaryimage","url":"https:\/\/turisme.dival.es\/wp-content\/uploads\/2022\/01\/Parque-Natural-Sierra-Calderona.jpg","contentUrl":"https:\/\/turisme.dival.es\/wp-content\/uploads\/2022\/01\/Parque-Natural-Sierra-Calderona.jpg","width":898,"height":599},{"@type":"WebSite","@id":"https:\/\/turisme.dival.es\/#website","url":"https:\/\/turisme.dival.es\/","name":"valenciaturismo.com.mialias.net","description":"","potentialAction":[{"@type":"SearchAction","target":{"@type":"EntryPoint","urlTemplate":"https:\/\/turisme.dival.es\/?s={search_term_string}"},"query-input":"required name=search_term_string"}],"inLanguage":"IT"}]}},"_links":{"self":[{"href":"https:\/\/turisme.dival.es\/it\/wp-json\/wp\/v2\/propuestas\/85433","targetHints":{"allow":["GET"]}}],"collection":[{"href":"https:\/\/turisme.dival.es\/it\/wp-json\/wp\/v2\/propuestas"}],"about":[{"href":"https:\/\/turisme.dival.es\/it\/wp-json\/wp\/v2\/types\/propuestas"}],"wp:featuredmedia":[{"embeddable":true,"href":"https:\/\/turisme.dival.es\/it\/wp-json\/wp\/v2\/media\/45268"}],"wp:attachment":[{"href":"https:\/\/turisme.dival.es\/it\/wp-json\/wp\/v2\/media?parent=85433"}],"curies":[{"name":"wp","href":"https:\/\/api.w.org\/{rel}","templated":true}]}}

Visitare la vetta più alta della Comunità Valenciana

<p>Il monte Calderón, con 1838 metri sul livello del mare, è la vetta più alta della Comunità Valenciana. È una vetta facilmente accessibile da cui poter ammirare panorami spettacolari, tra cui quello del dirupo de La Hoz.<br />
Oltre a offrire la possibilità di coronare la vetta della regione, il Rincón de Ademuz è un’ottima meta per gli appassionati di trekking e cicloturismo, con oltre 200 km di sentieri a breve percorrenza perfettamente segnalati.</p>

<!-- This site is optimized with the Yoast SEO plugin v23.0 - https://yoast.com/wordpress/plugins/seo/ -->
<title>Visitare la vetta più alta della Comunità Valenciana &#060; Valencia Turismo</title>
<meta name="robots" content="index, follow, max-snippet:-1, max-image-preview:large, max-video-preview:-1" />
<link rel="canonical" href="https://turisme.dival.es/it/propuestas/visitare-la-vetta-piu-alta-della-comunita-valenciana/" />
<meta property="og:locale" content="it_IT" />
<meta property="og:type" content="article" />
<meta property="og:title" content="Visitare la vetta più alta della Comunità Valenciana &#060; Valencia Turismo" />
<meta property="og:description" content="Il monte Calderón, con 1838 metri sul livello del mare, è la vetta più alta della Comunità Valenciana. È una vetta facilmente accessibile da cui poter ammirare panorami spettacolari, tra cui quello del dirupo de La Hoz. Oltre a offrire la possibilità di coronare la vetta della regione, il Rincón de Ademuz è un’ottima meta [&hellip;]" />
<meta property="og:url" content="https://turisme.dival.es/it/propuestas/visitare-la-vetta-piu-alta-della-comunita-valenciana/" />
<meta property="og:site_name" content="Valencia Turismo" />
<meta property="article:modified_time" content="2022-09-28T09:35:04+00:00" />
<meta property="og:image" content="https://turisme.dival.es/wp-content/uploads/2022/01/Parque-Natural-Sierra-Calderona.jpg" />
	<meta property="og:image:width" content="898" />
	<meta property="og:image:height" content="599" />
	<meta property="og:image:type" content="image/jpeg" />
<meta name="twitter:card" content="summary_large_image" />
<script type="application/ld+json" class="yoast-schema-graph">{"@context":"https://schema.org","@graph":[{"@type":"WebPage","@id":"https://turisme.dival.es/it/propuestas/visitare-la-vetta-piu-alta-della-comunita-valenciana/","url":"https://turisme.dival.es/it/propuestas/visitare-la-vetta-piu-alta-della-comunita-valenciana/","name":"Visitare la vetta più alta della Comunità Valenciana &#060; Valencia Turismo","isPartOf":{"@id":"https://turisme.dival.es/#website"},"primaryImageOfPage":{"@id":"https://turisme.dival.es/it/propuestas/visitare-la-vetta-piu-alta-della-comunita-valenciana/#primaryimage"},"image":{"@id":"https://turisme.dival.es/it/propuestas/visitare-la-vetta-piu-alta-della-comunita-valenciana/#primaryimage"},"thumbnailUrl":"https://turisme.dival.es/wp-content/uploads/2022/01/Parque-Natural-Sierra-Calderona.jpg","datePublished":"2022-09-28T09:24:43+00:00","dateModified":"2022-09-28T09:35:04+00:00","inLanguage":"IT","potentialAction":[{"@type":"ReadAction","target":["https://turisme.dival.es/it/propuestas/visitare-la-vetta-piu-alta-della-comunita-valenciana/"]}]},{"@type":"ImageObject","inLanguage":"IT","@id":"https://turisme.dival.es/it/propuestas/visitare-la-vetta-piu-alta-della-comunita-valenciana/#primaryimage","url":"https://turisme.dival.es/wp-content/uploads/2022/01/Parque-Natural-Sierra-Calderona.jpg","contentUrl":"https://turisme.dival.es/wp-content/uploads/2022/01/Parque-Natural-Sierra-Calderona.jpg","width":898,"height":599},{"@type":"WebSite","@id":"https://turisme.dival.es/#website","url":"https://turisme.dival.es/","name":"valenciaturismo.com.mialias.net","description":"","potentialAction":[{"@type":"SearchAction","target":{"@type":"EntryPoint","urlTemplate":"https://turisme.dival.es/?s={search_term_string}"},"query-input":"required name=search_term_string"}],"inLanguage":"IT"}]}</script>
<!-- / Yoast SEO plugin. -->

Visitare la vetta più alta della Comunità Valenciana &#060; Valencia Turismo

Il monte Calderón, con 1838 metri sul livello del mare, è la vetta più alta della Comunità Valenciana. È una vetta facilmente accessibile da cui poter ammirare panorami spettacolari, tra cui quello del dirupo de La Hoz. Oltre a offrire la possibilità di coronare la vetta della regione, il Rincón de Ademuz è un’ottima meta [&hellip;]
