{"id":85363,"date":"2022-09-28T09:00:57","date_gmt":"2022-09-28T09:00:57","guid":{"rendered":"https:\/\/turisme.dival.es\/propuestas\/la-cattedrale-e-la-plaza-de-la-virgen\/"},"modified":"2022-09-28T09:48:32","modified_gmt":"2022-09-28T09:48:32","slug":"la-cattedrale-e-la-plaza-de-la-virgen","status":"publish","type":"propuestas","link":"https:\/\/turisme.dival.es\/it\/propuestas\/la-cattedrale-e-la-plaza-de-la-virgen\/","title":{"rendered":"La Cattedrale e la plaza de la Virgen"},"content":{"rendered":"<p>La Cattedrale di Valencia si trova nel cuore del centro storico della citt\u00e0, tra plaza de la Virgen e plaza de la Reina, accanto alla Basilica dei derelitti.<br \/>\nConsacrata nel 1238 e costruita sull\u2019antica moschea di Balansiya, lo stile predominante \u00e8 il gotico. La costruzione \u00e8 durata diversi secoli, per questo ogni porta presenta stili architettonici diversi: la Porta dell\u2019Almoina, romanico; la Porta degli apostoli, gotico francese e la Porta dei ferri, ingresso principale della Cattedrale da plaza de la Reina, barocco italiano. Consigliamo di salire sul Micalet, la torre-campanile nonch\u00e9 uno dei simboli della citt\u00e0, da cui \u00e8 possibile ammirare un\u2019eccellente vista del centro storico.<br \/>\nLa Porta degli apostoli si affaccia su plaza de la Virgen, la piazza pi\u00f9 rappresentativa della citt\u00e0 (senza nulla togliere alla piazza del Comune), in cui ogni anno si svolgono numerose attivit\u00e0, soprattutto l\u2019omaggio floreale alla Madonna durante la festa delle Fallas.<\/p>\n","protected":false},"featured_media":46435,"template":"","class_list":["post-85363","propuestas","type-propuestas","status-publish","has-post-thumbnail","hentry"],"acf":[],"yoast_head":"<!-- This site is optimized with the Yoast SEO plugin v23.0 - https:\/\/yoast.com\/wordpress\/plugins\/seo\/ -->\n<title>La Cattedrale e la plaza de la Virgen &#060; Valencia Turismo<\/title>\n<meta name=\"robots\" content=\"index, follow, max-snippet:-1, max-image-preview:large, max-video-preview:-1\" \/>\n<link rel=\"canonical\" href=\"https:\/\/turisme.dival.es\/it\/propuestas\/la-cattedrale-e-la-plaza-de-la-virgen\/\" \/>\n<meta property=\"og:locale\" content=\"it_IT\" \/>\n<meta property=\"og:type\" content=\"article\" \/>\n<meta property=\"og:title\" content=\"La Cattedrale e la plaza de la Virgen &#060; Valencia Turismo\" \/>\n<meta property=\"og:description\" content=\"La Cattedrale di Valencia si trova nel cuore del centro storico della citt\u00e0, tra plaza de la Virgen e plaza de la Reina, accanto alla Basilica dei derelitti. Consacrata nel 1238 e costruita sull\u2019antica moschea di Balansiya, lo stile predominante \u00e8 il gotico. La costruzione \u00e8 durata diversi secoli, per questo ogni porta presenta stili [&hellip;]\" \/>\n<meta property=\"og:url\" content=\"https:\/\/turisme.dival.es\/it\/propuestas\/la-cattedrale-e-la-plaza-de-la-virgen\/\" \/>\n<meta property=\"og:site_name\" content=\"Valencia Turismo\" \/>\n<meta property=\"article:modified_time\" content=\"2022-09-28T09:48:32+00:00\" \/>\n<meta property=\"og:image\" content=\"https:\/\/turisme.dival.es\/wp-content\/uploads\/2022\/01\/catedral-1.jpg\" \/>\n\t<meta property=\"og:image:width\" content=\"2048\" \/>\n\t<meta property=\"og:image:height\" content=\"1536\" \/>\n\t<meta property=\"og:image:type\" content=\"image\/jpeg\" \/>\n<meta name=\"twitter:card\" content=\"summary_large_image\" \/>\n<meta name=\"twitter:label1\" content=\"Est. reading time\" \/>\n\t<meta name=\"twitter:data1\" content=\"1 minute\" \/>\n<script type=\"application\/ld+json\" class=\"yoast-schema-graph\">{\"@context\":\"https:\/\/schema.org\",\"@graph\":[{\"@type\":\"WebPage\",\"@id\":\"https:\/\/turisme.dival.es\/it\/propuestas\/la-cattedrale-e-la-plaza-de-la-virgen\/\",\"url\":\"https:\/\/turisme.dival.es\/it\/propuestas\/la-cattedrale-e-la-plaza-de-la-virgen\/\",\"name\":\"La Cattedrale e la plaza de la Virgen &#060; Valencia Turismo\",\"isPartOf\":{\"@id\":\"https:\/\/turisme.dival.es\/#website\"},\"primaryImageOfPage\":{\"@id\":\"https:\/\/turisme.dival.es\/it\/propuestas\/la-cattedrale-e-la-plaza-de-la-virgen\/#primaryimage\"},\"image\":{\"@id\":\"https:\/\/turisme.dival.es\/it\/propuestas\/la-cattedrale-e-la-plaza-de-la-virgen\/#primaryimage\"},\"thumbnailUrl\":\"https:\/\/turisme.dival.es\/wp-content\/uploads\/2022\/01\/catedral-1.jpg\",\"datePublished\":\"2022-09-28T09:00:57+00:00\",\"dateModified\":\"2022-09-28T09:48:32+00:00\",\"inLanguage\":\"IT\",\"potentialAction\":[{\"@type\":\"ReadAction\",\"target\":[\"https:\/\/turisme.dival.es\/it\/propuestas\/la-cattedrale-e-la-plaza-de-la-virgen\/\"]}]},{\"@type\":\"ImageObject\",\"inLanguage\":\"IT\",\"@id\":\"https:\/\/turisme.dival.es\/it\/propuestas\/la-cattedrale-e-la-plaza-de-la-virgen\/#primaryimage\",\"url\":\"https:\/\/turisme.dival.es\/wp-content\/uploads\/2022\/01\/catedral-1.jpg\",\"contentUrl\":\"https:\/\/turisme.dival.es\/wp-content\/uploads\/2022\/01\/catedral-1.jpg\",\"width\":2048,\"height\":1536},{\"@type\":\"WebSite\",\"@id\":\"https:\/\/turisme.dival.es\/#website\",\"url\":\"https:\/\/turisme.dival.es\/\",\"name\":\"valenciaturismo.com.mialias.net\",\"description\":\"\",\"potentialAction\":[{\"@type\":\"SearchAction\",\"target\":{\"@type\":\"EntryPoint\",\"urlTemplate\":\"https:\/\/turisme.dival.es\/?s={search_term_string}\"},\"query-input\":\"required name=search_term_string\"}],\"inLanguage\":\"IT\"}]}<\/script>\n<!-- \/ Yoast SEO plugin. -->","yoast_head_json":{"title":"La Cattedrale e la plaza de la Virgen &#060; Valencia Turismo","robots":{"index":"index","follow":"follow","max-snippet":"max-snippet:-1","max-image-preview":"max-image-preview:large","max-video-preview":"max-video-preview:-1"},"canonical":"https:\/\/turisme.dival.es\/it\/propuestas\/la-cattedrale-e-la-plaza-de-la-virgen\/","og_locale":"it_IT","og_type":"article","og_title":"La Cattedrale e la plaza de la Virgen &#060; Valencia Turismo","og_description":"La Cattedrale di Valencia si trova nel cuore del centro storico della citt\u00e0, tra plaza de la Virgen e plaza de la Reina, accanto alla Basilica dei derelitti. Consacrata nel 1238 e costruita sull\u2019antica moschea di Balansiya, lo stile predominante \u00e8 il gotico. La costruzione \u00e8 durata diversi secoli, per questo ogni porta presenta stili [&hellip;]","og_url":"https:\/\/turisme.dival.es\/it\/propuestas\/la-cattedrale-e-la-plaza-de-la-virgen\/","og_site_name":"Valencia Turismo","article_modified_time":"2022-09-28T09:48:32+00:00","og_image":[{"width":2048,"height":1536,"url":"https:\/\/turisme.dival.es\/wp-content\/uploads\/2022\/01\/catedral-1.jpg","type":"image\/jpeg"}],"twitter_card":"summary_large_image","twitter_misc":{"Est. reading time":"1 minute"},"schema":{"@context":"https:\/\/schema.org","@graph":[{"@type":"WebPage","@id":"https:\/\/turisme.dival.es\/it\/propuestas\/la-cattedrale-e-la-plaza-de-la-virgen\/","url":"https:\/\/turisme.dival.es\/it\/propuestas\/la-cattedrale-e-la-plaza-de-la-virgen\/","name":"La Cattedrale e la plaza de la Virgen &#060; Valencia Turismo","isPartOf":{"@id":"https:\/\/turisme.dival.es\/#website"},"primaryImageOfPage":{"@id":"https:\/\/turisme.dival.es\/it\/propuestas\/la-cattedrale-e-la-plaza-de-la-virgen\/#primaryimage"},"image":{"@id":"https:\/\/turisme.dival.es\/it\/propuestas\/la-cattedrale-e-la-plaza-de-la-virgen\/#primaryimage"},"thumbnailUrl":"https:\/\/turisme.dival.es\/wp-content\/uploads\/2022\/01\/catedral-1.jpg","datePublished":"2022-09-28T09:00:57+00:00","dateModified":"2022-09-28T09:48:32+00:00","inLanguage":"IT","potentialAction":[{"@type":"ReadAction","target":["https:\/\/turisme.dival.es\/it\/propuestas\/la-cattedrale-e-la-plaza-de-la-virgen\/"]}]},{"@type":"ImageObject","inLanguage":"IT","@id":"https:\/\/turisme.dival.es\/it\/propuestas\/la-cattedrale-e-la-plaza-de-la-virgen\/#primaryimage","url":"https:\/\/turisme.dival.es\/wp-content\/uploads\/2022\/01\/catedral-1.jpg","contentUrl":"https:\/\/turisme.dival.es\/wp-content\/uploads\/2022\/01\/catedral-1.jpg","width":2048,"height":1536},{"@type":"WebSite","@id":"https:\/\/turisme.dival.es\/#website","url":"https:\/\/turisme.dival.es\/","name":"valenciaturismo.com.mialias.net","description":"","potentialAction":[{"@type":"SearchAction","target":{"@type":"EntryPoint","urlTemplate":"https:\/\/turisme.dival.es\/?s={search_term_string}"},"query-input":"required name=search_term_string"}],"inLanguage":"IT"}]}},"_links":{"self":[{"href":"https:\/\/turisme.dival.es\/it\/wp-json\/wp\/v2\/propuestas\/85363","targetHints":{"allow":["GET"]}}],"collection":[{"href":"https:\/\/turisme.dival.es\/it\/wp-json\/wp\/v2\/propuestas"}],"about":[{"href":"https:\/\/turisme.dival.es\/it\/wp-json\/wp\/v2\/types\/propuestas"}],"wp:featuredmedia":[{"embeddable":true,"href":"https:\/\/turisme.dival.es\/it\/wp-json\/wp\/v2\/media\/46435"}],"wp:attachment":[{"href":"https:\/\/turisme.dival.es\/it\/wp-json\/wp\/v2\/media?parent=85363"}],"curies":[{"name":"wp","href":"https:\/\/api.w.org\/{rel}","templated":true}]}}

<p>La Cattedrale di Valencia si trova nel cuore del centro storico della città, tra plaza de la Virgen e plaza de la Reina, accanto alla Basilica dei derelitti.<br />
Consacrata nel 1238 e costruita sull’antica moschea di Balansiya, lo stile predominante è il gotico. La costruzione è durata diversi secoli, per questo ogni porta presenta stili architettonici diversi: la Porta dell’Almoina, romanico; la Porta degli apostoli, gotico francese e la Porta dei ferri, ingresso principale della Cattedrale da plaza de la Reina, barocco italiano. Consigliamo di salire sul Micalet, la torre-campanile nonché uno dei simboli della città, da cui è possibile ammirare un’eccellente vista del centro storico.<br />
La Porta degli apostoli si affaccia su plaza de la Virgen, la piazza più rappresentativa della città (senza nulla togliere alla piazza del Comune), in cui ogni anno si svolgono numerose attività, soprattutto l’omaggio floreale alla Madonna durante la festa delle Fallas.</p>

<!-- This site is optimized with the Yoast SEO plugin v23.0 - https://yoast.com/wordpress/plugins/seo/ -->
<title>La Cattedrale e la plaza de la Virgen &#060; Valencia Turismo</title>
<meta name="robots" content="index, follow, max-snippet:-1, max-image-preview:large, max-video-preview:-1" />
<link rel="canonical" href="https://turisme.dival.es/it/propuestas/la-cattedrale-e-la-plaza-de-la-virgen/" />
<meta property="og:locale" content="it_IT" />
<meta property="og:type" content="article" />
<meta property="og:title" content="La Cattedrale e la plaza de la Virgen &#060; Valencia Turismo" />
<meta property="og:description" content="La Cattedrale di Valencia si trova nel cuore del centro storico della città, tra plaza de la Virgen e plaza de la Reina, accanto alla Basilica dei derelitti. Consacrata nel 1238 e costruita sull’antica moschea di Balansiya, lo stile predominante è il gotico. La costruzione è durata diversi secoli, per questo ogni porta presenta stili [&hellip;]" />
<meta property="og:url" content="https://turisme.dival.es/it/propuestas/la-cattedrale-e-la-plaza-de-la-virgen/" />
<meta property="og:site_name" content="Valencia Turismo" />
<meta property="article:modified_time" content="2022-09-28T09:48:32+00:00" />
<meta property="og:image" content="https://turisme.dival.es/wp-content/uploads/2022/01/catedral-1.jpg" />
	<meta property="og:image:width" content="2048" />
	<meta property="og:image:height" content="1536" />
	<meta property="og:image:type" content="image/jpeg" />
<meta name="twitter:card" content="summary_large_image" />
<meta name="twitter:label1" content="Est. reading time" />
	<meta name="twitter:data1" content="1 minute" />
<script type="application/ld+json" class="yoast-schema-graph">{"@context":"https://schema.org","@graph":[{"@type":"WebPage","@id":"https://turisme.dival.es/it/propuestas/la-cattedrale-e-la-plaza-de-la-virgen/","url":"https://turisme.dival.es/it/propuestas/la-cattedrale-e-la-plaza-de-la-virgen/","name":"La Cattedrale e la plaza de la Virgen &#060; Valencia Turismo","isPartOf":{"@id":"https://turisme.dival.es/#website"},"primaryImageOfPage":{"@id":"https://turisme.dival.es/it/propuestas/la-cattedrale-e-la-plaza-de-la-virgen/#primaryimage"},"image":{"@id":"https://turisme.dival.es/it/propuestas/la-cattedrale-e-la-plaza-de-la-virgen/#primaryimage"},"thumbnailUrl":"https://turisme.dival.es/wp-content/uploads/2022/01/catedral-1.jpg","datePublished":"2022-09-28T09:00:57+00:00","dateModified":"2022-09-28T09:48:32+00:00","inLanguage":"IT","potentialAction":[{"@type":"ReadAction","target":["https://turisme.dival.es/it/propuestas/la-cattedrale-e-la-plaza-de-la-virgen/"]}]},{"@type":"ImageObject","inLanguage":"IT","@id":"https://turisme.dival.es/it/propuestas/la-cattedrale-e-la-plaza-de-la-virgen/#primaryimage","url":"https://turisme.dival.es/wp-content/uploads/2022/01/catedral-1.jpg","contentUrl":"https://turisme.dival.es/wp-content/uploads/2022/01/catedral-1.jpg","width":2048,"height":1536},{"@type":"WebSite","@id":"https://turisme.dival.es/#website","url":"https://turisme.dival.es/","name":"valenciaturismo.com.mialias.net","description":"","potentialAction":[{"@type":"SearchAction","target":{"@type":"EntryPoint","urlTemplate":"https://turisme.dival.es/?s={search_term_string}"},"query-input":"required name=search_term_string"}],"inLanguage":"IT"}]}</script>
<!-- / Yoast SEO plugin. -->

La Cattedrale di Valencia si trova nel cuore del centro storico della città, tra plaza de la Virgen e plaza de la Reina, accanto alla Basilica dei derelitti. Consacrata nel 1238 e costruita sull’antica moschea di Balansiya, lo stile predominante è il gotico. La costruzione è durata diversi secoli, per questo ogni porta presenta stili [&hellip;]
