{"id":84320,"date":"2022-09-22T09:20:25","date_gmt":"2022-09-22T09:20:25","guid":{"rendered":"https:\/\/turisme.dival.es\/destino\/requena-utiel\/"},"modified":"2023-04-25T16:25:43","modified_gmt":"2023-04-25T16:25:43","slug":"requena-utiel","status":"publish","type":"destino","link":"https:\/\/turisme.dival.es\/it\/destino\/requena-utiel\/","title":{"rendered":"Requena &#8211; Utiel"},"featured_media":84322,"template":"","situacion":[2352],"class_list":["post-84320","destino","type-destino","status-publish","has-post-thumbnail","hentry","situacion-requena-utiel-it"],"acf":{"titulo":"Requena - Utiel","subtitulo":"","situacion":"Interior","banner":[{"imagen_banner":84319,"video_del_banner":null}],"descripcion":"<p class=\"p1\">In questa comarca troviamo la pi\u00f9 grande riserva vitivinicola della provincia. \u00c8 la comarca valenciana pi\u00f9 occidentale, che si contraddistingue grazie alla ricchezza paesaggistica: nella pianura di Requena possiamo infatti trovare le localit\u00e0 di Cuchillos e Hoces del Cabriel, oppure i boschi lussureggianti di Sinarcas. I due grandi nuclei cittadini, centri economici della comarca, sono Requena e Utiel. Requena \u00e8 nota grazie a Villa, che ci invita a fare un giro nel centro storico ricco di monumenti e edifici di gran valore storico, come le Chiese del Salvatore e di Santa Maria, il Torrione (simbolo di un passato di splendore) e le Grotte di Villa. Di Utiel ricordiamo invece la Chiesa dell\u2019Assunta, la <i>palaza de toros<\/i> (arena), il Santuario della Madonna del rimedio e la Cantina Redonda (sede del Museo del vino). Ricordiamo inoltre il sito archeologico dell\u2019epoca iberica di Kelin, a Caudete de las Fuentes, e il Ponte romano di Venta del Moro. In questo comune \u00e8 possibile inoltre poter usufruire di un\u2019ampia offerta turistica attiva collegata al fiume Cabriel.<\/p>\r\n<a href=\"http:\/\/www.tierrabobal.es\">Tierra Bobal<\/a>\r\n<a href=\"http:\/\/www.rutavino.com\" target=\"_blank\" rel=\"noopener\">Ruta del Vino D.O. Utiel-Requena<\/a>\r\n<a href=\"http:\/\/www.requena.es\" target=\"_blank\" rel=\"noopener\">Turismo Requena<\/a>\r\n<a href=\"https:\/\/www.utiel.es\/es\" target=\"_blank\" rel=\"noopener\">Turismo Utiel<\/a>","galeria-poblacion":[84322,84319,84327,84332,84318],"descripcion_2":"","color":"#9b861b","fiestas":null,"gastronomia":null,"mas_informacion":null,"turist-info":[{"nombre_oficina":"Tourist Info Utiel","datos_oficina":"Calle Puerta Nueva,9\r\nUtiel\r\nTelf: 962170222 962172378 (AYTO.)\r\nE-mail: <a href=\"mailto:utiel@touristinfo.net\">utiel@touristinfo.net<\/a>\r\n<a href=\"mailto:turismo@utiel.es\">turismo@utiel.es<\/a>\r\nOrario: Lun: Chiuso; M, X e J: dalle 10 alle 14 ore; Ven e Sab: dalle 10:00 alle 14:00 e dalle 17:00 alle 20:00; D: dalle 11:00 alle 14:00"},{"nombre_oficina":"Tourist Info Requena","datos_oficina":"Calle Garc\u00eda Montes s\/n C.P: 46340 Requena\r\nTelf: 962303851\r\nFax: 697104824\r\nEmail: <a href=\"mailto:requena@touristinfo.net\">requena@touristinfo.net<\/a>\r\nWeb: <a href=\"http:\/\/www.requena.es\">http:\/\/www.requena.es<\/a>\r\nOrario:\r\nM a J e G\/festivi: dalle 9:30 alle 14:00 Ven e Sab: 9:30-14:00 e 16:00-19:00 Giorni di chiusura annuale: 24, 25, 31 dicembre; 1 e 6 gennaio."}],"turist-info_rel":[74176,74166],"descargables":null,"localizacion_mapa":"<iframe src=\"https:\/\/www.google.com\/maps\/embed?pb=!1m18!1m12!1m3!1d393787.5223901356!2d-1.493776444398121!3d39.54912107490083!2m3!1f0!2f0!3f0!3m2!1i1024!2i768!4f13.1!3m3!1m2!1s0xd67334cdb01400f%3A0x360b2a4ff4120d1d!2sRequena-Utiel%2C%20Valencia!5e0!3m2!1ses!2ses!4v1628228599457!5m2!1ses!2ses\" width=\"100%\" height=\"450\" style=\"border:0;\" allowfullscreen=\"\" loading=\"lazy\"><\/iframe>","destacados":null,"lugares_interes":null},"yoast_head":"<!-- This site is optimized with the Yoast SEO plugin v23.0 - https:\/\/yoast.com\/wordpress\/plugins\/seo\/ -->\n<title>Regione di Valencia Requena - Utiel<\/title>\n<meta name=\"description\" content=\"La comarca troviamo la pi\u00f9 grande riserva vitivinicola della provincia. \u00c8 la comarca valenciana pi\u00f9 occidentale, che si contraddistingue grazie alla ricchezza paesaggistica.\" \/>\n<meta name=\"robots\" content=\"index, follow, max-snippet:-1, max-image-preview:large, max-video-preview:-1\" \/>\n<link rel=\"canonical\" href=\"https:\/\/turisme.dival.es\/it\/destino\/requena-utiel\/\" \/>\n<meta property=\"og:locale\" content=\"it_IT\" \/>\n<meta property=\"og:type\" content=\"article\" \/>\n<meta property=\"og:title\" content=\"Regione di Valencia Requena - Utiel\" \/>\n<meta property=\"og:description\" content=\"La comarca troviamo la pi\u00f9 grande riserva vitivinicola della provincia. \u00c8 la comarca valenciana pi\u00f9 occidentale, che si contraddistingue grazie alla ricchezza paesaggistica.\" \/>\n<meta property=\"og:url\" content=\"https:\/\/turisme.dival.es\/it\/destino\/requena-utiel\/\" \/>\n<meta property=\"og:site_name\" content=\"Valencia Turismo\" \/>\n<meta property=\"article:modified_time\" content=\"2023-04-25T16:25:43+00:00\" \/>\n<meta property=\"og:image\" content=\"https:\/\/turisme.dival.es\/wp-content\/uploads\/2021\/08\/requena_utiel_01.jpeg\" \/>\n\t<meta property=\"og:image:width\" content=\"756\" \/>\n\t<meta property=\"og:image:height\" content=\"336\" \/>\n\t<meta property=\"og:image:type\" content=\"image\/jpeg\" \/>\n<meta name=\"twitter:card\" content=\"summary_large_image\" \/>\n<script type=\"application\/ld+json\" class=\"yoast-schema-graph\">{\"@context\":\"https:\/\/schema.org\",\"@graph\":[{\"@type\":\"WebPage\",\"@id\":\"https:\/\/turisme.dival.es\/it\/destino\/requena-utiel\/\",\"url\":\"https:\/\/turisme.dival.es\/it\/destino\/requena-utiel\/\",\"name\":\"Regione di Valencia Requena - Utiel\",\"isPartOf\":{\"@id\":\"https:\/\/turisme.dival.es\/#website\"},\"primaryImageOfPage\":{\"@id\":\"https:\/\/turisme.dival.es\/it\/destino\/requena-utiel\/#primaryimage\"},\"image\":{\"@id\":\"https:\/\/turisme.dival.es\/it\/destino\/requena-utiel\/#primaryimage\"},\"thumbnailUrl\":\"https:\/\/turisme.dival.es\/wp-content\/uploads\/2021\/08\/requena_utiel_01.jpeg\",\"datePublished\":\"2022-09-22T09:20:25+00:00\",\"dateModified\":\"2023-04-25T16:25:43+00:00\",\"description\":\"La comarca troviamo la pi\u00f9 grande riserva vitivinicola della provincia. \u00c8 la comarca valenciana pi\u00f9 occidentale, che si contraddistingue grazie alla ricchezza paesaggistica.\",\"inLanguage\":\"IT\",\"potentialAction\":[{\"@type\":\"ReadAction\",\"target\":[\"https:\/\/turisme.dival.es\/it\/destino\/requena-utiel\/\"]}]},{\"@type\":\"ImageObject\",\"inLanguage\":\"IT\",\"@id\":\"https:\/\/turisme.dival.es\/it\/destino\/requena-utiel\/#primaryimage\",\"url\":\"https:\/\/turisme.dival.es\/wp-content\/uploads\/2021\/08\/requena_utiel_01.jpeg\",\"contentUrl\":\"https:\/\/turisme.dival.es\/wp-content\/uploads\/2021\/08\/requena_utiel_01.jpeg\",\"width\":756,\"height\":336},{\"@type\":\"WebSite\",\"@id\":\"https:\/\/turisme.dival.es\/#website\",\"url\":\"https:\/\/turisme.dival.es\/\",\"name\":\"valenciaturismo.com.mialias.net\",\"description\":\"\",\"potentialAction\":[{\"@type\":\"SearchAction\",\"target\":{\"@type\":\"EntryPoint\",\"urlTemplate\":\"https:\/\/turisme.dival.es\/?s={search_term_string}\"},\"query-input\":\"required name=search_term_string\"}],\"inLanguage\":\"IT\"}]}<\/script>\n<!-- \/ Yoast SEO plugin. -->","yoast_head_json":{"title":"Regione di Valencia Requena - Utiel","description":"La comarca troviamo la pi\u00f9 grande riserva vitivinicola della provincia. \u00c8 la comarca valenciana pi\u00f9 occidentale, che si contraddistingue grazie alla ricchezza paesaggistica.","robots":{"index":"index","follow":"follow","max-snippet":"max-snippet:-1","max-image-preview":"max-image-preview:large","max-video-preview":"max-video-preview:-1"},"canonical":"https:\/\/turisme.dival.es\/it\/destino\/requena-utiel\/","og_locale":"it_IT","og_type":"article","og_title":"Regione di Valencia Requena - Utiel","og_description":"La comarca troviamo la pi\u00f9 grande riserva vitivinicola della provincia. \u00c8 la comarca valenciana pi\u00f9 occidentale, che si contraddistingue grazie alla ricchezza paesaggistica.","og_url":"https:\/\/turisme.dival.es\/it\/destino\/requena-utiel\/","og_site_name":"Valencia Turismo","article_modified_time":"2023-04-25T16:25:43+00:00","og_image":[{"width":756,"height":336,"url":"https:\/\/turisme.dival.es\/wp-content\/uploads\/2021\/08\/requena_utiel_01.jpeg","type":"image\/jpeg"}],"twitter_card":"summary_large_image","schema":{"@context":"https:\/\/schema.org","@graph":[{"@type":"WebPage","@id":"https:\/\/turisme.dival.es\/it\/destino\/requena-utiel\/","url":"https:\/\/turisme.dival.es\/it\/destino\/requena-utiel\/","name":"Regione di Valencia Requena - Utiel","isPartOf":{"@id":"https:\/\/turisme.dival.es\/#website"},"primaryImageOfPage":{"@id":"https:\/\/turisme.dival.es\/it\/destino\/requena-utiel\/#primaryimage"},"image":{"@id":"https:\/\/turisme.dival.es\/it\/destino\/requena-utiel\/#primaryimage"},"thumbnailUrl":"https:\/\/turisme.dival.es\/wp-content\/uploads\/2021\/08\/requena_utiel_01.jpeg","datePublished":"2022-09-22T09:20:25+00:00","dateModified":"2023-04-25T16:25:43+00:00","description":"La comarca troviamo la pi\u00f9 grande riserva vitivinicola della provincia. \u00c8 la comarca valenciana pi\u00f9 occidentale, che si contraddistingue grazie alla ricchezza paesaggistica.","inLanguage":"IT","potentialAction":[{"@type":"ReadAction","target":["https:\/\/turisme.dival.es\/it\/destino\/requena-utiel\/"]}]},{"@type":"ImageObject","inLanguage":"IT","@id":"https:\/\/turisme.dival.es\/it\/destino\/requena-utiel\/#primaryimage","url":"https:\/\/turisme.dival.es\/wp-content\/uploads\/2021\/08\/requena_utiel_01.jpeg","contentUrl":"https:\/\/turisme.dival.es\/wp-content\/uploads\/2021\/08\/requena_utiel_01.jpeg","width":756,"height":336},{"@type":"WebSite","@id":"https:\/\/turisme.dival.es\/#website","url":"https:\/\/turisme.dival.es\/","name":"valenciaturismo.com.mialias.net","description":"","potentialAction":[{"@type":"SearchAction","target":{"@type":"EntryPoint","urlTemplate":"https:\/\/turisme.dival.es\/?s={search_term_string}"},"query-input":"required name=search_term_string"}],"inLanguage":"IT"}]}},"_links":{"self":[{"href":"https:\/\/turisme.dival.es\/it\/wp-json\/wp\/v2\/destino\/84320","targetHints":{"allow":["GET"]}}],"collection":[{"href":"https:\/\/turisme.dival.es\/it\/wp-json\/wp\/v2\/destino"}],"about":[{"href":"https:\/\/turisme.dival.es\/it\/wp-json\/wp\/v2\/types\/destino"}],"acf:post":[{"embeddable":true,"href":"https:\/\/turisme.dival.es\/it\/wp-json\/wp\/v2\/turist_info\/74166"},{"embeddable":true,"href":"https:\/\/turisme.dival.es\/it\/wp-json\/wp\/v2\/turist_info\/74176"}],"acf:attachment":[{"embeddable":true,"href":"https:\/\/turisme.dival.es\/it\/wp-json\/wp\/v2\/media\/84318"},{"embeddable":true,"href":"https:\/\/turisme.dival.es\/it\/wp-json\/wp\/v2\/media\/84332"},{"embeddable":true,"href":"https:\/\/turisme.dival.es\/it\/wp-json\/wp\/v2\/media\/84327"},{"embeddable":true,"href":"https:\/\/turisme.dival.es\/it\/wp-json\/wp\/v2\/media\/84319"},{"embeddable":true,"href":"https:\/\/turisme.dival.es\/it\/wp-json\/wp\/v2\/media\/84322"}],"wp:featuredmedia":[{"embeddable":true,"href":"https:\/\/turisme.dival.es\/it\/wp-json\/wp\/v2\/media\/84322"}],"wp:attachment":[{"href":"https:\/\/turisme.dival.es\/it\/wp-json\/wp\/v2\/media?parent=84320"}],"wp:term":[{"taxonomy":"situacion","embeddable":true,"href":"https:\/\/turisme.dival.es\/it\/wp-json\/wp\/v2\/situacion?post=84320"}],"curies":[{"name":"wp","href":"https:\/\/api.w.org\/{rel}","templated":true}]}}

<p class="p1">In questa comarca troviamo la più grande riserva vitivinicola della provincia. È la comarca valenciana più occidentale, che si contraddistingue grazie alla ricchezza paesaggistica: nella pianura di Requena possiamo infatti trovare le località di Cuchillos e Hoces del Cabriel, oppure i boschi lussureggianti di Sinarcas. I due grandi nuclei cittadini, centri economici della comarca, sono Requena e Utiel. Requena è nota grazie a Villa, che ci invita a fare un giro nel centro storico ricco di monumenti e edifici di gran valore storico, come le Chiese del Salvatore e di Santa Maria, il Torrione (simbolo di un passato di splendore) e le Grotte di Villa. Di Utiel ricordiamo invece la Chiesa dell’Assunta, la <i>palaza de toros</i> (arena), il Santuario della Madonna del rimedio e la Cantina Redonda (sede del Museo del vino). Ricordiamo inoltre il sito archeologico dell’epoca iberica di Kelin, a Caudete de las Fuentes, e il Ponte romano di Venta del Moro. In questo comune è possibile inoltre poter usufruire di un’ampia offerta turistica attiva collegata al fiume Cabriel.</p>
<a href="http://www.tierrabobal.es">Tierra Bobal</a>
<a href="http://www.rutavino.com" target="_blank" rel="noopener">Ruta del Vino D.O. Utiel-Requena</a>
<a href="http://www.requena.es" target="_blank" rel="noopener">Turismo Requena</a>
<a href="https://www.utiel.es/es" target="_blank" rel="noopener">Turismo Utiel</a>

Calle García Montes s/n C.P: 46340 Requena
Telf: 962303851
Fax: 697104824
Email: <a href="mailto:requena@touristinfo.net">requena@touristinfo.net</a>
Web: <a href="http://www.requena.es">http://www.requena.es</a>
Orario:
M a J e G/festivi: dalle 9:30 alle 14:00 Ven e Sab: 9:30-14:00 e 16:00-19:00 Giorni di chiusura annuale: 24, 25, 31 dicembre; 1 e 6 gennaio.

<!-- This site is optimized with the Yoast SEO plugin v23.0 - https://yoast.com/wordpress/plugins/seo/ -->
<title>Regione di Valencia Requena - Utiel</title>
<meta name="description" content="La comarca troviamo la più grande riserva vitivinicola della provincia. È la comarca valenciana più occidentale, che si contraddistingue grazie alla ricchezza paesaggistica." />
<meta name="robots" content="index, follow, max-snippet:-1, max-image-preview:large, max-video-preview:-1" />
<link rel="canonical" href="https://turisme.dival.es/it/destino/requena-utiel/" />
<meta property="og:locale" content="it_IT" />
<meta property="og:type" content="article" />
<meta property="og:title" content="Regione di Valencia Requena - Utiel" />
<meta property="og:description" content="La comarca troviamo la più grande riserva vitivinicola della provincia. È la comarca valenciana più occidentale, che si contraddistingue grazie alla ricchezza paesaggistica." />
<meta property="og:url" content="https://turisme.dival.es/it/destino/requena-utiel/" />
<meta property="og:site_name" content="Valencia Turismo" />
<meta property="article:modified_time" content="2023-04-25T16:25:43+00:00" />
<meta property="og:image" content="https://turisme.dival.es/wp-content/uploads/2021/08/requena_utiel_01.jpeg" />
	<meta property="og:image:width" content="756" />
	<meta property="og:image:height" content="336" />
	<meta property="og:image:type" content="image/jpeg" />
<meta name="twitter:card" content="summary_large_image" />
<script type="application/ld+json" class="yoast-schema-graph">{"@context":"https://schema.org","@graph":[{"@type":"WebPage","@id":"https://turisme.dival.es/it/destino/requena-utiel/","url":"https://turisme.dival.es/it/destino/requena-utiel/","name":"Regione di Valencia Requena - Utiel","isPartOf":{"@id":"https://turisme.dival.es/#website"},"primaryImageOfPage":{"@id":"https://turisme.dival.es/it/destino/requena-utiel/#primaryimage"},"image":{"@id":"https://turisme.dival.es/it/destino/requena-utiel/#primaryimage"},"thumbnailUrl":"https://turisme.dival.es/wp-content/uploads/2021/08/requena_utiel_01.jpeg","datePublished":"2022-09-22T09:20:25+00:00","dateModified":"2023-04-25T16:25:43+00:00","description":"La comarca troviamo la più grande riserva vitivinicola della provincia. È la comarca valenciana più occidentale, che si contraddistingue grazie alla ricchezza paesaggistica.","inLanguage":"IT","potentialAction":[{"@type":"ReadAction","target":["https://turisme.dival.es/it/destino/requena-utiel/"]}]},{"@type":"ImageObject","inLanguage":"IT","@id":"https://turisme.dival.es/it/destino/requena-utiel/#primaryimage","url":"https://turisme.dival.es/wp-content/uploads/2021/08/requena_utiel_01.jpeg","contentUrl":"https://turisme.dival.es/wp-content/uploads/2021/08/requena_utiel_01.jpeg","width":756,"height":336},{"@type":"WebSite","@id":"https://turisme.dival.es/#website","url":"https://turisme.dival.es/","name":"valenciaturismo.com.mialias.net","description":"","potentialAction":[{"@type":"SearchAction","target":{"@type":"EntryPoint","urlTemplate":"https://turisme.dival.es/?s={search_term_string}"},"query-input":"required name=search_term_string"}],"inLanguage":"IT"}]}</script>
<!-- / Yoast SEO plugin. -->

La comarca troviamo la più grande riserva vitivinicola della provincia. È la comarca valenciana più occidentale, che si contraddistingue grazie alla ricchezza paesaggistica.
