{"version":"1.0","provider_name":"Valencia Turismo","provider_url":"https:\/\/turisme.dival.es\/it\/","title":"Visitare la vetta pi\u00f9 alta della Comunit\u00e0 Valenciana &#060; Valencia Turismo","type":"rich","width":600,"height":338,"html":"<blockquote class=\"wp-embedded-content\" data-secret=\"FHUPU5qU4d\"><a href=\"https:\/\/turisme.dival.es\/it\/propuestas\/visitare-la-vetta-piu-alta-della-comunita-valenciana\/\">Visitare la vetta pi\u00f9 alta della Comunit\u00e0 Valenciana<\/a><\/blockquote><iframe sandbox=\"allow-scripts\" security=\"restricted\" src=\"https:\/\/turisme.dival.es\/it\/propuestas\/visitare-la-vetta-piu-alta-della-comunita-valenciana\/embed\/#?secret=FHUPU5qU4d\" width=\"600\" height=\"338\" title=\"&#8220;Visitare la vetta pi\u00f9 alta della Comunit\u00e0 Valenciana&#8221; &#8212; Valencia Turismo\" data-secret=\"FHUPU5qU4d\" frameborder=\"0\" marginwidth=\"0\" marginheight=\"0\" scrolling=\"no\" class=\"wp-embedded-content\"><\/iframe><script type=\"text\/javascript\">\n\/* <![CDATA[ *\/\n\/*! This file is auto-generated *\/\n!function(d,l){\"use strict\";l.querySelector&&d.addEventListener&&\"undefined\"!=typeof URL&&(d.wp=d.wp||{},d.wp.receiveEmbedMessage||(d.wp.receiveEmbedMessage=function(e){var t=e.data;if((t||t.secret||t.message||t.value)&&!\/[^a-zA-Z0-9]\/.test(t.secret)){for(var s,r,n,a=l.querySelectorAll('iframe[data-secret=\"'+t.secret+'\"]'),o=l.querySelectorAll('blockquote[data-secret=\"'+t.secret+'\"]'),c=new RegExp(\"^https?:$\",\"i\"),i=0;i<o.length;i++)o[i].style.display=\"none\";for(i=0;i<a.length;i++)s=a[i],e.source===s.contentWindow&&(s.removeAttribute(\"style\"),\"height\"===t.message?(1e3<(r=parseInt(t.value,10))?r=1e3:~~r<200&&(r=200),s.height=r):\"link\"===t.message&&(r=new URL(s.getAttribute(\"src\")),n=new URL(t.value),c.test(n.protocol))&&n.host===r.host&&l.activeElement===s&&(d.top.location.href=t.value))}},d.addEventListener(\"message\",d.wp.receiveEmbedMessage,!1),l.addEventListener(\"DOMContentLoaded\",function(){for(var e,t,s=l.querySelectorAll(\"iframe.wp-embedded-content\"),r=0;r<s.length;r++)(t=(e=s[r]).getAttribute(\"data-secret\"))||(t=Math.random().toString(36).substring(2,12),e.src+=\"#?secret=\"+t,e.setAttribute(\"data-secret\",t)),e.contentWindow.postMessage({message:\"ready\",secret:t},\"*\")},!1)))}(window,document);\n\/\/# sourceURL=https:\/\/turisme.dival.es\/wp-includes\/js\/wp-embed.min.js\n\/* ]]> *\/\n<\/script>\n","thumbnail_url":"https:\/\/turisme.dival.es\/wp-content\/uploads\/2022\/01\/Parque-Natural-Sierra-Calderona.jpg","thumbnail_width":898,"thumbnail_height":599,"description":"Il monte Calder\u00f3n, con 1838 metri sul livello del mare, \u00e8 la vetta pi\u00f9 alta della Comunit\u00e0 Valenciana. \u00c8 una vetta facilmente accessibile da cui poter ammirare panorami spettacolari, tra cui quello del dirupo de La Hoz. Oltre a offrire la possibilit\u00e0 di coronare la vetta della regione, il Rinc\u00f3n de Ademuz \u00e8 un\u2019ottima meta [&hellip;]"}

Visitare la vetta più alta della Comunità Valenciana &#060; Valencia Turismo

<blockquote class="wp-embedded-content" data-secret="FHUPU5qU4d"><a href="https://turisme.dival.es/it/propuestas/visitare-la-vetta-piu-alta-della-comunita-valenciana/">Visitare la vetta più alta della Comunità Valenciana</a></blockquote><iframe sandbox="allow-scripts" security="restricted" src="https://turisme.dival.es/it/propuestas/visitare-la-vetta-piu-alta-della-comunita-valenciana/embed/#?secret=FHUPU5qU4d" width="600" height="338" title="&#8220;Visitare la vetta più alta della Comunità Valenciana&#8221; &#8212; Valencia Turismo" data-secret="FHUPU5qU4d" frameborder="0" marginwidth="0" marginheight="0" scrolling="no" class="wp-embedded-content"></iframe><script type="text/javascript">
/* <![CDATA[ */
/*! This file is auto-generated */
!function(d,l){"use strict";l.querySelector&&d.addEventListener&&"undefined"!=typeof URL&&(d.wp=d.wp||{},d.wp.receiveEmbedMessage||(d.wp.receiveEmbedMessage=function(e){var t=e.data;if((t||t.secret||t.message||t.value)&&!/[^a-zA-Z0-9]/.test(t.secret)){for(var s,r,n,a=l.querySelectorAll('iframe[data-secret="'+t.secret+'"]'),o=l.querySelectorAll('blockquote[data-secret="'+t.secret+'"]'),c=new RegExp("^https?:$","i"),i=0;i<o.length;i++)o[i].style.display="none";for(i=0;i<a.length;i++)s=a[i],e.source===s.contentWindow&&(s.removeAttribute("style"),"height"===t.message?(1e3<(r=parseInt(t.value,10))?r=1e3:~~r<200&&(r=200),s.height=r):"link"===t.message&&(r=new URL(s.getAttribute("src")),n=new URL(t.value),c.test(n.protocol))&&n.host===r.host&&l.activeElement===s&&(d.top.location.href=t.value))}},d.addEventListener("message",d.wp.receiveEmbedMessage,!1),l.addEventListener("DOMContentLoaded",function(){for(var e,t,s=l.querySelectorAll("iframe.wp-embedded-content"),r=0;r<s.length;r++)(t=(e=s[r]).getAttribute("data-secret"))||(t=Math.random().toString(36).substring(2,12),e.src+="#?secret="+t,e.setAttribute("data-secret",t)),e.contentWindow.postMessage({message:"ready",secret:t},"*")},!1)))}(window,document);
//# sourceURL=https://turisme.dival.es/wp-includes/js/wp-embed.min.js
/* ]]> */
</script>

Il monte Calderón, con 1838 metri sul livello del mare, è la vetta più alta della Comunità Valenciana. È una vetta facilmente accessibile da cui poter ammirare panorami spettacolari, tra cui quello del dirupo de La Hoz. Oltre a offrire la possibilità di coronare la vetta della regione, il Rincón de Ademuz è un’ottima meta [&hellip;]
