{"id":99771,"date":"2024-02-26T21:16:40","date_gmt":"2024-02-26T21:16:40","guid":{"rendered":"https:\/\/turisme.dival.es\/destino\/la-vall-dalbaida\/"},"modified":"2024-03-25T15:30:41","modified_gmt":"2024-03-25T15:30:41","slug":"la-vall-dalbaida","status":"publish","type":"destino","link":"https:\/\/turisme.dival.es\/fr\/destino\/la-vall-dalbaida\/","title":{"rendered":"La Vall D&#8217;Albaida"},"featured_media":41740,"template":"","situacion":[2488],"class_list":["post-99771","destino","type-destino","status-publish","has-post-thumbnail","hentry","situacion-la-vall-dalbaida-fr"],"acf":{"titulo":"La Vall D'Albaida","subtitulo":"","situacion":"Interior","banner":[{"imagen_banner":41737,"video_del_banner":null}],"descripcion":"La r\u00e9gion se compose de 34 communes immerg\u00e9es dans une belle couronne de cha\u00eenes de montagnes, notamment le Benicadell, la Serra d'Agullent et la Serra Mariola. Elles offrent des vues splendides et des zones ombrag\u00e9es regorgeant de plantes aromatiques.\r\n\r\nIl convient de mentionner la ville de Bocairent, dont le quartier m\u00e9di\u00e9val, d\u00e9clar\u00e9 Site historique-artistique, est l'un des joyaux architecturaux de la province, ainsi que ses ar\u00e8nes, les plus anciennes de la Communaut\u00e9 de Val\u00e8ncia, ses mus\u00e9es, ses \u00e9nigmatiques Covetes dels Moros (Monument historique-artistique national), la Cava de Sant Blai (XVIe si\u00e8cle) et son patrimoine naturel, dont il faut retenir le Parc naturel de la Serra Mariola. Albaida poss\u00e8de un complexe historique form\u00e9 par l'\u00e9glise de l'Assomption et le Palau del Marquesat d'Albaida, ainsi que ses deux mus\u00e9es : Le Mus\u00e9e international de Titelles (unique au monde) et la Maison-mus\u00e9e du peintre Segrelles, ainsi qu'Ontinyent (la capitale r\u00e9gionale), principal centre de production textile de la Communaut\u00e9 valencienne, dont le quartier de La Vila et l'\u00e9glise de Santa Mar\u00eda (avec son impressionnant clocher), ses nombreux palais et ses mus\u00e9es, en font une r\u00e9gion tr\u00e8s appr\u00e9ci\u00e9e des touristes.","galeria-poblacion":"","descripcion_2":"","color":"#9b861b","fiestas":null,"gastronomia":null,"mas_informacion":null,"turist-info":null,"turist-info_rel":[74163,74117,74125,74140,74156,74127],"descargables":null,"localizacion_mapa":"<iframe src=\"https:\/\/www.google.com\/maps\/embed?pb=!1m18!1m12!1m3!1d397702.13140189316!2d-0.8547254618155264!3d38.85426050483828!2m3!1f0!2f0!3f0!3m2!1i1024!2i768!4f13.1!3m3!1m2!1s0xd619d0f6edaacc3%3A0x5db7b893ee4225ab!2sValle%20de%20Albaida%2C%20Valencia!5e0!3m2!1ses!2ses!4v1628229103431!5m2!1ses!2ses\" width=\"100%\" height=\"450\" style=\"border:0;\" allowfullscreen=\"\" loading=\"lazy\"><\/iframe>","destacados":null,"lugares_interes":null},"yoast_head":"<!-- This site is optimized with the Yoast SEO plugin v23.0 - https:\/\/yoast.com\/wordpress\/plugins\/seo\/ -->\n<title>Regione di Valencia La Vall d&#039;Albaida<\/title>\n<meta name=\"description\" content=\"Les Arabes appel\u00e8rent cette r\u00e9gion Vall Blanca (vall\u00e9e blanche) en raison de la couleur de la terre.\" \/>\n<meta name=\"robots\" content=\"index, follow, max-snippet:-1, max-image-preview:large, max-video-preview:-1\" \/>\n<link rel=\"canonical\" href=\"https:\/\/turisme.dival.es\/fr\/destino\/la-vall-dalbaida\/\" \/>\n<meta property=\"og:locale\" content=\"fr_FR\" \/>\n<meta property=\"og:type\" content=\"article\" \/>\n<meta property=\"og:title\" content=\"Regione di Valencia La Vall d&#039;Albaida\" \/>\n<meta property=\"og:description\" content=\"Les Arabes appel\u00e8rent cette r\u00e9gion Vall Blanca (vall\u00e9e blanche) en raison de la couleur de la terre.\" \/>\n<meta property=\"og:url\" content=\"https:\/\/turisme.dival.es\/fr\/destino\/la-vall-dalbaida\/\" \/>\n<meta property=\"og:site_name\" content=\"Valencia Turismo\" \/>\n<meta property=\"article:modified_time\" content=\"2024-03-25T15:30:41+00:00\" \/>\n<meta property=\"og:image\" content=\"https:\/\/turisme.dival.es\/wp-content\/uploads\/2022\/01\/Vall-Albaida_Albaida-Vista-general-Palau-dels-Mila\u0300-i-Arago\u0301.jpg\" \/>\n\t<meta property=\"og:image:width\" content=\"1984\" \/>\n\t<meta property=\"og:image:height\" content=\"1100\" \/>\n\t<meta property=\"og:image:type\" content=\"image\/jpeg\" \/>\n<meta name=\"twitter:card\" content=\"summary_large_image\" \/>\n<meta name=\"twitter:label1\" content=\"Est. reading time\" \/>\n\t<meta name=\"twitter:data1\" content=\"1 minute\" \/>\n<script type=\"application\/ld+json\" class=\"yoast-schema-graph\">{\"@context\":\"https:\/\/schema.org\",\"@graph\":[{\"@type\":\"WebPage\",\"@id\":\"https:\/\/turisme.dival.es\/fr\/destino\/la-vall-dalbaida\/\",\"url\":\"https:\/\/turisme.dival.es\/fr\/destino\/la-vall-dalbaida\/\",\"name\":\"Regione di Valencia La Vall d'Albaida\",\"isPartOf\":{\"@id\":\"https:\/\/turisme.dival.es\/#website\"},\"primaryImageOfPage\":{\"@id\":\"https:\/\/turisme.dival.es\/fr\/destino\/la-vall-dalbaida\/#primaryimage\"},\"image\":{\"@id\":\"https:\/\/turisme.dival.es\/fr\/destino\/la-vall-dalbaida\/#primaryimage\"},\"thumbnailUrl\":\"https:\/\/turisme.dival.es\/wp-content\/uploads\/2022\/01\/Vall-Albaida_Albaida-Vista-general-Palau-dels-Mila\u0300-i-Arago\u0301.jpg\",\"datePublished\":\"2024-02-26T21:16:40+00:00\",\"dateModified\":\"2024-03-25T15:30:41+00:00\",\"description\":\"Les Arabes appel\u00e8rent cette r\u00e9gion Vall Blanca (vall\u00e9e blanche) en raison de la couleur de la terre.\",\"inLanguage\":\"FR\",\"potentialAction\":[{\"@type\":\"ReadAction\",\"target\":[\"https:\/\/turisme.dival.es\/fr\/destino\/la-vall-dalbaida\/\"]}]},{\"@type\":\"ImageObject\",\"inLanguage\":\"FR\",\"@id\":\"https:\/\/turisme.dival.es\/fr\/destino\/la-vall-dalbaida\/#primaryimage\",\"url\":\"https:\/\/turisme.dival.es\/wp-content\/uploads\/2022\/01\/Vall-Albaida_Albaida-Vista-general-Palau-dels-Mila\u0300-i-Arago\u0301.jpg\",\"contentUrl\":\"https:\/\/turisme.dival.es\/wp-content\/uploads\/2022\/01\/Vall-Albaida_Albaida-Vista-general-Palau-dels-Mila\u0300-i-Arago\u0301.jpg\",\"width\":1984,\"height\":1100},{\"@type\":\"WebSite\",\"@id\":\"https:\/\/turisme.dival.es\/#website\",\"url\":\"https:\/\/turisme.dival.es\/\",\"name\":\"valenciaturismo.com.mialias.net\",\"description\":\"\",\"potentialAction\":[{\"@type\":\"SearchAction\",\"target\":{\"@type\":\"EntryPoint\",\"urlTemplate\":\"https:\/\/turisme.dival.es\/?s={search_term_string}\"},\"query-input\":\"required name=search_term_string\"}],\"inLanguage\":\"FR\"}]}<\/script>\n<!-- \/ Yoast SEO plugin. -->","yoast_head_json":{"title":"Regione di Valencia La Vall d'Albaida","description":"Les Arabes appel\u00e8rent cette r\u00e9gion Vall Blanca (vall\u00e9e blanche) en raison de la couleur de la terre.","robots":{"index":"index","follow":"follow","max-snippet":"max-snippet:-1","max-image-preview":"max-image-preview:large","max-video-preview":"max-video-preview:-1"},"canonical":"https:\/\/turisme.dival.es\/fr\/destino\/la-vall-dalbaida\/","og_locale":"fr_FR","og_type":"article","og_title":"Regione di Valencia La Vall d'Albaida","og_description":"Les Arabes appel\u00e8rent cette r\u00e9gion Vall Blanca (vall\u00e9e blanche) en raison de la couleur de la terre.","og_url":"https:\/\/turisme.dival.es\/fr\/destino\/la-vall-dalbaida\/","og_site_name":"Valencia Turismo","article_modified_time":"2024-03-25T15:30:41+00:00","og_image":[{"width":1984,"height":1100,"url":"https:\/\/turisme.dival.es\/wp-content\/uploads\/2022\/01\/Vall-Albaida_Albaida-Vista-general-Palau-dels-Mila\u0300-i-Arago\u0301.jpg","type":"image\/jpeg"}],"twitter_card":"summary_large_image","twitter_misc":{"Est. reading time":"1 minute"},"schema":{"@context":"https:\/\/schema.org","@graph":[{"@type":"WebPage","@id":"https:\/\/turisme.dival.es\/fr\/destino\/la-vall-dalbaida\/","url":"https:\/\/turisme.dival.es\/fr\/destino\/la-vall-dalbaida\/","name":"Regione di Valencia La Vall d'Albaida","isPartOf":{"@id":"https:\/\/turisme.dival.es\/#website"},"primaryImageOfPage":{"@id":"https:\/\/turisme.dival.es\/fr\/destino\/la-vall-dalbaida\/#primaryimage"},"image":{"@id":"https:\/\/turisme.dival.es\/fr\/destino\/la-vall-dalbaida\/#primaryimage"},"thumbnailUrl":"https:\/\/turisme.dival.es\/wp-content\/uploads\/2022\/01\/Vall-Albaida_Albaida-Vista-general-Palau-dels-Mila\u0300-i-Arago\u0301.jpg","datePublished":"2024-02-26T21:16:40+00:00","dateModified":"2024-03-25T15:30:41+00:00","description":"Les Arabes appel\u00e8rent cette r\u00e9gion Vall Blanca (vall\u00e9e blanche) en raison de la couleur de la terre.","inLanguage":"FR","potentialAction":[{"@type":"ReadAction","target":["https:\/\/turisme.dival.es\/fr\/destino\/la-vall-dalbaida\/"]}]},{"@type":"ImageObject","inLanguage":"FR","@id":"https:\/\/turisme.dival.es\/fr\/destino\/la-vall-dalbaida\/#primaryimage","url":"https:\/\/turisme.dival.es\/wp-content\/uploads\/2022\/01\/Vall-Albaida_Albaida-Vista-general-Palau-dels-Mila\u0300-i-Arago\u0301.jpg","contentUrl":"https:\/\/turisme.dival.es\/wp-content\/uploads\/2022\/01\/Vall-Albaida_Albaida-Vista-general-Palau-dels-Mila\u0300-i-Arago\u0301.jpg","width":1984,"height":1100},{"@type":"WebSite","@id":"https:\/\/turisme.dival.es\/#website","url":"https:\/\/turisme.dival.es\/","name":"valenciaturismo.com.mialias.net","description":"","potentialAction":[{"@type":"SearchAction","target":{"@type":"EntryPoint","urlTemplate":"https:\/\/turisme.dival.es\/?s={search_term_string}"},"query-input":"required name=search_term_string"}],"inLanguage":"FR"}]}},"_links":{"self":[{"href":"https:\/\/turisme.dival.es\/fr\/wp-json\/wp\/v2\/destino\/99771","targetHints":{"allow":["GET"]}}],"collection":[{"href":"https:\/\/turisme.dival.es\/fr\/wp-json\/wp\/v2\/destino"}],"about":[{"href":"https:\/\/turisme.dival.es\/fr\/wp-json\/wp\/v2\/types\/destino"}],"acf:post":[{"embeddable":true,"href":"https:\/\/turisme.dival.es\/fr\/wp-json\/wp\/v2\/turist_info\/74127"},{"embeddable":true,"href":"https:\/\/turisme.dival.es\/fr\/wp-json\/wp\/v2\/turist_info\/74156"},{"embeddable":true,"href":"https:\/\/turisme.dival.es\/fr\/wp-json\/wp\/v2\/turist_info\/74140"},{"embeddable":true,"href":"https:\/\/turisme.dival.es\/fr\/wp-json\/wp\/v2\/turist_info\/74125"},{"embeddable":true,"href":"https:\/\/turisme.dival.es\/fr\/wp-json\/wp\/v2\/turist_info\/74117"},{"embeddable":true,"href":"https:\/\/turisme.dival.es\/fr\/wp-json\/wp\/v2\/turist_info\/74163"}],"wp:featuredmedia":[{"embeddable":true,"href":"https:\/\/turisme.dival.es\/fr\/wp-json\/wp\/v2\/media\/41740"}],"wp:attachment":[{"href":"https:\/\/turisme.dival.es\/fr\/wp-json\/wp\/v2\/media?parent=99771"}],"wp:term":[{"taxonomy":"situacion","embeddable":true,"href":"https:\/\/turisme.dival.es\/fr\/wp-json\/wp\/v2\/situacion?post=99771"}],"curies":[{"name":"wp","href":"https:\/\/api.w.org\/{rel}","templated":true}]}}

La région se compose de 34 communes immergées dans une belle couronne de chaînes de montagnes, notamment le Benicadell, la Serra d'Agullent et la Serra Mariola. Elles offrent des vues splendides et des zones ombragées regorgeant de plantes aromatiques.

Il convient de mentionner la ville de Bocairent, dont le quartier médiéval, déclaré Site historique-artistique, est l'un des joyaux architecturaux de la province, ainsi que ses arènes, les plus anciennes de la Communauté de València, ses musées, ses énigmatiques Covetes dels Moros (Monument historique-artistique national), la Cava de Sant Blai (XVIe siècle) et son patrimoine naturel, dont il faut retenir le Parc naturel de la Serra Mariola. Albaida possède un complexe historique formé par l'église de l'Assomption et le Palau del Marquesat d'Albaida, ainsi que ses deux musées : Le Musée international de Titelles (unique au monde) et la Maison-musée du peintre Segrelles, ainsi qu'Ontinyent (la capitale régionale), principal centre de production textile de la Communauté valencienne, dont le quartier de La Vila et l'église de Santa María (avec son impressionnant clocher), ses nombreux palais et ses musées, en font une région très appréciée des touristes.

<!-- This site is optimized with the Yoast SEO plugin v23.0 - https://yoast.com/wordpress/plugins/seo/ -->
<title>Regione di Valencia La Vall d&#039;Albaida</title>
<meta name="description" content="Les Arabes appelèrent cette région Vall Blanca (vallée blanche) en raison de la couleur de la terre." />
<meta name="robots" content="index, follow, max-snippet:-1, max-image-preview:large, max-video-preview:-1" />
<link rel="canonical" href="https://turisme.dival.es/fr/destino/la-vall-dalbaida/" />
<meta property="og:locale" content="fr_FR" />
<meta property="og:type" content="article" />
<meta property="og:title" content="Regione di Valencia La Vall d&#039;Albaida" />
<meta property="og:description" content="Les Arabes appelèrent cette région Vall Blanca (vallée blanche) en raison de la couleur de la terre." />
<meta property="og:url" content="https://turisme.dival.es/fr/destino/la-vall-dalbaida/" />
<meta property="og:site_name" content="Valencia Turismo" />
<meta property="article:modified_time" content="2024-03-25T15:30:41+00:00" />
<meta property="og:image" content="https://turisme.dival.es/wp-content/uploads/2022/01/Vall-Albaida_Albaida-Vista-general-Palau-dels-Milà-i-Aragó.jpg" />
	<meta property="og:image:width" content="1984" />
	<meta property="og:image:height" content="1100" />
	<meta property="og:image:type" content="image/jpeg" />
<meta name="twitter:card" content="summary_large_image" />
<meta name="twitter:label1" content="Est. reading time" />
	<meta name="twitter:data1" content="1 minute" />
<script type="application/ld+json" class="yoast-schema-graph">{"@context":"https://schema.org","@graph":[{"@type":"WebPage","@id":"https://turisme.dival.es/fr/destino/la-vall-dalbaida/","url":"https://turisme.dival.es/fr/destino/la-vall-dalbaida/","name":"Regione di Valencia La Vall d'Albaida","isPartOf":{"@id":"https://turisme.dival.es/#website"},"primaryImageOfPage":{"@id":"https://turisme.dival.es/fr/destino/la-vall-dalbaida/#primaryimage"},"image":{"@id":"https://turisme.dival.es/fr/destino/la-vall-dalbaida/#primaryimage"},"thumbnailUrl":"https://turisme.dival.es/wp-content/uploads/2022/01/Vall-Albaida_Albaida-Vista-general-Palau-dels-Milà-i-Aragó.jpg","datePublished":"2024-02-26T21:16:40+00:00","dateModified":"2024-03-25T15:30:41+00:00","description":"Les Arabes appelèrent cette région Vall Blanca (vallée blanche) en raison de la couleur de la terre.","inLanguage":"FR","potentialAction":[{"@type":"ReadAction","target":["https://turisme.dival.es/fr/destino/la-vall-dalbaida/"]}]},{"@type":"ImageObject","inLanguage":"FR","@id":"https://turisme.dival.es/fr/destino/la-vall-dalbaida/#primaryimage","url":"https://turisme.dival.es/wp-content/uploads/2022/01/Vall-Albaida_Albaida-Vista-general-Palau-dels-Milà-i-Aragó.jpg","contentUrl":"https://turisme.dival.es/wp-content/uploads/2022/01/Vall-Albaida_Albaida-Vista-general-Palau-dels-Milà-i-Aragó.jpg","width":1984,"height":1100},{"@type":"WebSite","@id":"https://turisme.dival.es/#website","url":"https://turisme.dival.es/","name":"valenciaturismo.com.mialias.net","description":"","potentialAction":[{"@type":"SearchAction","target":{"@type":"EntryPoint","urlTemplate":"https://turisme.dival.es/?s={search_term_string}"},"query-input":"required name=search_term_string"}],"inLanguage":"FR"}]}</script>
<!-- / Yoast SEO plugin. -->

Les Arabes appelèrent cette région Vall Blanca (vallée blanche) en raison de la couleur de la terre.
