{"id":99765,"date":"2024-02-26T18:44:28","date_gmt":"2024-02-26T18:44:28","guid":{"rendered":"https:\/\/turisme.dival.es\/destino\/el-rincon-de-ademuz\/"},"modified":"2024-03-25T16:09:57","modified_gmt":"2024-03-25T16:09:57","slug":"el-rincon-de-ademuz","status":"publish","type":"destino","link":"https:\/\/turisme.dival.es\/fr\/destino\/el-rincon-de-ademuz\/","title":{"rendered":"El Rinc\u00f3n de Adem\u00faz"},"featured_media":0,"template":"","situacion":[2482],"class_list":["post-99765","destino","type-destino","status-publish","hentry","situacion-el-rincon-de-ademuz-fr"],"acf":{"titulo":"El Rinc\u00f3n de Adem\u00faz","subtitulo":"","situacion":"Interior","banner":[{"imagen_banner":1094,"video_del_banner":null}],"descripcion":"<p class=\"p1\">En raison de son altitude \u00e9lev\u00e9e, le climat est froid en hiver et tr\u00e8s agr\u00e9able en \u00e9t\u00e9, ce qui fait du Rinc\u00f3n un lieu tr\u00e8s appr\u00e9ci\u00e9 pour la randonn\u00e9e. L'architecture de ses villages, comme Ademuz ou La Puebla de San Miguel, se distingue par son caract\u00e8re unique : balcons en bois, vieux moulins \u00e0 eau, ermitages ou \u00e9glises fortifi\u00e9es. <span class=\"s1\">Signalons notamment l'ermitage de style roman de la Virgen de la Huerta et l'\u00e9glise de San Pedro et San Pablo \u00e0 Ademuz, l'\u00e9glise-forteresse de la Virgen de los \u00c1ngeles \u00e0 Castielfabib et le mus\u00e9e ethnologique de la Puebla de San Miguel.<\/span><\/p>","galeria-poblacion":[26568],"descripcion_2":"","color":"#9b861b","fiestas":null,"gastronomia":null,"mas_informacion":null,"turist-info":[{"nombre_oficina":"Office de tourisme de Rinc\u00f3n de Ademuz","datos_oficina":"<ul>\r\n \t<li>Plaza de la Villa, 1 Castielfabib<\/li>\r\n \t<li>Telf: 97 878 31 00<\/li>\r\n \t<li>E-mail: <a href=\"mailto:rinconademuz@touristinfo.net\">rinconademuz@touristinfo.net<\/a> <a href=\"mailto:turismo@castielfabib.es\">turismo@castielfabib.es<\/a> <a href=\"mailto:touristinfo_rinconademuz@gva.es\">touristinfo_rinconademuz@gva.es<\/a><\/li>\r\n \t<li>Web: <a href=\"https:\/\/www.castielfabib.es\/\">www.castielfabib.es<\/a> Horaires : Matin : du lundi au vendredi de 9h30 \u00e0 14h00. Visites guid\u00e9es du centre historique de Castielfabib tous les samedis \u00e0 11h30.<\/li>\r\n<\/ul>"},{"nombre_oficina":"Tourist Info Ademuz","datos_oficina":"<ul>\r\n \t<li>Calle Fuente Vieja 10 Ademuz<\/li>\r\n \t<li>Telf: 978782267 \/ 673505131<\/li>\r\n \t<li>E-mail: <a href=\"mailto:ademuz@touristinfo.net\">ademuz@touristinfo.net<\/a> <a href=\"mailto:touristinfo_ademuz@gva.es\">touristinfo_ademuz@gva.es <\/a><\/li>\r\n \t<li>Horaires: Matin: du lundi au dimanche, de 10h \u00e0 14h vendredi et samedi apr\u00e8s-midi, de 10h: 00 \u00e0 14h00 et de 16h30 \u00e0 18h30.<\/li>\r\n<\/ul>"}],"turist-info_rel":74119,"descargables":null,"localizacion_mapa":"<iframe src=\"https:\/\/www.google.com\/maps\/embed?pb=!1m18!1m12!1m3!1d195311.9933045643!2d-1.4045520608546709!3d40.10328887258545!2m3!1f0!2f0!3f0!3m2!1i1024!2i768!4f13.1!3m3!1m2!1s0xd5dfcf15b2f4b49%3A0x89c444125c6cf6ea!2sRinc%C3%B3n%20de%20Ademuz%2C%20Valencia!5e0!3m2!1ses!2ses!4v1627376967225!5m2!1ses!2ses\" width=\"100%\" height=\"450\" style=\"border:0;\" allowfullscreen=\"\" loading=\"lazy\"><\/iframe>","destacados":null,"lugares_interes":null},"yoast_head":"<!-- This site is optimized with the Yoast SEO plugin v23.0 - https:\/\/yoast.com\/wordpress\/plugins\/seo\/ -->\n<title>R\u00e9gion de El Rinc\u00f3n de Ademuz<\/title>\n<meta name=\"description\" content=\"Il s&#039;agit de la seule r\u00e9gion qui constitue une \u00eele valencienne situ\u00e9e entre les terres d&#039;Aragon et de Castille-La Manche.\" \/>\n<meta name=\"robots\" content=\"index, follow, max-snippet:-1, max-image-preview:large, max-video-preview:-1\" \/>\n<link rel=\"canonical\" href=\"https:\/\/turisme.dival.es\/fr\/destino\/el-rincon-de-ademuz\/\" \/>\n<meta property=\"og:locale\" content=\"fr_FR\" \/>\n<meta property=\"og:type\" content=\"article\" \/>\n<meta property=\"og:title\" content=\"R\u00e9gion de El Rinc\u00f3n de Ademuz\" \/>\n<meta property=\"og:description\" content=\"Il s&#039;agit de la seule r\u00e9gion qui constitue une \u00eele valencienne situ\u00e9e entre les terres d&#039;Aragon et de Castille-La Manche.\" \/>\n<meta property=\"og:url\" content=\"https:\/\/turisme.dival.es\/fr\/destino\/el-rincon-de-ademuz\/\" \/>\n<meta property=\"og:site_name\" content=\"Valencia Turismo\" \/>\n<meta property=\"article:modified_time\" content=\"2024-03-25T16:09:57+00:00\" \/>\n<meta name=\"twitter:card\" content=\"summary_large_image\" \/>\n<script type=\"application\/ld+json\" class=\"yoast-schema-graph\">{\"@context\":\"https:\/\/schema.org\",\"@graph\":[{\"@type\":\"WebPage\",\"@id\":\"https:\/\/turisme.dival.es\/fr\/destino\/el-rincon-de-ademuz\/\",\"url\":\"https:\/\/turisme.dival.es\/fr\/destino\/el-rincon-de-ademuz\/\",\"name\":\"R\u00e9gion de El Rinc\u00f3n de Ademuz\",\"isPartOf\":{\"@id\":\"https:\/\/turisme.dival.es\/#website\"},\"datePublished\":\"2024-02-26T18:44:28+00:00\",\"dateModified\":\"2024-03-25T16:09:57+00:00\",\"description\":\"Il s'agit de la seule r\u00e9gion qui constitue une \u00eele valencienne situ\u00e9e entre les terres d'Aragon et de Castille-La Manche.\",\"inLanguage\":\"FR\",\"potentialAction\":[{\"@type\":\"ReadAction\",\"target\":[\"https:\/\/turisme.dival.es\/fr\/destino\/el-rincon-de-ademuz\/\"]}]},{\"@type\":\"WebSite\",\"@id\":\"https:\/\/turisme.dival.es\/#website\",\"url\":\"https:\/\/turisme.dival.es\/\",\"name\":\"valenciaturismo.com.mialias.net\",\"description\":\"\",\"potentialAction\":[{\"@type\":\"SearchAction\",\"target\":{\"@type\":\"EntryPoint\",\"urlTemplate\":\"https:\/\/turisme.dival.es\/?s={search_term_string}\"},\"query-input\":\"required name=search_term_string\"}],\"inLanguage\":\"FR\"}]}<\/script>\n<!-- \/ Yoast SEO plugin. -->","yoast_head_json":{"title":"R\u00e9gion de El Rinc\u00f3n de Ademuz","description":"Il s'agit de la seule r\u00e9gion qui constitue une \u00eele valencienne situ\u00e9e entre les terres d'Aragon et de Castille-La Manche.","robots":{"index":"index","follow":"follow","max-snippet":"max-snippet:-1","max-image-preview":"max-image-preview:large","max-video-preview":"max-video-preview:-1"},"canonical":"https:\/\/turisme.dival.es\/fr\/destino\/el-rincon-de-ademuz\/","og_locale":"fr_FR","og_type":"article","og_title":"R\u00e9gion de El Rinc\u00f3n de Ademuz","og_description":"Il s'agit de la seule r\u00e9gion qui constitue une \u00eele valencienne situ\u00e9e entre les terres d'Aragon et de Castille-La Manche.","og_url":"https:\/\/turisme.dival.es\/fr\/destino\/el-rincon-de-ademuz\/","og_site_name":"Valencia Turismo","article_modified_time":"2024-03-25T16:09:57+00:00","twitter_card":"summary_large_image","schema":{"@context":"https:\/\/schema.org","@graph":[{"@type":"WebPage","@id":"https:\/\/turisme.dival.es\/fr\/destino\/el-rincon-de-ademuz\/","url":"https:\/\/turisme.dival.es\/fr\/destino\/el-rincon-de-ademuz\/","name":"R\u00e9gion de El Rinc\u00f3n de Ademuz","isPartOf":{"@id":"https:\/\/turisme.dival.es\/#website"},"datePublished":"2024-02-26T18:44:28+00:00","dateModified":"2024-03-25T16:09:57+00:00","description":"Il s'agit de la seule r\u00e9gion qui constitue une \u00eele valencienne situ\u00e9e entre les terres d'Aragon et de Castille-La Manche.","inLanguage":"FR","potentialAction":[{"@type":"ReadAction","target":["https:\/\/turisme.dival.es\/fr\/destino\/el-rincon-de-ademuz\/"]}]},{"@type":"WebSite","@id":"https:\/\/turisme.dival.es\/#website","url":"https:\/\/turisme.dival.es\/","name":"valenciaturismo.com.mialias.net","description":"","potentialAction":[{"@type":"SearchAction","target":{"@type":"EntryPoint","urlTemplate":"https:\/\/turisme.dival.es\/?s={search_term_string}"},"query-input":"required name=search_term_string"}],"inLanguage":"FR"}]}},"_links":{"self":[{"href":"https:\/\/turisme.dival.es\/fr\/wp-json\/wp\/v2\/destino\/99765","targetHints":{"allow":["GET"]}}],"collection":[{"href":"https:\/\/turisme.dival.es\/fr\/wp-json\/wp\/v2\/destino"}],"about":[{"href":"https:\/\/turisme.dival.es\/fr\/wp-json\/wp\/v2\/types\/destino"}],"acf:post":[{"embeddable":true,"href":"https:\/\/turisme.dival.es\/fr\/wp-json\/wp\/v2\/turist_info\/74119"}],"acf:attachment":[{"embeddable":true,"href":"https:\/\/turisme.dival.es\/fr\/wp-json\/wp\/v2\/media\/26568"}],"wp:attachment":[{"href":"https:\/\/turisme.dival.es\/fr\/wp-json\/wp\/v2\/media?parent=99765"}],"wp:term":[{"taxonomy":"situacion","embeddable":true,"href":"https:\/\/turisme.dival.es\/fr\/wp-json\/wp\/v2\/situacion?post=99765"}],"curies":[{"name":"wp","href":"https:\/\/api.w.org\/{rel}","templated":true}]}}

El Rincón de Ademúz

<p class="p1">En raison de son altitude élevée, le climat est froid en hiver et très agréable en été, ce qui fait du Rincón un lieu très apprécié pour la randonnée. L'architecture de ses villages, comme Ademuz ou La Puebla de San Miguel, se distingue par son caractère unique : balcons en bois, vieux moulins à eau, ermitages ou églises fortifiées. <span class="s1">Signalons notamment l'ermitage de style roman de la Virgen de la Huerta et l'église de San Pedro et San Pablo à Ademuz, l'église-forteresse de la Virgen de los Ángeles à Castielfabib et le musée ethnologique de la Puebla de San Miguel.</span></p>

Office de tourisme de Rincón de Ademuz

<ul>
 	<li>Plaza de la Villa, 1 Castielfabib</li>
 	<li>Telf: 97 878 31 00</li>
 	<li>E-mail: <a href="mailto:rinconademuz@touristinfo.net">rinconademuz@touristinfo.net</a> <a href="mailto:turismo@castielfabib.es">turismo@castielfabib.es</a> <a href="mailto:touristinfo_rinconademuz@gva.es">touristinfo_rinconademuz@gva.es</a></li>
 	<li>Web: <a href="https://www.castielfabib.es/">www.castielfabib.es</a> Horaires : Matin : du lundi au vendredi de 9h30 à 14h00. Visites guidées du centre historique de Castielfabib tous les samedis à 11h30.</li>
</ul>

<ul>
 	<li>Calle Fuente Vieja 10 Ademuz</li>
 	<li>Telf: 978782267 / 673505131</li>
 	<li>E-mail: <a href="mailto:ademuz@touristinfo.net">ademuz@touristinfo.net</a> <a href="mailto:touristinfo_ademuz@gva.es">touristinfo_ademuz@gva.es </a></li>
 	<li>Horaires: Matin: du lundi au dimanche, de 10h à 14h vendredi et samedi après-midi, de 10h: 00 à 14h00 et de 16h30 à 18h30.</li>
</ul>

<!-- This site is optimized with the Yoast SEO plugin v23.0 - https://yoast.com/wordpress/plugins/seo/ -->
<title>Région de El Rincón de Ademuz</title>
<meta name="description" content="Il s&#039;agit de la seule région qui constitue une île valencienne située entre les terres d&#039;Aragon et de Castille-La Manche." />
<meta name="robots" content="index, follow, max-snippet:-1, max-image-preview:large, max-video-preview:-1" />
<link rel="canonical" href="https://turisme.dival.es/fr/destino/el-rincon-de-ademuz/" />
<meta property="og:locale" content="fr_FR" />
<meta property="og:type" content="article" />
<meta property="og:title" content="Région de El Rincón de Ademuz" />
<meta property="og:description" content="Il s&#039;agit de la seule région qui constitue une île valencienne située entre les terres d&#039;Aragon et de Castille-La Manche." />
<meta property="og:url" content="https://turisme.dival.es/fr/destino/el-rincon-de-ademuz/" />
<meta property="og:site_name" content="Valencia Turismo" />
<meta property="article:modified_time" content="2024-03-25T16:09:57+00:00" />
<meta name="twitter:card" content="summary_large_image" />
<script type="application/ld+json" class="yoast-schema-graph">{"@context":"https://schema.org","@graph":[{"@type":"WebPage","@id":"https://turisme.dival.es/fr/destino/el-rincon-de-ademuz/","url":"https://turisme.dival.es/fr/destino/el-rincon-de-ademuz/","name":"Région de El Rincón de Ademuz","isPartOf":{"@id":"https://turisme.dival.es/#website"},"datePublished":"2024-02-26T18:44:28+00:00","dateModified":"2024-03-25T16:09:57+00:00","description":"Il s'agit de la seule région qui constitue une île valencienne située entre les terres d'Aragon et de Castille-La Manche.","inLanguage":"FR","potentialAction":[{"@type":"ReadAction","target":["https://turisme.dival.es/fr/destino/el-rincon-de-ademuz/"]}]},{"@type":"WebSite","@id":"https://turisme.dival.es/#website","url":"https://turisme.dival.es/","name":"valenciaturismo.com.mialias.net","description":"","potentialAction":[{"@type":"SearchAction","target":{"@type":"EntryPoint","urlTemplate":"https://turisme.dival.es/?s={search_term_string}"},"query-input":"required name=search_term_string"}],"inLanguage":"FR"}]}</script>
<!-- / Yoast SEO plugin. -->

Région de El Rincón de Ademuz

Il s'agit de la seule région qui constitue une île valencienne située entre les terres d'Aragon et de Castille-La Manche.
