{"id":69879,"date":"2021-09-17T10:37:56","date_gmt":"2021-09-17T10:37:56","guid":{"rendered":"https:\/\/turisme.dival.es\/destino\/carcer\/"},"modified":"2022-01-18T10:55:11","modified_gmt":"2022-01-18T10:55:11","slug":"carcer","status":"publish","type":"destino","link":"https:\/\/turisme.dival.es\/en\/destino\/carcer\/","title":{"rendered":"C\u00e0rcer"},"featured_media":89335,"template":"","situacion":[2104,1969],"class_list":["post-69879","destino","type-destino","status-publish","has-post-thumbnail","hentry","situacion-carcer-en","situacion-la-ribera-alta-en"],"acf":{"titulo":"C\u00e0rcer","subtitulo":"","situacion":"Interior","banner":[{"imagen_banner":69884,"video_del_banner":null}],"descripcion":"The municipality of C\u00e1rcer has a population of about 2,000 inhabitants. Its lands are watered by the River J\u00facar to the north and by the River Sellent to the west. Its economy is based on agriculture, especially the cultivation and commercialization of oranges. Due to urban development, the centre of C\u00e0rcer is attached to the neighbouring municipality, Alc\u00e1ntara of J\u00facar, forming a joint conurbation of approximately 3,400 inhabitants.","galeria-poblacion":"","descripcion_2":"<h4>Gastronomy:<\/h4>\r\nPaella, \u201cfideu\u00e0\u201d (noodles), \u201cgazpachos\u201d and stews are the most representative dishes of the local gastronomy.\r\n<h4>Places of interest:<\/h4>\r\nC\u00e0rcer\u2019s most outstanding monuments include the parish church of the Assumption (18th century), the \u201cSan Roque\u201d neighbourhood, an old part of the town consisting of narrow, cobbled streets; the remains of \u201cL\u2019Arca\u201d, an aqueduct that was restored after the floods of October 1982. The mouth of the River Sellent forms an interesting natural landscape.\r\n<h4>Festivities:<\/h4>\r\nMoors and Christian festivities are held at the beginning of September. During the second fortnight of the month, the village\u2019s main festivities are held in honour of Saint Isidore the Farmer, Our Lady of Grace and the Christ of Agony.","color":"#9b861b","fiestas":null,"gastronomia":null,"mas_informacion":null,"turist-info":[{"nombre_oficina":"Tourist Info Alzira","datos_oficina":"Plaza del Reino\r\n46600, Alzira\r\nTel.: 962419551\r\nEmail: <a href=\"mailto:alzira@touristinfo.net\">alzira@touristinfo.net<\/a>"}],"turist-info_rel":75579,"descargables":null,"localizacion_mapa":"<iframe src=\"https:\/\/www.google.com\/maps\/embed?pb=!1m18!1m12!1m3!1d24784.060313236787!2d-0.5929579242814055!3d39.0607423576034!2m3!1f0!2f0!3f0!3m2!1i1024!2i768!4f13.1!3m3!1m2!1s0xd61a0cf085938b7%3A0x402af6ed7238450!2sC%C3%A1rcer%2C%20Valencia!5e0!3m2!1ses!2ses!4v1632732867966!5m2!1ses!2ses\" width=\"100%\" height=\"450\" style=\"border:0;\" allowfullscreen=\"\" loading=\"lazy\"><\/iframe>","destacados":null,"lugares_interes":null},"yoast_head":"<!-- This site is optimized with the Yoast SEO plugin v23.0 - https:\/\/yoast.com\/wordpress\/plugins\/seo\/ -->\n<title>C\u00e0rcer &#060; Valencia Turismo<\/title>\n<meta name=\"robots\" content=\"index, follow, max-snippet:-1, max-image-preview:large, max-video-preview:-1\" \/>\n<link rel=\"canonical\" href=\"https:\/\/turisme.dival.es\/en\/destino\/carcer\/\" \/>\n<meta property=\"og:locale\" content=\"en_US\" \/>\n<meta property=\"og:type\" content=\"article\" \/>\n<meta property=\"og:title\" content=\"C\u00e0rcer &#060; Valencia Turismo\" \/>\n<meta property=\"og:url\" content=\"https:\/\/turisme.dival.es\/en\/destino\/carcer\/\" \/>\n<meta property=\"og:site_name\" content=\"Valencia Turismo\" \/>\n<meta property=\"article:modified_time\" content=\"2022-01-18T10:55:11+00:00\" \/>\n<meta property=\"og:image\" content=\"https:\/\/turisme.dival.es\/wp-content\/uploads\/2021\/09\/Carcer-Parroquia-Nuestra-Sen\u0303ora-de-Asuncion-2.jpg\" \/>\n\t<meta property=\"og:image:width\" content=\"1280\" \/>\n\t<meta property=\"og:image:height\" content=\"1920\" \/>\n\t<meta property=\"og:image:type\" content=\"image\/jpeg\" \/>\n<meta name=\"twitter:card\" content=\"summary_large_image\" \/>\n<script type=\"application\/ld+json\" class=\"yoast-schema-graph\">{\"@context\":\"https:\/\/schema.org\",\"@graph\":[{\"@type\":\"WebPage\",\"@id\":\"https:\/\/turisme.dival.es\/en\/destino\/carcer\/\",\"url\":\"https:\/\/turisme.dival.es\/en\/destino\/carcer\/\",\"name\":\"C\u00e0rcer &#060; Valencia Turismo\",\"isPartOf\":{\"@id\":\"https:\/\/turisme.dival.es\/#website\"},\"primaryImageOfPage\":{\"@id\":\"https:\/\/turisme.dival.es\/en\/destino\/carcer\/#primaryimage\"},\"image\":{\"@id\":\"https:\/\/turisme.dival.es\/en\/destino\/carcer\/#primaryimage\"},\"thumbnailUrl\":\"https:\/\/turisme.dival.es\/wp-content\/uploads\/2021\/09\/2.1.-PLACA-COMUNITAT-VALENCIANA.jpg\",\"datePublished\":\"2021-09-17T10:37:56+00:00\",\"dateModified\":\"2022-01-18T10:55:11+00:00\",\"inLanguage\":\"EN\",\"potentialAction\":[{\"@type\":\"ReadAction\",\"target\":[\"https:\/\/turisme.dival.es\/en\/destino\/carcer\/\"]}]},{\"@type\":\"ImageObject\",\"inLanguage\":\"EN\",\"@id\":\"https:\/\/turisme.dival.es\/en\/destino\/carcer\/#primaryimage\",\"url\":\"https:\/\/turisme.dival.es\/wp-content\/uploads\/2021\/09\/2.1.-PLACA-COMUNITAT-VALENCIANA.jpg\",\"contentUrl\":\"https:\/\/turisme.dival.es\/wp-content\/uploads\/2021\/09\/2.1.-PLACA-COMUNITAT-VALENCIANA.jpg\",\"width\":1620,\"height\":1080},{\"@type\":\"WebSite\",\"@id\":\"https:\/\/turisme.dival.es\/#website\",\"url\":\"https:\/\/turisme.dival.es\/\",\"name\":\"valenciaturismo.com.mialias.net\",\"description\":\"\",\"potentialAction\":[{\"@type\":\"SearchAction\",\"target\":{\"@type\":\"EntryPoint\",\"urlTemplate\":\"https:\/\/turisme.dival.es\/?s={search_term_string}\"},\"query-input\":\"required name=search_term_string\"}],\"inLanguage\":\"EN\"}]}<\/script>\n<!-- \/ Yoast SEO plugin. -->","yoast_head_json":{"title":"C\u00e0rcer &#060; Valencia Turismo","robots":{"index":"index","follow":"follow","max-snippet":"max-snippet:-1","max-image-preview":"max-image-preview:large","max-video-preview":"max-video-preview:-1"},"canonical":"https:\/\/turisme.dival.es\/en\/destino\/carcer\/","og_locale":"en_US","og_type":"article","og_title":"C\u00e0rcer &#060; Valencia Turismo","og_url":"https:\/\/turisme.dival.es\/en\/destino\/carcer\/","og_site_name":"Valencia Turismo","article_modified_time":"2022-01-18T10:55:11+00:00","og_image":[{"width":1280,"height":1920,"url":"https:\/\/turisme.dival.es\/wp-content\/uploads\/2021\/09\/Carcer-Parroquia-Nuestra-Sen\u0303ora-de-Asuncion-2.jpg","type":"image\/jpeg"}],"twitter_card":"summary_large_image","schema":{"@context":"https:\/\/schema.org","@graph":[{"@type":"WebPage","@id":"https:\/\/turisme.dival.es\/en\/destino\/carcer\/","url":"https:\/\/turisme.dival.es\/en\/destino\/carcer\/","name":"C\u00e0rcer &#060; Valencia Turismo","isPartOf":{"@id":"https:\/\/turisme.dival.es\/#website"},"primaryImageOfPage":{"@id":"https:\/\/turisme.dival.es\/en\/destino\/carcer\/#primaryimage"},"image":{"@id":"https:\/\/turisme.dival.es\/en\/destino\/carcer\/#primaryimage"},"thumbnailUrl":"https:\/\/turisme.dival.es\/wp-content\/uploads\/2021\/09\/2.1.-PLACA-COMUNITAT-VALENCIANA.jpg","datePublished":"2021-09-17T10:37:56+00:00","dateModified":"2022-01-18T10:55:11+00:00","inLanguage":"EN","potentialAction":[{"@type":"ReadAction","target":["https:\/\/turisme.dival.es\/en\/destino\/carcer\/"]}]},{"@type":"ImageObject","inLanguage":"EN","@id":"https:\/\/turisme.dival.es\/en\/destino\/carcer\/#primaryimage","url":"https:\/\/turisme.dival.es\/wp-content\/uploads\/2021\/09\/2.1.-PLACA-COMUNITAT-VALENCIANA.jpg","contentUrl":"https:\/\/turisme.dival.es\/wp-content\/uploads\/2021\/09\/2.1.-PLACA-COMUNITAT-VALENCIANA.jpg","width":1620,"height":1080},{"@type":"WebSite","@id":"https:\/\/turisme.dival.es\/#website","url":"https:\/\/turisme.dival.es\/","name":"valenciaturismo.com.mialias.net","description":"","potentialAction":[{"@type":"SearchAction","target":{"@type":"EntryPoint","urlTemplate":"https:\/\/turisme.dival.es\/?s={search_term_string}"},"query-input":"required name=search_term_string"}],"inLanguage":"EN"}]}},"_links":{"self":[{"href":"https:\/\/turisme.dival.es\/en\/wp-json\/wp\/v2\/destino\/69879","targetHints":{"allow":["GET"]}}],"collection":[{"href":"https:\/\/turisme.dival.es\/en\/wp-json\/wp\/v2\/destino"}],"about":[{"href":"https:\/\/turisme.dival.es\/en\/wp-json\/wp\/v2\/types\/destino"}],"acf:post":[{"embeddable":true,"href":"https:\/\/turisme.dival.es\/en\/wp-json\/wp\/v2\/turist_info\/75579"}],"wp:featuredmedia":[{"embeddable":true,"href":"https:\/\/turisme.dival.es\/en\/wp-json\/wp\/v2\/media\/89335"}],"wp:attachment":[{"href":"https:\/\/turisme.dival.es\/en\/wp-json\/wp\/v2\/media?parent=69879"}],"wp:term":[{"taxonomy":"situacion","embeddable":true,"href":"https:\/\/turisme.dival.es\/en\/wp-json\/wp\/v2\/situacion?post=69879"}],"curies":[{"name":"wp","href":"https:\/\/api.w.org\/{rel}","templated":true}]}}

Càrcer

The municipality of Cárcer has a population of about 2,000 inhabitants. Its lands are watered by the River Júcar to the north and by the River Sellent to the west. Its economy is based on agriculture, especially the cultivation and commercialization of oranges. Due to urban development, the centre of Càrcer is attached to the neighbouring municipality, Alcántara of Júcar, forming a joint conurbation of approximately 3,400 inhabitants.

<h4>Gastronomy:</h4>
Paella, “fideuà” (noodles), “gazpachos” and stews are the most representative dishes of the local gastronomy.
<h4>Places of interest:</h4>
Càrcer’s most outstanding monuments include the parish church of the Assumption (18th century), the “San Roque” neighbourhood, an old part of the town consisting of narrow, cobbled streets; the remains of “L’Arca”, an aqueduct that was restored after the floods of October 1982. The mouth of the River Sellent forms an interesting natural landscape.
<h4>Festivities:</h4>
Moors and Christian festivities are held at the beginning of September. During the second fortnight of the month, the village’s main festivities are held in honour of Saint Isidore the Farmer, Our Lady of Grace and the Christ of Agony.

<!-- This site is optimized with the Yoast SEO plugin v23.0 - https://yoast.com/wordpress/plugins/seo/ -->
<title>Càrcer &#060; Valencia Turismo</title>
<meta name="robots" content="index, follow, max-snippet:-1, max-image-preview:large, max-video-preview:-1" />
<link rel="canonical" href="https://turisme.dival.es/en/destino/carcer/" />
<meta property="og:locale" content="en_US" />
<meta property="og:type" content="article" />
<meta property="og:title" content="Càrcer &#060; Valencia Turismo" />
<meta property="og:url" content="https://turisme.dival.es/en/destino/carcer/" />
<meta property="og:site_name" content="Valencia Turismo" />
<meta property="article:modified_time" content="2022-01-18T10:55:11+00:00" />
<meta property="og:image" content="https://turisme.dival.es/wp-content/uploads/2021/09/Carcer-Parroquia-Nuestra-Señora-de-Asuncion-2.jpg" />
	<meta property="og:image:width" content="1280" />
	<meta property="og:image:height" content="1920" />
	<meta property="og:image:type" content="image/jpeg" />
<meta name="twitter:card" content="summary_large_image" />
<script type="application/ld+json" class="yoast-schema-graph">{"@context":"https://schema.org","@graph":[{"@type":"WebPage","@id":"https://turisme.dival.es/en/destino/carcer/","url":"https://turisme.dival.es/en/destino/carcer/","name":"Càrcer &#060; Valencia Turismo","isPartOf":{"@id":"https://turisme.dival.es/#website"},"primaryImageOfPage":{"@id":"https://turisme.dival.es/en/destino/carcer/#primaryimage"},"image":{"@id":"https://turisme.dival.es/en/destino/carcer/#primaryimage"},"thumbnailUrl":"https://turisme.dival.es/wp-content/uploads/2021/09/2.1.-PLACA-COMUNITAT-VALENCIANA.jpg","datePublished":"2021-09-17T10:37:56+00:00","dateModified":"2022-01-18T10:55:11+00:00","inLanguage":"EN","potentialAction":[{"@type":"ReadAction","target":["https://turisme.dival.es/en/destino/carcer/"]}]},{"@type":"ImageObject","inLanguage":"EN","@id":"https://turisme.dival.es/en/destino/carcer/#primaryimage","url":"https://turisme.dival.es/wp-content/uploads/2021/09/2.1.-PLACA-COMUNITAT-VALENCIANA.jpg","contentUrl":"https://turisme.dival.es/wp-content/uploads/2021/09/2.1.-PLACA-COMUNITAT-VALENCIANA.jpg","width":1620,"height":1080},{"@type":"WebSite","@id":"https://turisme.dival.es/#website","url":"https://turisme.dival.es/","name":"valenciaturismo.com.mialias.net","description":"","potentialAction":[{"@type":"SearchAction","target":{"@type":"EntryPoint","urlTemplate":"https://turisme.dival.es/?s={search_term_string}"},"query-input":"required name=search_term_string"}],"inLanguage":"EN"}]}</script>
<!-- / Yoast SEO plugin. -->

Càrcer &#060; Valencia Turismo
