{"id":131174,"date":"2024-05-05T20:05:49","date_gmt":"2024-05-05T20:05:49","guid":{"rendered":"https:\/\/turisme.dival.es\/propuestas\/die-kathedrale-und-der-plaza-de-la-virgen\/"},"modified":"2024-05-05T20:05:49","modified_gmt":"2024-05-05T20:05:49","slug":"die-kathedrale-und-der-plaza-de-la-virgen","status":"publish","type":"propuestas","link":"https:\/\/turisme.dival.es\/de\/propuestas\/die-kathedrale-und-der-plaza-de-la-virgen\/","title":{"rendered":"Die Kathedrale und der Plaza de la Virgen"},"content":{"rendered":"<p>Die Kathedrale von Valencia befindet sich im historischen Zentrum der Stadt, zwischen dem Plaza de la Virgen und dem Plaza de la Reina, neben der Basilika Los Desamparados.<br \/>\nSie wurde 1238 geweiht und auf der alten Balansiya-Moschee erbaut, ihr dominierender Stil ist die Gotik. Ihr Bau erstreckte sich \u00fcber mehrere Jahrhunderte, und so wurde jedes ihrer Tore in einem anderen architektonischen Stil ausgef\u00fchrt: die Puerta de l&#8217;Almoina romanisch, die Puerta de los Ap\u00f3stoles franz\u00f6sische Gotik und die Puerta de los Hierros italienischer Barock, dieses Tor ist zugleich Haupteingang der Kathedrale und zeigt zum Plaza de la Reina. Empfehlenswert ist der Aufstieg auf den Micalet, den Glockenturm und eines der Symbole der Stadt, von dem aus man einen hervorragenden Blick auf das historische Zentrum der Stadt hat.<br \/>\nDie Puerta de los Ap\u00f3stoles f\u00fchrt zum Plaza de la Virgen, dem symbolischsten Platz der Stadt (mit Erlaubnis des Rathausplatzes), auf dem das ganze Jahr \u00fcber viele Aktivit\u00e4ten stattfinden, vor allem die Blumen-Opfergabe an die Jungfrau w\u00e4hrend der Fallas (valencianisches Fr\u00fchlingsfest).<\/p>\n","protected":false},"featured_media":122611,"template":"","class_list":["post-131174","propuestas","type-propuestas","status-publish","has-post-thumbnail","hentry"],"acf":[],"yoast_head":"<!-- This site is optimized with the Yoast SEO plugin v23.0 - https:\/\/yoast.com\/wordpress\/plugins\/seo\/ -->\n<title>Die Kathedrale und der Plaza de la Virgen &#060; Valencia Turismo<\/title>\n<meta name=\"robots\" content=\"index, follow, max-snippet:-1, max-image-preview:large, max-video-preview:-1\" \/>\n<link rel=\"canonical\" href=\"https:\/\/turisme.dival.es\/propuestas\/die-kathedrale-und-der-plaza-de-la-virgen\/\" \/>\n<meta property=\"og:locale\" content=\"de_DE\" \/>\n<meta property=\"og:type\" content=\"article\" \/>\n<meta property=\"og:title\" content=\"Die Kathedrale und der Plaza de la Virgen &#060; Valencia Turismo\" \/>\n<meta property=\"og:description\" content=\"Die Kathedrale von Valencia befindet sich im historischen Zentrum der Stadt, zwischen dem Plaza de la Virgen und dem Plaza de la Reina, neben der Basilika Los Desamparados. Sie wurde 1238 geweiht und auf der alten Balansiya-Moschee erbaut, ihr dominierender Stil ist die Gotik. Ihr Bau erstreckte sich \u00fcber mehrere Jahrhunderte, und so wurde jedes [&hellip;]\" \/>\n<meta property=\"og:url\" content=\"https:\/\/turisme.dival.es\/propuestas\/die-kathedrale-und-der-plaza-de-la-virgen\/\" \/>\n<meta property=\"og:site_name\" content=\"Valencia Turismo\" \/>\n<meta name=\"twitter:card\" content=\"summary_large_image\" \/>\n<meta name=\"twitter:label1\" content=\"Gesch\u00e4tzte Lesezeit\" \/>\n\t<meta name=\"twitter:data1\" content=\"1\u00a0Minute\" \/>\n<script type=\"application\/ld+json\" class=\"yoast-schema-graph\">{\"@context\":\"https:\/\/schema.org\",\"@graph\":[{\"@type\":\"WebPage\",\"@id\":\"https:\/\/turisme.dival.es\/propuestas\/die-kathedrale-und-der-plaza-de-la-virgen\/\",\"url\":\"https:\/\/turisme.dival.es\/propuestas\/die-kathedrale-und-der-plaza-de-la-virgen\/\",\"name\":\"Die Kathedrale und der Plaza de la Virgen &#060; Valencia Turismo\",\"isPartOf\":{\"@id\":\"https:\/\/turisme.dival.es\/#website\"},\"primaryImageOfPage\":{\"@id\":\"https:\/\/turisme.dival.es\/propuestas\/die-kathedrale-und-der-plaza-de-la-virgen\/#primaryimage\"},\"image\":{\"@id\":\"https:\/\/turisme.dival.es\/propuestas\/die-kathedrale-und-der-plaza-de-la-virgen\/#primaryimage\"},\"thumbnailUrl\":\"https:\/\/turisme.dival.es\/wp-content\/uploads\/2022\/01\/catedral-1.jpg\",\"datePublished\":\"2024-05-05T20:05:49+00:00\",\"dateModified\":\"2024-05-05T20:05:49+00:00\",\"inLanguage\":\"de\",\"potentialAction\":[{\"@type\":\"ReadAction\",\"target\":[\"https:\/\/turisme.dival.es\/propuestas\/die-kathedrale-und-der-plaza-de-la-virgen\/\"]}]},{\"@type\":\"ImageObject\",\"inLanguage\":\"de\",\"@id\":\"https:\/\/turisme.dival.es\/propuestas\/die-kathedrale-und-der-plaza-de-la-virgen\/#primaryimage\",\"url\":\"https:\/\/turisme.dival.es\/wp-content\/uploads\/2022\/01\/catedral-1.jpg\",\"contentUrl\":\"https:\/\/turisme.dival.es\/wp-content\/uploads\/2022\/01\/catedral-1.jpg\",\"width\":2048,\"height\":1536},{\"@type\":\"WebSite\",\"@id\":\"https:\/\/turisme.dival.es\/#website\",\"url\":\"https:\/\/turisme.dival.es\/\",\"name\":\"valenciaturismo.com.mialias.net\",\"description\":\"\",\"potentialAction\":[{\"@type\":\"SearchAction\",\"target\":{\"@type\":\"EntryPoint\",\"urlTemplate\":\"https:\/\/turisme.dival.es\/?s={search_term_string}\"},\"query-input\":\"required name=search_term_string\"}],\"inLanguage\":\"de\"}]}<\/script>\n<!-- \/ Yoast SEO plugin. -->","yoast_head_json":{"title":"Die Kathedrale und der Plaza de la Virgen &#060; Valencia Turismo","robots":{"index":"index","follow":"follow","max-snippet":"max-snippet:-1","max-image-preview":"max-image-preview:large","max-video-preview":"max-video-preview:-1"},"canonical":"https:\/\/turisme.dival.es\/propuestas\/die-kathedrale-und-der-plaza-de-la-virgen\/","og_locale":"de_DE","og_type":"article","og_title":"Die Kathedrale und der Plaza de la Virgen &#060; Valencia Turismo","og_description":"Die Kathedrale von Valencia befindet sich im historischen Zentrum der Stadt, zwischen dem Plaza de la Virgen und dem Plaza de la Reina, neben der Basilika Los Desamparados. Sie wurde 1238 geweiht und auf der alten Balansiya-Moschee erbaut, ihr dominierender Stil ist die Gotik. Ihr Bau erstreckte sich \u00fcber mehrere Jahrhunderte, und so wurde jedes [&hellip;]","og_url":"https:\/\/turisme.dival.es\/propuestas\/die-kathedrale-und-der-plaza-de-la-virgen\/","og_site_name":"Valencia Turismo","twitter_card":"summary_large_image","twitter_misc":{"Gesch\u00e4tzte Lesezeit":"1\u00a0Minute"},"schema":{"@context":"https:\/\/schema.org","@graph":[{"@type":"WebPage","@id":"https:\/\/turisme.dival.es\/propuestas\/die-kathedrale-und-der-plaza-de-la-virgen\/","url":"https:\/\/turisme.dival.es\/propuestas\/die-kathedrale-und-der-plaza-de-la-virgen\/","name":"Die Kathedrale und der Plaza de la Virgen &#060; Valencia Turismo","isPartOf":{"@id":"https:\/\/turisme.dival.es\/#website"},"primaryImageOfPage":{"@id":"https:\/\/turisme.dival.es\/propuestas\/die-kathedrale-und-der-plaza-de-la-virgen\/#primaryimage"},"image":{"@id":"https:\/\/turisme.dival.es\/propuestas\/die-kathedrale-und-der-plaza-de-la-virgen\/#primaryimage"},"thumbnailUrl":"https:\/\/turisme.dival.es\/wp-content\/uploads\/2022\/01\/catedral-1.jpg","datePublished":"2024-05-05T20:05:49+00:00","dateModified":"2024-05-05T20:05:49+00:00","inLanguage":"de","potentialAction":[{"@type":"ReadAction","target":["https:\/\/turisme.dival.es\/propuestas\/die-kathedrale-und-der-plaza-de-la-virgen\/"]}]},{"@type":"ImageObject","inLanguage":"de","@id":"https:\/\/turisme.dival.es\/propuestas\/die-kathedrale-und-der-plaza-de-la-virgen\/#primaryimage","url":"https:\/\/turisme.dival.es\/wp-content\/uploads\/2022\/01\/catedral-1.jpg","contentUrl":"https:\/\/turisme.dival.es\/wp-content\/uploads\/2022\/01\/catedral-1.jpg","width":2048,"height":1536},{"@type":"WebSite","@id":"https:\/\/turisme.dival.es\/#website","url":"https:\/\/turisme.dival.es\/","name":"valenciaturismo.com.mialias.net","description":"","potentialAction":[{"@type":"SearchAction","target":{"@type":"EntryPoint","urlTemplate":"https:\/\/turisme.dival.es\/?s={search_term_string}"},"query-input":"required name=search_term_string"}],"inLanguage":"de"}]}},"_links":{"self":[{"href":"https:\/\/turisme.dival.es\/de\/wp-json\/wp\/v2\/propuestas\/131174","targetHints":{"allow":["GET"]}}],"collection":[{"href":"https:\/\/turisme.dival.es\/de\/wp-json\/wp\/v2\/propuestas"}],"about":[{"href":"https:\/\/turisme.dival.es\/de\/wp-json\/wp\/v2\/types\/propuestas"}],"wp:featuredmedia":[{"embeddable":true,"href":"https:\/\/turisme.dival.es\/de\/wp-json\/wp\/v2\/media\/122611"}],"wp:attachment":[{"href":"https:\/\/turisme.dival.es\/de\/wp-json\/wp\/v2\/media?parent=131174"}],"curies":[{"name":"wp","href":"https:\/\/api.w.org\/{rel}","templated":true}]}}

<p>Die Kathedrale von Valencia befindet sich im historischen Zentrum der Stadt, zwischen dem Plaza de la Virgen und dem Plaza de la Reina, neben der Basilika Los Desamparados.<br />
Sie wurde 1238 geweiht und auf der alten Balansiya-Moschee erbaut, ihr dominierender Stil ist die Gotik. Ihr Bau erstreckte sich über mehrere Jahrhunderte, und so wurde jedes ihrer Tore in einem anderen architektonischen Stil ausgeführt: die Puerta de l&#8217;Almoina romanisch, die Puerta de los Apóstoles französische Gotik und die Puerta de los Hierros italienischer Barock, dieses Tor ist zugleich Haupteingang der Kathedrale und zeigt zum Plaza de la Reina. Empfehlenswert ist der Aufstieg auf den Micalet, den Glockenturm und eines der Symbole der Stadt, von dem aus man einen hervorragenden Blick auf das historische Zentrum der Stadt hat.<br />
Die Puerta de los Apóstoles führt zum Plaza de la Virgen, dem symbolischsten Platz der Stadt (mit Erlaubnis des Rathausplatzes), auf dem das ganze Jahr über viele Aktivitäten stattfinden, vor allem die Blumen-Opfergabe an die Jungfrau während der Fallas (valencianisches Frühlingsfest).</p>

<!-- This site is optimized with the Yoast SEO plugin v23.0 - https://yoast.com/wordpress/plugins/seo/ -->
<title>Die Kathedrale und der Plaza de la Virgen &#060; Valencia Turismo</title>
<meta name="robots" content="index, follow, max-snippet:-1, max-image-preview:large, max-video-preview:-1" />
<link rel="canonical" href="https://turisme.dival.es/propuestas/die-kathedrale-und-der-plaza-de-la-virgen/" />
<meta property="og:locale" content="de_DE" />
<meta property="og:type" content="article" />
<meta property="og:title" content="Die Kathedrale und der Plaza de la Virgen &#060; Valencia Turismo" />
<meta property="og:description" content="Die Kathedrale von Valencia befindet sich im historischen Zentrum der Stadt, zwischen dem Plaza de la Virgen und dem Plaza de la Reina, neben der Basilika Los Desamparados. Sie wurde 1238 geweiht und auf der alten Balansiya-Moschee erbaut, ihr dominierender Stil ist die Gotik. Ihr Bau erstreckte sich über mehrere Jahrhunderte, und so wurde jedes [&hellip;]" />
<meta property="og:url" content="https://turisme.dival.es/propuestas/die-kathedrale-und-der-plaza-de-la-virgen/" />
<meta property="og:site_name" content="Valencia Turismo" />
<meta name="twitter:card" content="summary_large_image" />
<meta name="twitter:label1" content="Geschätzte Lesezeit" />
	<meta name="twitter:data1" content="1 Minute" />
<script type="application/ld+json" class="yoast-schema-graph">{"@context":"https://schema.org","@graph":[{"@type":"WebPage","@id":"https://turisme.dival.es/propuestas/die-kathedrale-und-der-plaza-de-la-virgen/","url":"https://turisme.dival.es/propuestas/die-kathedrale-und-der-plaza-de-la-virgen/","name":"Die Kathedrale und der Plaza de la Virgen &#060; Valencia Turismo","isPartOf":{"@id":"https://turisme.dival.es/#website"},"primaryImageOfPage":{"@id":"https://turisme.dival.es/propuestas/die-kathedrale-und-der-plaza-de-la-virgen/#primaryimage"},"image":{"@id":"https://turisme.dival.es/propuestas/die-kathedrale-und-der-plaza-de-la-virgen/#primaryimage"},"thumbnailUrl":"https://turisme.dival.es/wp-content/uploads/2022/01/catedral-1.jpg","datePublished":"2024-05-05T20:05:49+00:00","dateModified":"2024-05-05T20:05:49+00:00","inLanguage":"de","potentialAction":[{"@type":"ReadAction","target":["https://turisme.dival.es/propuestas/die-kathedrale-und-der-plaza-de-la-virgen/"]}]},{"@type":"ImageObject","inLanguage":"de","@id":"https://turisme.dival.es/propuestas/die-kathedrale-und-der-plaza-de-la-virgen/#primaryimage","url":"https://turisme.dival.es/wp-content/uploads/2022/01/catedral-1.jpg","contentUrl":"https://turisme.dival.es/wp-content/uploads/2022/01/catedral-1.jpg","width":2048,"height":1536},{"@type":"WebSite","@id":"https://turisme.dival.es/#website","url":"https://turisme.dival.es/","name":"valenciaturismo.com.mialias.net","description":"","potentialAction":[{"@type":"SearchAction","target":{"@type":"EntryPoint","urlTemplate":"https://turisme.dival.es/?s={search_term_string}"},"query-input":"required name=search_term_string"}],"inLanguage":"de"}]}</script>
<!-- / Yoast SEO plugin. -->

Die Kathedrale von Valencia befindet sich im historischen Zentrum der Stadt, zwischen dem Plaza de la Virgen und dem Plaza de la Reina, neben der Basilika Los Desamparados. Sie wurde 1238 geweiht und auf der alten Balansiya-Moschee erbaut, ihr dominierender Stil ist die Gotik. Ihr Bau erstreckte sich über mehrere Jahrhunderte, und so wurde jedes [&hellip;]
