{"id":135224,"date":"2025-02-18T11:03:29","date_gmt":"2025-02-18T11:03:29","guid":{"rendered":"https:\/\/turisme.dival.es\/?post_type=turist_agenda&#038;p=135224"},"modified":"2025-02-18T11:03:29","modified_gmt":"2025-02-18T11:03:29","slug":"jornadas-de-platos-de-cuchara","status":"publish","type":"turist_agenda","link":"https:\/\/turisme.dival.es\/ca\/turist_agenda\/jornadas-de-platos-de-cuchara\/","title":{"rendered":"Jornadas de Platos de Cuchara"},"content":{"rendered":"<p>Amb l&#8217;objectiu de fomentar la cultura gastron\u00f2mica tradicional, la Confederaci\u00f3 d&#8217;Hostaleria i Turisme de la Comunitat Valenciana (CONHOSTUR), organitza les \u201cJornadas de Platos de Cuchara\u201d, amb l&#8217;objectiu de posar en valor qualitat de l&#8217;oferta de restauraci\u00f3 dels municipis de la Comunitat Valenciana promovent la gastronomia local com a senyal d&#8217;identitat.<\/p>\n<p>Aquesta nova edici\u00f3 de les Jornades tracta de reivindicar les receptes i productes m\u00e9s tradicionals del nostre receptari. Del 13 de febrer al 2 de mar\u00e7 de 2025, m\u00e9s de 50 restaurants de tota la Comunitat Valenciana ofereixen als seus clients menu\u0301s especials, amb alguns dels plats de cullera, entrants, postres i vins dt.\u0301s representatius del territori.<\/p>\n<p>En la web de l&#8217;esdeveniment, <a href=\"http:\/\/www.jornadasdecuchara.es\">www.jornadasdecuchara.es<\/a> podra\u0301s consultar els m\u00e9s de 50 men\u00fas de les Jornades, amb els seus preus i dies de vig\u00e8ncia dels restaurants participants, aix\u00ed com, gaudir de les fotografi\u0301as de plats tan representatius d&#8217;aquesta \u00e8poca.<\/p>\n<p>Tria la proposta gastrono\u00f2mica que m\u00e9s t&#8217;agrade, fes la teua reserva i viu una experi\u00e8ncia \u00fanica amb la qual gaudir dels aute\u0301ntics sabors que ofereix la Comunitat Valenciana<\/p>\n","protected":false},"excerpt":{"rendered":"<p>Del 13 de febrer al 2 de mar\u00e7 de 2025, m\u00e9s de 50 restaurants de tota la Comunitat Valenciana ofereixen als seus clients menu\u0301s especials, amb alguns dels plats de cullera, entrants, postres i vins dt.\u0301s representatius del territori.<\/p>\n","protected":false},"featured_media":135219,"template":"","situacion":[],"categoria_agenda":[2369],"class_list":["post-135224","turist_agenda","type-turist_agenda","status-publish","has-post-thumbnail","hentry","categoria_agenda-gastronomia-ca"],"acf":{"fecha":"20250213","fecha_fin":"20250302","descargas":null,"galeria":""},"yoast_head":"<!-- This site is optimized with the Yoast SEO plugin v23.0 - https:\/\/yoast.com\/wordpress\/plugins\/seo\/ -->\n<title>Jornadas de Platos de Cuchara &#060; Valencia Turismo<\/title>\n<meta name=\"robots\" content=\"index, follow, max-snippet:-1, max-image-preview:large, max-video-preview:-1\" \/>\n<link rel=\"canonical\" href=\"https:\/\/turisme.dival.es\/ca\/turist_agenda\/jornadas-de-platos-de-cuchara\/\" \/>\n<meta property=\"og:locale\" content=\"en_US\" \/>\n<meta property=\"og:type\" content=\"article\" \/>\n<meta property=\"og:title\" content=\"Jornadas de Platos de Cuchara &#060; Valencia Turismo\" \/>\n<meta property=\"og:description\" content=\"Del 13 de febrer al 2 de mar\u00e7 de 2025, m\u00e9s de 50 restaurants de tota la Comunitat Valenciana ofereixen als seus clients menu\u0301s especials, amb alguns dels plats de cullera, entrants, postres i vins dt.\u0301s representatius del territori.\" \/>\n<meta property=\"og:url\" content=\"https:\/\/turisme.dival.es\/ca\/turist_agenda\/jornadas-de-platos-de-cuchara\/\" \/>\n<meta property=\"og:site_name\" content=\"Valencia Turismo\" \/>\n<meta property=\"og:image\" content=\"https:\/\/turisme.dival.es\/wp-content\/uploads\/2025\/02\/header-scaled.jpg\" \/>\n\t<meta property=\"og:image:width\" content=\"2560\" \/>\n\t<meta property=\"og:image:height\" content=\"1012\" \/>\n\t<meta property=\"og:image:type\" content=\"image\/jpeg\" \/>\n<meta name=\"twitter:card\" content=\"summary_large_image\" \/>\n<meta name=\"twitter:label1\" content=\"Est. reading time\" \/>\n\t<meta name=\"twitter:data1\" content=\"1 minute\" \/>\n<script type=\"application\/ld+json\" class=\"yoast-schema-graph\">{\"@context\":\"https:\/\/schema.org\",\"@graph\":[{\"@type\":\"WebPage\",\"@id\":\"https:\/\/turisme.dival.es\/ca\/turist_agenda\/jornadas-de-platos-de-cuchara\/\",\"url\":\"https:\/\/turisme.dival.es\/ca\/turist_agenda\/jornadas-de-platos-de-cuchara\/\",\"name\":\"Jornadas de Platos de Cuchara &#060; Valencia Turismo\",\"isPartOf\":{\"@id\":\"https:\/\/turisme.dival.es\/#website\"},\"primaryImageOfPage\":{\"@id\":\"https:\/\/turisme.dival.es\/ca\/turist_agenda\/jornadas-de-platos-de-cuchara\/#primaryimage\"},\"image\":{\"@id\":\"https:\/\/turisme.dival.es\/ca\/turist_agenda\/jornadas-de-platos-de-cuchara\/#primaryimage\"},\"thumbnailUrl\":\"https:\/\/turisme.dival.es\/wp-content\/uploads\/2025\/02\/header-scaled.jpg\",\"datePublished\":\"2025-02-18T11:03:29+00:00\",\"dateModified\":\"2025-02-18T11:03:29+00:00\",\"inLanguage\":\"vl\",\"potentialAction\":[{\"@type\":\"ReadAction\",\"target\":[\"https:\/\/turisme.dival.es\/ca\/turist_agenda\/jornadas-de-platos-de-cuchara\/\"]}]},{\"@type\":\"ImageObject\",\"inLanguage\":\"vl\",\"@id\":\"https:\/\/turisme.dival.es\/ca\/turist_agenda\/jornadas-de-platos-de-cuchara\/#primaryimage\",\"url\":\"https:\/\/turisme.dival.es\/wp-content\/uploads\/2025\/02\/header-scaled.jpg\",\"contentUrl\":\"https:\/\/turisme.dival.es\/wp-content\/uploads\/2025\/02\/header-scaled.jpg\",\"width\":2560,\"height\":1012},{\"@type\":\"WebSite\",\"@id\":\"https:\/\/turisme.dival.es\/#website\",\"url\":\"https:\/\/turisme.dival.es\/\",\"name\":\"valenciaturismo.com.mialias.net\",\"description\":\"\",\"potentialAction\":[{\"@type\":\"SearchAction\",\"target\":{\"@type\":\"EntryPoint\",\"urlTemplate\":\"https:\/\/turisme.dival.es\/?s={search_term_string}\"},\"query-input\":\"required name=search_term_string\"}],\"inLanguage\":\"vl\"}]}<\/script>\n<!-- \/ Yoast SEO plugin. -->","yoast_head_json":{"title":"Jornadas de Platos de Cuchara &#060; Valencia Turismo","robots":{"index":"index","follow":"follow","max-snippet":"max-snippet:-1","max-image-preview":"max-image-preview:large","max-video-preview":"max-video-preview:-1"},"canonical":"https:\/\/turisme.dival.es\/ca\/turist_agenda\/jornadas-de-platos-de-cuchara\/","og_locale":"en_US","og_type":"article","og_title":"Jornadas de Platos de Cuchara &#060; Valencia Turismo","og_description":"Del 13 de febrer al 2 de mar\u00e7 de 2025, m\u00e9s de 50 restaurants de tota la Comunitat Valenciana ofereixen als seus clients menu\u0301s especials, amb alguns dels plats de cullera, entrants, postres i vins dt.\u0301s representatius del territori.","og_url":"https:\/\/turisme.dival.es\/ca\/turist_agenda\/jornadas-de-platos-de-cuchara\/","og_site_name":"Valencia Turismo","og_image":[{"width":2560,"height":1012,"url":"https:\/\/turisme.dival.es\/wp-content\/uploads\/2025\/02\/header-scaled.jpg","type":"image\/jpeg"}],"twitter_card":"summary_large_image","twitter_misc":{"Est. reading time":"1 minute"},"schema":{"@context":"https:\/\/schema.org","@graph":[{"@type":"WebPage","@id":"https:\/\/turisme.dival.es\/ca\/turist_agenda\/jornadas-de-platos-de-cuchara\/","url":"https:\/\/turisme.dival.es\/ca\/turist_agenda\/jornadas-de-platos-de-cuchara\/","name":"Jornadas de Platos de Cuchara &#060; Valencia Turismo","isPartOf":{"@id":"https:\/\/turisme.dival.es\/#website"},"primaryImageOfPage":{"@id":"https:\/\/turisme.dival.es\/ca\/turist_agenda\/jornadas-de-platos-de-cuchara\/#primaryimage"},"image":{"@id":"https:\/\/turisme.dival.es\/ca\/turist_agenda\/jornadas-de-platos-de-cuchara\/#primaryimage"},"thumbnailUrl":"https:\/\/turisme.dival.es\/wp-content\/uploads\/2025\/02\/header-scaled.jpg","datePublished":"2025-02-18T11:03:29+00:00","dateModified":"2025-02-18T11:03:29+00:00","inLanguage":"vl","potentialAction":[{"@type":"ReadAction","target":["https:\/\/turisme.dival.es\/ca\/turist_agenda\/jornadas-de-platos-de-cuchara\/"]}]},{"@type":"ImageObject","inLanguage":"vl","@id":"https:\/\/turisme.dival.es\/ca\/turist_agenda\/jornadas-de-platos-de-cuchara\/#primaryimage","url":"https:\/\/turisme.dival.es\/wp-content\/uploads\/2025\/02\/header-scaled.jpg","contentUrl":"https:\/\/turisme.dival.es\/wp-content\/uploads\/2025\/02\/header-scaled.jpg","width":2560,"height":1012},{"@type":"WebSite","@id":"https:\/\/turisme.dival.es\/#website","url":"https:\/\/turisme.dival.es\/","name":"valenciaturismo.com.mialias.net","description":"","potentialAction":[{"@type":"SearchAction","target":{"@type":"EntryPoint","urlTemplate":"https:\/\/turisme.dival.es\/?s={search_term_string}"},"query-input":"required name=search_term_string"}],"inLanguage":"vl"}]}},"_links":{"self":[{"href":"https:\/\/turisme.dival.es\/ca\/wp-json\/wp\/v2\/turist_agenda\/135224","targetHints":{"allow":["GET"]}}],"collection":[{"href":"https:\/\/turisme.dival.es\/ca\/wp-json\/wp\/v2\/turist_agenda"}],"about":[{"href":"https:\/\/turisme.dival.es\/ca\/wp-json\/wp\/v2\/types\/turist_agenda"}],"wp:featuredmedia":[{"embeddable":true,"href":"https:\/\/turisme.dival.es\/ca\/wp-json\/wp\/v2\/media\/135219"}],"wp:attachment":[{"href":"https:\/\/turisme.dival.es\/ca\/wp-json\/wp\/v2\/media?parent=135224"}],"wp:term":[{"taxonomy":"situacion","embeddable":true,"href":"https:\/\/turisme.dival.es\/ca\/wp-json\/wp\/v2\/situacion?post=135224"},{"taxonomy":"categoria_agenda","embeddable":true,"href":"https:\/\/turisme.dival.es\/ca\/wp-json\/wp\/v2\/categoria_agenda?post=135224"}],"curies":[{"name":"wp","href":"https:\/\/api.w.org\/{rel}","templated":true}]}}

<p>Amb l&#8217;objectiu de fomentar la cultura gastronòmica tradicional, la Confederació d&#8217;Hostaleria i Turisme de la Comunitat Valenciana (CONHOSTUR), organitza les “Jornadas de Platos de Cuchara”, amb l&#8217;objectiu de posar en valor qualitat de l&#8217;oferta de restauració dels municipis de la Comunitat Valenciana promovent la gastronomia local com a senyal d&#8217;identitat.</p>
<p>Aquesta nova edició de les Jornades tracta de reivindicar les receptes i productes més tradicionals del nostre receptari. Del 13 de febrer al 2 de març de 2025, més de 50 restaurants de tota la Comunitat Valenciana ofereixen als seus clients menús especials, amb alguns dels plats de cullera, entrants, postres i vins dt.́s representatius del territori.</p>
<p>En la web de l&#8217;esdeveniment, <a href="http://www.jornadasdecuchara.es">www.jornadasdecuchara.es</a> podrás consultar els més de 50 menús de les Jornades, amb els seus preus i dies de vigència dels restaurants participants, així com, gaudir de les fotografías de plats tan representatius d&#8217;aquesta època.</p>
<p>Tria la proposta gastronoòmica que més t&#8217;agrade, fes la teua reserva i viu una experiència única amb la qual gaudir dels auténtics sabors que ofereix la Comunitat Valenciana</p>

<p>Del 13 de febrer al 2 de març de 2025, més de 50 restaurants de tota la Comunitat Valenciana ofereixen als seus clients menús especials, amb alguns dels plats de cullera, entrants, postres i vins dt.́s representatius del territori.</p>

<!-- This site is optimized with the Yoast SEO plugin v23.0 - https://yoast.com/wordpress/plugins/seo/ -->
<title>Jornadas de Platos de Cuchara &#060; Valencia Turismo</title>
<meta name="robots" content="index, follow, max-snippet:-1, max-image-preview:large, max-video-preview:-1" />
<link rel="canonical" href="https://turisme.dival.es/ca/turist_agenda/jornadas-de-platos-de-cuchara/" />
<meta property="og:locale" content="en_US" />
<meta property="og:type" content="article" />
<meta property="og:title" content="Jornadas de Platos de Cuchara &#060; Valencia Turismo" />
<meta property="og:description" content="Del 13 de febrer al 2 de març de 2025, més de 50 restaurants de tota la Comunitat Valenciana ofereixen als seus clients menús especials, amb alguns dels plats de cullera, entrants, postres i vins dt.́s representatius del territori." />
<meta property="og:url" content="https://turisme.dival.es/ca/turist_agenda/jornadas-de-platos-de-cuchara/" />
<meta property="og:site_name" content="Valencia Turismo" />
<meta property="og:image" content="https://turisme.dival.es/wp-content/uploads/2025/02/header-scaled.jpg" />
	<meta property="og:image:width" content="2560" />
	<meta property="og:image:height" content="1012" />
	<meta property="og:image:type" content="image/jpeg" />
<meta name="twitter:card" content="summary_large_image" />
<meta name="twitter:label1" content="Est. reading time" />
	<meta name="twitter:data1" content="1 minute" />
<script type="application/ld+json" class="yoast-schema-graph">{"@context":"https://schema.org","@graph":[{"@type":"WebPage","@id":"https://turisme.dival.es/ca/turist_agenda/jornadas-de-platos-de-cuchara/","url":"https://turisme.dival.es/ca/turist_agenda/jornadas-de-platos-de-cuchara/","name":"Jornadas de Platos de Cuchara &#060; Valencia Turismo","isPartOf":{"@id":"https://turisme.dival.es/#website"},"primaryImageOfPage":{"@id":"https://turisme.dival.es/ca/turist_agenda/jornadas-de-platos-de-cuchara/#primaryimage"},"image":{"@id":"https://turisme.dival.es/ca/turist_agenda/jornadas-de-platos-de-cuchara/#primaryimage"},"thumbnailUrl":"https://turisme.dival.es/wp-content/uploads/2025/02/header-scaled.jpg","datePublished":"2025-02-18T11:03:29+00:00","dateModified":"2025-02-18T11:03:29+00:00","inLanguage":"vl","potentialAction":[{"@type":"ReadAction","target":["https://turisme.dival.es/ca/turist_agenda/jornadas-de-platos-de-cuchara/"]}]},{"@type":"ImageObject","inLanguage":"vl","@id":"https://turisme.dival.es/ca/turist_agenda/jornadas-de-platos-de-cuchara/#primaryimage","url":"https://turisme.dival.es/wp-content/uploads/2025/02/header-scaled.jpg","contentUrl":"https://turisme.dival.es/wp-content/uploads/2025/02/header-scaled.jpg","width":2560,"height":1012},{"@type":"WebSite","@id":"https://turisme.dival.es/#website","url":"https://turisme.dival.es/","name":"valenciaturismo.com.mialias.net","description":"","potentialAction":[{"@type":"SearchAction","target":{"@type":"EntryPoint","urlTemplate":"https://turisme.dival.es/?s={search_term_string}"},"query-input":"required name=search_term_string"}],"inLanguage":"vl"}]}</script>
<!-- / Yoast SEO plugin. -->

Del 13 de febrer al 2 de març de 2025, més de 50 restaurants de tota la Comunitat Valenciana ofereixen als seus clients menús especials, amb alguns dels plats de cullera, entrants, postres i vins dt.́s representatius del territori.
