{"id":133462,"date":"2024-09-19T07:57:03","date_gmt":"2024-09-19T07:57:03","guid":{"rendered":"https:\/\/turisme.dival.es\/?post_type=turist_agenda&#038;p=133462"},"modified":"2024-09-20T11:58:50","modified_gmt":"2024-09-20T11:58:50","slug":"fira-del-moscatell-godelleta","status":"publish","type":"turist_agenda","link":"https:\/\/turisme.dival.es\/ca\/turist_agenda\/fira-del-moscatell-godelleta\/","title":{"rendered":"Fira del Moscatell Godelleta"},"content":{"rendered":"<p>Godelleta celebra la Fira del Moscatell del 27 al 29 de setembre.<\/p>\n<p>Una de les principals novetats d&#8217;enguany \u00e9s la celebraci\u00f3 d&#8217;una m\u00e0ster-class en cocteleria, a c\u00e0rrec del bartender Ivan Talens, el dissabte a les 12.00.<\/p>\n<p>D&#8217;altra banda, es dedicar\u00e0 un espai a la maquin\u00e0ria agr\u00edcola especialitzada i una \u00e0mplia zona de restauraci\u00f3 per a acomodar als visitants. Tamb\u00e9 \u00e9s de ressenyar la participaci\u00f3 de la Cooperativa Cooperativa Sant Pere Apostol i de la secci\u00f3 Hortofru\u00edtcola de Godelleta.<\/p>\n<p>A part de l&#8217;exposici\u00f3 de cellers de la comarca, posats de menjar i tapes gurmet, tamb\u00e9 hi haur\u00e0 espai per a un mercat artes\u00e0. L&#8217;organitzaci\u00f3 ha disposat un total de 3.000 tikets, de manera que per 7 euros cada consumidor t\u00e9 dret a cinc degustacions i un got de cristall commemoratiu en el qual podr\u00e0 realitzar les degustacions, aix\u00ed com una degustaci\u00f3 de sucs naturals. L&#8217;acc\u00e9s ser\u00e0 completament lliure i gratu\u00eft.<\/p>\n<p>L&#8217;Ajuntament de la localitat ha dissenyat una s\u00e8rie d&#8217;activitats, com a jocs infantils, actuacions de bandes de m\u00fasica i fins i tot una desfilada de moros i cristians. Per a la nit del dissabte, est\u00e0 prevista l&#8217;actuaci\u00f3 d&#8217;una orquestra en el Poliesportiu Municipal.<\/p>\n","protected":false},"excerpt":{"rendered":"<p>Godelleta celebra la Fira del Moscatell del 27 al 29 de setembre.<\/p>\n","protected":false},"featured_media":133457,"template":"","situacion":[1547,1445],"categoria_agenda":[2796],"class_list":["post-133462","turist_agenda","type-turist_agenda","status-publish","has-post-thumbnail","hentry","situacion-godelleta-ca","situacion-la-hoya-de-bunol-chiva-ca","categoria_agenda-fires"],"acf":{"fecha":"20240927","fecha_fin":"20240929","descargas":null,"galeria":""},"yoast_head":"<!-- This site is optimized with the Yoast SEO plugin v23.0 - https:\/\/yoast.com\/wordpress\/plugins\/seo\/ -->\n<title>Fira del Moscatell Godelleta &#060; Valencia Turismo<\/title>\n<meta name=\"robots\" content=\"index, follow, max-snippet:-1, max-image-preview:large, max-video-preview:-1\" \/>\n<link rel=\"canonical\" href=\"https:\/\/turisme.dival.es\/ca\/turist_agenda\/fira-del-moscatell-godelleta\/\" \/>\n<meta property=\"og:locale\" content=\"en_US\" \/>\n<meta property=\"og:type\" content=\"article\" \/>\n<meta property=\"og:title\" content=\"Fira del Moscatell Godelleta &#060; Valencia Turismo\" \/>\n<meta property=\"og:description\" content=\"Godelleta celebra la Fira del Moscatell del 27 al 29 de setembre.\" \/>\n<meta property=\"og:url\" content=\"https:\/\/turisme.dival.es\/ca\/turist_agenda\/fira-del-moscatell-godelleta\/\" \/>\n<meta property=\"og:site_name\" content=\"Valencia Turismo\" \/>\n<meta property=\"article:modified_time\" content=\"2024-09-20T11:58:50+00:00\" \/>\n<meta property=\"og:image\" content=\"https:\/\/turisme.dival.es\/wp-content\/uploads\/2024\/09\/cartel-cuadrado.jpeg\" \/>\n\t<meta property=\"og:image:width\" content=\"1080\" \/>\n\t<meta property=\"og:image:height\" content=\"1080\" \/>\n\t<meta property=\"og:image:type\" content=\"image\/jpeg\" \/>\n<meta name=\"twitter:card\" content=\"summary_large_image\" \/>\n<meta name=\"twitter:label1\" content=\"Est. reading time\" \/>\n\t<meta name=\"twitter:data1\" content=\"2 minutes\" \/>\n<script type=\"application\/ld+json\" class=\"yoast-schema-graph\">{\"@context\":\"https:\/\/schema.org\",\"@graph\":[{\"@type\":\"WebPage\",\"@id\":\"https:\/\/turisme.dival.es\/ca\/turist_agenda\/fira-del-moscatell-godelleta\/\",\"url\":\"https:\/\/turisme.dival.es\/ca\/turist_agenda\/fira-del-moscatell-godelleta\/\",\"name\":\"Fira del Moscatell Godelleta &#060; Valencia Turismo\",\"isPartOf\":{\"@id\":\"https:\/\/turisme.dival.es\/#website\"},\"primaryImageOfPage\":{\"@id\":\"https:\/\/turisme.dival.es\/ca\/turist_agenda\/fira-del-moscatell-godelleta\/#primaryimage\"},\"image\":{\"@id\":\"https:\/\/turisme.dival.es\/ca\/turist_agenda\/fira-del-moscatell-godelleta\/#primaryimage\"},\"thumbnailUrl\":\"https:\/\/turisme.dival.es\/wp-content\/uploads\/2024\/09\/cartel-cuadrado.jpeg\",\"datePublished\":\"2024-09-19T07:57:03+00:00\",\"dateModified\":\"2024-09-20T11:58:50+00:00\",\"inLanguage\":\"vl\",\"potentialAction\":[{\"@type\":\"ReadAction\",\"target\":[\"https:\/\/turisme.dival.es\/ca\/turist_agenda\/fira-del-moscatell-godelleta\/\"]}]},{\"@type\":\"ImageObject\",\"inLanguage\":\"vl\",\"@id\":\"https:\/\/turisme.dival.es\/ca\/turist_agenda\/fira-del-moscatell-godelleta\/#primaryimage\",\"url\":\"https:\/\/turisme.dival.es\/wp-content\/uploads\/2024\/09\/cartel-cuadrado.jpeg\",\"contentUrl\":\"https:\/\/turisme.dival.es\/wp-content\/uploads\/2024\/09\/cartel-cuadrado.jpeg\",\"width\":1080,\"height\":1080},{\"@type\":\"WebSite\",\"@id\":\"https:\/\/turisme.dival.es\/#website\",\"url\":\"https:\/\/turisme.dival.es\/\",\"name\":\"valenciaturismo.com.mialias.net\",\"description\":\"\",\"potentialAction\":[{\"@type\":\"SearchAction\",\"target\":{\"@type\":\"EntryPoint\",\"urlTemplate\":\"https:\/\/turisme.dival.es\/?s={search_term_string}\"},\"query-input\":\"required name=search_term_string\"}],\"inLanguage\":\"vl\"}]}<\/script>\n<!-- \/ Yoast SEO plugin. -->","yoast_head_json":{"title":"Fira del Moscatell Godelleta &#060; Valencia Turismo","robots":{"index":"index","follow":"follow","max-snippet":"max-snippet:-1","max-image-preview":"max-image-preview:large","max-video-preview":"max-video-preview:-1"},"canonical":"https:\/\/turisme.dival.es\/ca\/turist_agenda\/fira-del-moscatell-godelleta\/","og_locale":"en_US","og_type":"article","og_title":"Fira del Moscatell Godelleta &#060; Valencia Turismo","og_description":"Godelleta celebra la Fira del Moscatell del 27 al 29 de setembre.","og_url":"https:\/\/turisme.dival.es\/ca\/turist_agenda\/fira-del-moscatell-godelleta\/","og_site_name":"Valencia Turismo","article_modified_time":"2024-09-20T11:58:50+00:00","og_image":[{"width":1080,"height":1080,"url":"https:\/\/turisme.dival.es\/wp-content\/uploads\/2024\/09\/cartel-cuadrado.jpeg","type":"image\/jpeg"}],"twitter_card":"summary_large_image","twitter_misc":{"Est. reading time":"2 minutes"},"schema":{"@context":"https:\/\/schema.org","@graph":[{"@type":"WebPage","@id":"https:\/\/turisme.dival.es\/ca\/turist_agenda\/fira-del-moscatell-godelleta\/","url":"https:\/\/turisme.dival.es\/ca\/turist_agenda\/fira-del-moscatell-godelleta\/","name":"Fira del Moscatell Godelleta &#060; Valencia Turismo","isPartOf":{"@id":"https:\/\/turisme.dival.es\/#website"},"primaryImageOfPage":{"@id":"https:\/\/turisme.dival.es\/ca\/turist_agenda\/fira-del-moscatell-godelleta\/#primaryimage"},"image":{"@id":"https:\/\/turisme.dival.es\/ca\/turist_agenda\/fira-del-moscatell-godelleta\/#primaryimage"},"thumbnailUrl":"https:\/\/turisme.dival.es\/wp-content\/uploads\/2024\/09\/cartel-cuadrado.jpeg","datePublished":"2024-09-19T07:57:03+00:00","dateModified":"2024-09-20T11:58:50+00:00","inLanguage":"vl","potentialAction":[{"@type":"ReadAction","target":["https:\/\/turisme.dival.es\/ca\/turist_agenda\/fira-del-moscatell-godelleta\/"]}]},{"@type":"ImageObject","inLanguage":"vl","@id":"https:\/\/turisme.dival.es\/ca\/turist_agenda\/fira-del-moscatell-godelleta\/#primaryimage","url":"https:\/\/turisme.dival.es\/wp-content\/uploads\/2024\/09\/cartel-cuadrado.jpeg","contentUrl":"https:\/\/turisme.dival.es\/wp-content\/uploads\/2024\/09\/cartel-cuadrado.jpeg","width":1080,"height":1080},{"@type":"WebSite","@id":"https:\/\/turisme.dival.es\/#website","url":"https:\/\/turisme.dival.es\/","name":"valenciaturismo.com.mialias.net","description":"","potentialAction":[{"@type":"SearchAction","target":{"@type":"EntryPoint","urlTemplate":"https:\/\/turisme.dival.es\/?s={search_term_string}"},"query-input":"required name=search_term_string"}],"inLanguage":"vl"}]}},"_links":{"self":[{"href":"https:\/\/turisme.dival.es\/ca\/wp-json\/wp\/v2\/turist_agenda\/133462","targetHints":{"allow":["GET"]}}],"collection":[{"href":"https:\/\/turisme.dival.es\/ca\/wp-json\/wp\/v2\/turist_agenda"}],"about":[{"href":"https:\/\/turisme.dival.es\/ca\/wp-json\/wp\/v2\/types\/turist_agenda"}],"wp:featuredmedia":[{"embeddable":true,"href":"https:\/\/turisme.dival.es\/ca\/wp-json\/wp\/v2\/media\/133457"}],"wp:attachment":[{"href":"https:\/\/turisme.dival.es\/ca\/wp-json\/wp\/v2\/media?parent=133462"}],"wp:term":[{"taxonomy":"situacion","embeddable":true,"href":"https:\/\/turisme.dival.es\/ca\/wp-json\/wp\/v2\/situacion?post=133462"},{"taxonomy":"categoria_agenda","embeddable":true,"href":"https:\/\/turisme.dival.es\/ca\/wp-json\/wp\/v2\/categoria_agenda?post=133462"}],"curies":[{"name":"wp","href":"https:\/\/api.w.org\/{rel}","templated":true}]}}

<p>Godelleta celebra la Fira del Moscatell del 27 al 29 de setembre.</p>
<p>Una de les principals novetats d&#8217;enguany és la celebració d&#8217;una màster-class en cocteleria, a càrrec del bartender Ivan Talens, el dissabte a les 12.00.</p>
<p>D&#8217;altra banda, es dedicarà un espai a la maquinària agrícola especialitzada i una àmplia zona de restauració per a acomodar als visitants. També és de ressenyar la participació de la Cooperativa Cooperativa Sant Pere Apostol i de la secció Hortofruítcola de Godelleta.</p>
<p>A part de l&#8217;exposició de cellers de la comarca, posats de menjar i tapes gurmet, també hi haurà espai per a un mercat artesà. L&#8217;organització ha disposat un total de 3.000 tikets, de manera que per 7 euros cada consumidor té dret a cinc degustacions i un got de cristall commemoratiu en el qual podrà realitzar les degustacions, així com una degustació de sucs naturals. L&#8217;accés serà completament lliure i gratuït.</p>
<p>L&#8217;Ajuntament de la localitat ha dissenyat una sèrie d&#8217;activitats, com a jocs infantils, actuacions de bandes de música i fins i tot una desfilada de moros i cristians. Per a la nit del dissabte, està prevista l&#8217;actuació d&#8217;una orquestra en el Poliesportiu Municipal.</p>
