{"id":124298,"date":"2024-03-22T09:43:03","date_gmt":"2024-03-22T09:43:03","guid":{"rendered":"https:\/\/turisme.dival.es\/turist_agenda\/territori-iber-yatova\/"},"modified":"2024-05-05T15:33:08","modified_gmt":"2024-05-05T15:33:08","slug":"territori-iber-yatova","status":"publish","type":"turist_agenda","link":"https:\/\/turisme.dival.es\/ca\/turist_agenda\/territori-iber-yatova\/","title":{"rendered":"Territori iber Y\u00e1tova"},"content":{"rendered":"<p>Y\u00e1tova t&#8217;ofereix un ampli calendari d&#8217;activitats i visites al Pic dels Alls, Col\u00b7lecci\u00f3 museogr\u00e0fica i reconstrucci\u00f3 de casa ibera.<\/p>\n<p><img loading=\"lazy\" decoding=\"async\" class=\"wp-image-92628 aligncenter\" src=\"https:\/\/turisme.dival.es\/wp-content\/uploads\/2024\/03\/CALENDARIO-2024.jpg\" alt=\"\" width=\"748\" height=\"748\" \/><\/p>\n<p>Reserva la visita tlf: 962516131 o mal <a href=\"mailto:picodelosajos@yatova.es\">picodelosajos@yatova.es<\/a><\/p>\n<p><a href=\"https:\/\/turisme.dival.es\/wp-content\/uploads\/2024\/03\/calenidario-Yatova.pdf\">Consulta la programaci\u00f3<\/a><\/p>\n","protected":false},"excerpt":{"rendered":"<p>Y\u00e1tova t&#8217;ofereix un ampli calendari d&#8217;activitats i visites al Pic dels Alls, Col\u00b7lecci\u00f3 museogr\u00e0fica i reconstrucci\u00f3 de casa ibera. Reserva la visita tlf: 962516131 o mal picodelosajos@yatova.es Consulta la programaci\u00f3<\/p>\n","protected":false},"featured_media":124299,"template":"","situacion":[2750],"categoria_agenda":[2368],"class_list":["post-124298","turist_agenda","type-turist_agenda","status-publish","has-post-thumbnail","hentry","situacion-la-hoya-de-bunol-chivayatova","categoria_agenda-cultura-ca"],"acf":{"fecha":"20240406","fecha_fin":"20241117","descargas":null,"galeria":[]},"yoast_head":"<!-- This site is optimized with the Yoast SEO plugin v23.0 - https:\/\/yoast.com\/wordpress\/plugins\/seo\/ -->\n<title>Territori iber Y\u00e1tova &#060; Valencia Turismo<\/title>\n<meta name=\"robots\" content=\"index, follow, max-snippet:-1, max-image-preview:large, max-video-preview:-1\" \/>\n<link rel=\"canonical\" href=\"https:\/\/turisme.dival.es\/ca\/turist_agenda\/territori-iber-yatova\/\" \/>\n<meta property=\"og:locale\" content=\"en_US\" \/>\n<meta property=\"og:type\" content=\"article\" \/>\n<meta property=\"og:title\" content=\"Territori iber Y\u00e1tova &#060; Valencia Turismo\" \/>\n<meta property=\"og:description\" content=\"Y\u00e1tova t&#8217;ofereix un ampli calendari d&#8217;activitats i visites al Pic dels Alls, Col\u00b7lecci\u00f3 museogr\u00e0fica i reconstrucci\u00f3 de casa ibera. Reserva la visita tlf: 962516131 o mal picodelosajos@yatova.es Consulta la programaci\u00f3\" \/>\n<meta property=\"og:url\" content=\"https:\/\/turisme.dival.es\/ca\/turist_agenda\/territori-iber-yatova\/\" \/>\n<meta property=\"og:site_name\" content=\"Valencia Turismo\" \/>\n<meta property=\"article:modified_time\" content=\"2024-05-05T15:33:08+00:00\" \/>\n<meta property=\"og:image\" content=\"https:\/\/turisme.dival.es\/wp-content\/uploads\/2024\/05\/visita-pico-ajos.jpg\" \/>\n\t<meta property=\"og:image:width\" content=\"960\" \/>\n\t<meta property=\"og:image:height\" content=\"720\" \/>\n\t<meta property=\"og:image:type\" content=\"image\/jpeg\" \/>\n<meta name=\"twitter:card\" content=\"summary_large_image\" \/>\n<script type=\"application\/ld+json\" class=\"yoast-schema-graph\">{\"@context\":\"https:\/\/schema.org\",\"@graph\":[{\"@type\":\"WebPage\",\"@id\":\"https:\/\/turisme.dival.es\/ca\/turist_agenda\/territori-iber-yatova\/\",\"url\":\"https:\/\/turisme.dival.es\/ca\/turist_agenda\/territori-iber-yatova\/\",\"name\":\"Territori iber Y\u00e1tova &#060; Valencia Turismo\",\"isPartOf\":{\"@id\":\"https:\/\/turisme.dival.es\/#website\"},\"primaryImageOfPage\":{\"@id\":\"https:\/\/turisme.dival.es\/ca\/turist_agenda\/territori-iber-yatova\/#primaryimage\"},\"image\":{\"@id\":\"https:\/\/turisme.dival.es\/ca\/turist_agenda\/territori-iber-yatova\/#primaryimage\"},\"thumbnailUrl\":\"https:\/\/turisme.dival.es\/wp-content\/uploads\/2024\/05\/visita-pico-ajos.jpg\",\"datePublished\":\"2024-03-22T09:43:03+00:00\",\"dateModified\":\"2024-05-05T15:33:08+00:00\",\"inLanguage\":\"vl\",\"potentialAction\":[{\"@type\":\"ReadAction\",\"target\":[\"https:\/\/turisme.dival.es\/ca\/turist_agenda\/territori-iber-yatova\/\"]}]},{\"@type\":\"ImageObject\",\"inLanguage\":\"vl\",\"@id\":\"https:\/\/turisme.dival.es\/ca\/turist_agenda\/territori-iber-yatova\/#primaryimage\",\"url\":\"https:\/\/turisme.dival.es\/wp-content\/uploads\/2024\/05\/visita-pico-ajos.jpg\",\"contentUrl\":\"https:\/\/turisme.dival.es\/wp-content\/uploads\/2024\/05\/visita-pico-ajos.jpg\",\"width\":960,\"height\":720},{\"@type\":\"WebSite\",\"@id\":\"https:\/\/turisme.dival.es\/#website\",\"url\":\"https:\/\/turisme.dival.es\/\",\"name\":\"valenciaturismo.com.mialias.net\",\"description\":\"\",\"potentialAction\":[{\"@type\":\"SearchAction\",\"target\":{\"@type\":\"EntryPoint\",\"urlTemplate\":\"https:\/\/turisme.dival.es\/?s={search_term_string}\"},\"query-input\":\"required name=search_term_string\"}],\"inLanguage\":\"vl\"}]}<\/script>\n<!-- \/ Yoast SEO plugin. -->","yoast_head_json":{"title":"Territori iber Y\u00e1tova &#060; Valencia Turismo","robots":{"index":"index","follow":"follow","max-snippet":"max-snippet:-1","max-image-preview":"max-image-preview:large","max-video-preview":"max-video-preview:-1"},"canonical":"https:\/\/turisme.dival.es\/ca\/turist_agenda\/territori-iber-yatova\/","og_locale":"en_US","og_type":"article","og_title":"Territori iber Y\u00e1tova &#060; Valencia Turismo","og_description":"Y\u00e1tova t&#8217;ofereix un ampli calendari d&#8217;activitats i visites al Pic dels Alls, Col\u00b7lecci\u00f3 museogr\u00e0fica i reconstrucci\u00f3 de casa ibera. Reserva la visita tlf: 962516131 o mal picodelosajos@yatova.es Consulta la programaci\u00f3","og_url":"https:\/\/turisme.dival.es\/ca\/turist_agenda\/territori-iber-yatova\/","og_site_name":"Valencia Turismo","article_modified_time":"2024-05-05T15:33:08+00:00","og_image":[{"width":960,"height":720,"url":"https:\/\/turisme.dival.es\/wp-content\/uploads\/2024\/05\/visita-pico-ajos.jpg","type":"image\/jpeg"}],"twitter_card":"summary_large_image","schema":{"@context":"https:\/\/schema.org","@graph":[{"@type":"WebPage","@id":"https:\/\/turisme.dival.es\/ca\/turist_agenda\/territori-iber-yatova\/","url":"https:\/\/turisme.dival.es\/ca\/turist_agenda\/territori-iber-yatova\/","name":"Territori iber Y\u00e1tova &#060; Valencia Turismo","isPartOf":{"@id":"https:\/\/turisme.dival.es\/#website"},"primaryImageOfPage":{"@id":"https:\/\/turisme.dival.es\/ca\/turist_agenda\/territori-iber-yatova\/#primaryimage"},"image":{"@id":"https:\/\/turisme.dival.es\/ca\/turist_agenda\/territori-iber-yatova\/#primaryimage"},"thumbnailUrl":"https:\/\/turisme.dival.es\/wp-content\/uploads\/2024\/05\/visita-pico-ajos.jpg","datePublished":"2024-03-22T09:43:03+00:00","dateModified":"2024-05-05T15:33:08+00:00","inLanguage":"vl","potentialAction":[{"@type":"ReadAction","target":["https:\/\/turisme.dival.es\/ca\/turist_agenda\/territori-iber-yatova\/"]}]},{"@type":"ImageObject","inLanguage":"vl","@id":"https:\/\/turisme.dival.es\/ca\/turist_agenda\/territori-iber-yatova\/#primaryimage","url":"https:\/\/turisme.dival.es\/wp-content\/uploads\/2024\/05\/visita-pico-ajos.jpg","contentUrl":"https:\/\/turisme.dival.es\/wp-content\/uploads\/2024\/05\/visita-pico-ajos.jpg","width":960,"height":720},{"@type":"WebSite","@id":"https:\/\/turisme.dival.es\/#website","url":"https:\/\/turisme.dival.es\/","name":"valenciaturismo.com.mialias.net","description":"","potentialAction":[{"@type":"SearchAction","target":{"@type":"EntryPoint","urlTemplate":"https:\/\/turisme.dival.es\/?s={search_term_string}"},"query-input":"required name=search_term_string"}],"inLanguage":"vl"}]}},"_links":{"self":[{"href":"https:\/\/turisme.dival.es\/ca\/wp-json\/wp\/v2\/turist_agenda\/124298","targetHints":{"allow":["GET"]}}],"collection":[{"href":"https:\/\/turisme.dival.es\/ca\/wp-json\/wp\/v2\/turist_agenda"}],"about":[{"href":"https:\/\/turisme.dival.es\/ca\/wp-json\/wp\/v2\/types\/turist_agenda"}],"wp:featuredmedia":[{"embeddable":true,"href":"https:\/\/turisme.dival.es\/ca\/wp-json\/wp\/v2\/media\/124299"}],"wp:attachment":[{"href":"https:\/\/turisme.dival.es\/ca\/wp-json\/wp\/v2\/media?parent=124298"}],"wp:term":[{"taxonomy":"situacion","embeddable":true,"href":"https:\/\/turisme.dival.es\/ca\/wp-json\/wp\/v2\/situacion?post=124298"},{"taxonomy":"categoria_agenda","embeddable":true,"href":"https:\/\/turisme.dival.es\/ca\/wp-json\/wp\/v2\/categoria_agenda?post=124298"}],"curies":[{"name":"wp","href":"https:\/\/api.w.org\/{rel}","templated":true}]}}

Territori iber Yátova

<p>Yátova t&#8217;ofereix un ampli calendari d&#8217;activitats i visites al Pic dels Alls, Col·lecció museogràfica i reconstrucció de casa ibera.</p>
<p><img loading="lazy" decoding="async" class="wp-image-92628 aligncenter" src="https://turisme.dival.es/wp-content/uploads/2024/03/CALENDARIO-2024.jpg" alt="" width="748" height="748" /></p>
<p>Reserva la visita tlf: 962516131 o mal <a href="mailto:picodelosajos@yatova.es">picodelosajos@yatova.es</a></p>
<p><a href="https://turisme.dival.es/wp-content/uploads/2024/03/calenidario-Yatova.pdf">Consulta la programació</a></p>

<p>Yátova t&#8217;ofereix un ampli calendari d&#8217;activitats i visites al Pic dels Alls, Col·lecció museogràfica i reconstrucció de casa ibera. Reserva la visita tlf: 962516131 o mal picodelosajos@yatova.es Consulta la programació</p>

<!-- This site is optimized with the Yoast SEO plugin v23.0 - https://yoast.com/wordpress/plugins/seo/ -->
<title>Territori iber Yátova &#060; Valencia Turismo</title>
<meta name="robots" content="index, follow, max-snippet:-1, max-image-preview:large, max-video-preview:-1" />
<link rel="canonical" href="https://turisme.dival.es/ca/turist_agenda/territori-iber-yatova/" />
<meta property="og:locale" content="en_US" />
<meta property="og:type" content="article" />
<meta property="og:title" content="Territori iber Yátova &#060; Valencia Turismo" />
<meta property="og:description" content="Yátova t&#8217;ofereix un ampli calendari d&#8217;activitats i visites al Pic dels Alls, Col·lecció museogràfica i reconstrucció de casa ibera. Reserva la visita tlf: 962516131 o mal picodelosajos@yatova.es Consulta la programació" />
<meta property="og:url" content="https://turisme.dival.es/ca/turist_agenda/territori-iber-yatova/" />
<meta property="og:site_name" content="Valencia Turismo" />
<meta property="article:modified_time" content="2024-05-05T15:33:08+00:00" />
<meta property="og:image" content="https://turisme.dival.es/wp-content/uploads/2024/05/visita-pico-ajos.jpg" />
	<meta property="og:image:width" content="960" />
	<meta property="og:image:height" content="720" />
	<meta property="og:image:type" content="image/jpeg" />
<meta name="twitter:card" content="summary_large_image" />
<script type="application/ld+json" class="yoast-schema-graph">{"@context":"https://schema.org","@graph":[{"@type":"WebPage","@id":"https://turisme.dival.es/ca/turist_agenda/territori-iber-yatova/","url":"https://turisme.dival.es/ca/turist_agenda/territori-iber-yatova/","name":"Territori iber Yátova &#060; Valencia Turismo","isPartOf":{"@id":"https://turisme.dival.es/#website"},"primaryImageOfPage":{"@id":"https://turisme.dival.es/ca/turist_agenda/territori-iber-yatova/#primaryimage"},"image":{"@id":"https://turisme.dival.es/ca/turist_agenda/territori-iber-yatova/#primaryimage"},"thumbnailUrl":"https://turisme.dival.es/wp-content/uploads/2024/05/visita-pico-ajos.jpg","datePublished":"2024-03-22T09:43:03+00:00","dateModified":"2024-05-05T15:33:08+00:00","inLanguage":"vl","potentialAction":[{"@type":"ReadAction","target":["https://turisme.dival.es/ca/turist_agenda/territori-iber-yatova/"]}]},{"@type":"ImageObject","inLanguage":"vl","@id":"https://turisme.dival.es/ca/turist_agenda/territori-iber-yatova/#primaryimage","url":"https://turisme.dival.es/wp-content/uploads/2024/05/visita-pico-ajos.jpg","contentUrl":"https://turisme.dival.es/wp-content/uploads/2024/05/visita-pico-ajos.jpg","width":960,"height":720},{"@type":"WebSite","@id":"https://turisme.dival.es/#website","url":"https://turisme.dival.es/","name":"valenciaturismo.com.mialias.net","description":"","potentialAction":[{"@type":"SearchAction","target":{"@type":"EntryPoint","urlTemplate":"https://turisme.dival.es/?s={search_term_string}"},"query-input":"required name=search_term_string"}],"inLanguage":"vl"}]}</script>
<!-- / Yoast SEO plugin. -->

Territori iber Yátova &#060; Valencia Turismo

Yátova t&#8217;ofereix un ampli calendari d&#8217;activitats i visites al Pic dels Alls, Col·lecció museogràfica i reconstrucció de casa ibera. Reserva la visita tlf: 962516131 o mal picodelosajos@yatova.es Consulta la programació
