{"id":124282,"date":"2024-02-19T11:51:51","date_gmt":"2024-02-19T11:51:51","guid":{"rendered":"https:\/\/turisme.dival.es\/turist_agenda\/92012\/"},"modified":"2024-05-05T15:32:52","modified_gmt":"2024-05-05T15:32:52","slug":"92012","status":"publish","type":"turist_agenda","link":"https:\/\/turisme.dival.es\/ca\/turist_agenda\/92012\/","title":{"rendered":""},"content":{"rendered":"<p>En l&#8217;objectiu de fomentar la cultura gastron\u00f2mica tradicional i estimular el consum de l&#8217;hostaleria durant la Sant Valent\u00ed, la &#8220;Confederacio\u0301n de Hosteleri\u0301a i Turismo&#8221; de la Comunitat Valenciana (CONHOSTUR), i en la colaboracio\u0301 de Turisme Comunitat Valenciana \u2013 L\u2019Exquisit Mediterrani organitzen les Jornades dels Plats de Cullera, en les quals pretenen potenciar l&#8217;oferta de restauracio\u0301 de la Comunitat Valenciana.<\/p>\n<p>Aquesta nova edici\u00f3 de les Jornades tracta de reivindicar les receptes i productes m\u00e9s tradicionals del nostre receptari. Del 14 de Febrer al 3 de Mar\u00e7 de 2024, 60 restaurants de tota la Comunitat Valenciana ofereixen als seus clients menu\u0301s especials, en alguns dels plats de cullera, entrants, postres i vins representatius del territori.<\/p>\n<p>En la web de l&#8217;esdeveniment, www.jornadasdecuchara.es pots consultar els 60 men\u00fas de les Jornades, en els seus preus i dies de vig\u00e8ncia dels restaurants participants.<\/p>\n","protected":false},"excerpt":{"rendered":"<p>En l&#8217;objectiu de fomentar la cultura gastron\u00f2mica tradicional i estimular el consum de l&#8217;hostaleria durant la Sant Valent\u00ed, la &#8220;Confederacio\u0301n de Hosteleri\u0301a i Turismo&#8221; de la Comunitat Valenciana (CONHOSTUR), i en la colaboracio\u0301 de Turisme Comunitat Valenciana \u2013 L\u2019Exquisit Mediterrani organitzen les Jornades dels Plats de Cullera, en les quals pretenen potenciar l&#8217;oferta de restauracio\u0301 [&hellip;]<\/p>\n","protected":false},"featured_media":123815,"template":"","situacion":[],"categoria_agenda":[2369],"class_list":["post-124282","turist_agenda","type-turist_agenda","status-publish","has-post-thumbnail","hentry","categoria_agenda-gastronomia-ca"],"acf":{"fecha":"20240214","fecha_fin":"20240303","descargas":null,"galeria":[]},"yoast_head":"<!-- This site is optimized with the Yoast SEO plugin v23.0 - https:\/\/yoast.com\/wordpress\/plugins\/seo\/ -->\n<title>&#060; Valencia Turismo<\/title>\n<meta name=\"robots\" content=\"index, follow, max-snippet:-1, max-image-preview:large, max-video-preview:-1\" \/>\n<link rel=\"canonical\" href=\"https:\/\/turisme.dival.es\/ca\/turist_agenda\/92012\/\" \/>\n<meta property=\"og:locale\" content=\"en_US\" \/>\n<meta property=\"og:type\" content=\"article\" \/>\n<meta property=\"og:title\" content=\"&#060; Valencia Turismo\" \/>\n<meta property=\"og:description\" content=\"En l&#8217;objectiu de fomentar la cultura gastron\u00f2mica tradicional i estimular el consum de l&#8217;hostaleria durant la Sant Valent\u00ed, la &#8220;Confederacio\u0301n de Hosteleri\u0301a i Turismo&#8221; de la Comunitat Valenciana (CONHOSTUR), i en la colaboracio\u0301 de Turisme Comunitat Valenciana \u2013 L\u2019Exquisit Mediterrani organitzen les Jornades dels Plats de Cullera, en les quals pretenen potenciar l&#8217;oferta de restauracio\u0301 [&hellip;]\" \/>\n<meta property=\"og:url\" content=\"https:\/\/turisme.dival.es\/ca\/turist_agenda\/92012\/\" \/>\n<meta property=\"og:site_name\" content=\"Valencia Turismo\" \/>\n<meta property=\"article:modified_time\" content=\"2024-05-05T15:32:52+00:00\" \/>\n<meta property=\"og:image\" content=\"https:\/\/turisme.dival.es\/wp-content\/uploads\/2024\/05\/platos-cuchara.jpg\" \/>\n\t<meta property=\"og:image:width\" content=\"1097\" \/>\n\t<meta property=\"og:image:height\" content=\"1097\" \/>\n\t<meta property=\"og:image:type\" content=\"image\/jpeg\" \/>\n<meta name=\"twitter:card\" content=\"summary_large_image\" \/>\n<meta name=\"twitter:label1\" content=\"Est. reading time\" \/>\n\t<meta name=\"twitter:data1\" content=\"1 minute\" \/>\n<script type=\"application\/ld+json\" class=\"yoast-schema-graph\">{\"@context\":\"https:\/\/schema.org\",\"@graph\":[{\"@type\":\"WebPage\",\"@id\":\"https:\/\/turisme.dival.es\/ca\/turist_agenda\/92012\/\",\"url\":\"https:\/\/turisme.dival.es\/ca\/turist_agenda\/92012\/\",\"name\":\"&#060; Valencia Turismo\",\"isPartOf\":{\"@id\":\"https:\/\/turisme.dival.es\/#website\"},\"primaryImageOfPage\":{\"@id\":\"https:\/\/turisme.dival.es\/ca\/turist_agenda\/92012\/#primaryimage\"},\"image\":{\"@id\":\"https:\/\/turisme.dival.es\/ca\/turist_agenda\/92012\/#primaryimage\"},\"thumbnailUrl\":\"https:\/\/turisme.dival.es\/wp-content\/uploads\/2024\/05\/platos-cuchara.jpg\",\"datePublished\":\"2024-02-19T11:51:51+00:00\",\"dateModified\":\"2024-05-05T15:32:52+00:00\",\"breadcrumb\":{\"@id\":\"https:\/\/turisme.dival.es\/ca\/turist_agenda\/92012\/#breadcrumb\"},\"inLanguage\":\"vl\",\"potentialAction\":[{\"@type\":\"ReadAction\",\"target\":[\"https:\/\/turisme.dival.es\/ca\/turist_agenda\/92012\/\"]}]},{\"@type\":\"ImageObject\",\"inLanguage\":\"vl\",\"@id\":\"https:\/\/turisme.dival.es\/ca\/turist_agenda\/92012\/#primaryimage\",\"url\":\"https:\/\/turisme.dival.es\/wp-content\/uploads\/2024\/05\/platos-cuchara.jpg\",\"contentUrl\":\"https:\/\/turisme.dival.es\/wp-content\/uploads\/2024\/05\/platos-cuchara.jpg\",\"width\":1097,\"height\":1097},{\"@type\":\"BreadcrumbList\",\"@id\":\"https:\/\/turisme.dival.es\/ca\/turist_agenda\/92012\/#breadcrumb\",\"itemListElement\":[]},{\"@type\":\"WebSite\",\"@id\":\"https:\/\/turisme.dival.es\/#website\",\"url\":\"https:\/\/turisme.dival.es\/\",\"name\":\"valenciaturismo.com.mialias.net\",\"description\":\"\",\"potentialAction\":[{\"@type\":\"SearchAction\",\"target\":{\"@type\":\"EntryPoint\",\"urlTemplate\":\"https:\/\/turisme.dival.es\/?s={search_term_string}\"},\"query-input\":\"required name=search_term_string\"}],\"inLanguage\":\"vl\"}]}<\/script>\n<!-- \/ Yoast SEO plugin. -->","yoast_head_json":{"title":"&#060; Valencia Turismo","robots":{"index":"index","follow":"follow","max-snippet":"max-snippet:-1","max-image-preview":"max-image-preview:large","max-video-preview":"max-video-preview:-1"},"canonical":"https:\/\/turisme.dival.es\/ca\/turist_agenda\/92012\/","og_locale":"en_US","og_type":"article","og_title":"&#060; Valencia Turismo","og_description":"En l&#8217;objectiu de fomentar la cultura gastron\u00f2mica tradicional i estimular el consum de l&#8217;hostaleria durant la Sant Valent\u00ed, la &#8220;Confederacio\u0301n de Hosteleri\u0301a i Turismo&#8221; de la Comunitat Valenciana (CONHOSTUR), i en la colaboracio\u0301 de Turisme Comunitat Valenciana \u2013 L\u2019Exquisit Mediterrani organitzen les Jornades dels Plats de Cullera, en les quals pretenen potenciar l&#8217;oferta de restauracio\u0301 [&hellip;]","og_url":"https:\/\/turisme.dival.es\/ca\/turist_agenda\/92012\/","og_site_name":"Valencia Turismo","article_modified_time":"2024-05-05T15:32:52+00:00","og_image":[{"width":1097,"height":1097,"url":"https:\/\/turisme.dival.es\/wp-content\/uploads\/2024\/05\/platos-cuchara.jpg","type":"image\/jpeg"}],"twitter_card":"summary_large_image","twitter_misc":{"Est. reading time":"1 minute"},"schema":{"@context":"https:\/\/schema.org","@graph":[{"@type":"WebPage","@id":"https:\/\/turisme.dival.es\/ca\/turist_agenda\/92012\/","url":"https:\/\/turisme.dival.es\/ca\/turist_agenda\/92012\/","name":"&#060; Valencia Turismo","isPartOf":{"@id":"https:\/\/turisme.dival.es\/#website"},"primaryImageOfPage":{"@id":"https:\/\/turisme.dival.es\/ca\/turist_agenda\/92012\/#primaryimage"},"image":{"@id":"https:\/\/turisme.dival.es\/ca\/turist_agenda\/92012\/#primaryimage"},"thumbnailUrl":"https:\/\/turisme.dival.es\/wp-content\/uploads\/2024\/05\/platos-cuchara.jpg","datePublished":"2024-02-19T11:51:51+00:00","dateModified":"2024-05-05T15:32:52+00:00","breadcrumb":{"@id":"https:\/\/turisme.dival.es\/ca\/turist_agenda\/92012\/#breadcrumb"},"inLanguage":"vl","potentialAction":[{"@type":"ReadAction","target":["https:\/\/turisme.dival.es\/ca\/turist_agenda\/92012\/"]}]},{"@type":"ImageObject","inLanguage":"vl","@id":"https:\/\/turisme.dival.es\/ca\/turist_agenda\/92012\/#primaryimage","url":"https:\/\/turisme.dival.es\/wp-content\/uploads\/2024\/05\/platos-cuchara.jpg","contentUrl":"https:\/\/turisme.dival.es\/wp-content\/uploads\/2024\/05\/platos-cuchara.jpg","width":1097,"height":1097},{"@type":"BreadcrumbList","@id":"https:\/\/turisme.dival.es\/ca\/turist_agenda\/92012\/#breadcrumb","itemListElement":[]},{"@type":"WebSite","@id":"https:\/\/turisme.dival.es\/#website","url":"https:\/\/turisme.dival.es\/","name":"valenciaturismo.com.mialias.net","description":"","potentialAction":[{"@type":"SearchAction","target":{"@type":"EntryPoint","urlTemplate":"https:\/\/turisme.dival.es\/?s={search_term_string}"},"query-input":"required name=search_term_string"}],"inLanguage":"vl"}]}},"_links":{"self":[{"href":"https:\/\/turisme.dival.es\/ca\/wp-json\/wp\/v2\/turist_agenda\/124282","targetHints":{"allow":["GET"]}}],"collection":[{"href":"https:\/\/turisme.dival.es\/ca\/wp-json\/wp\/v2\/turist_agenda"}],"about":[{"href":"https:\/\/turisme.dival.es\/ca\/wp-json\/wp\/v2\/types\/turist_agenda"}],"wp:featuredmedia":[{"embeddable":true,"href":"https:\/\/turisme.dival.es\/ca\/wp-json\/wp\/v2\/media\/123815"}],"wp:attachment":[{"href":"https:\/\/turisme.dival.es\/ca\/wp-json\/wp\/v2\/media?parent=124282"}],"wp:term":[{"taxonomy":"situacion","embeddable":true,"href":"https:\/\/turisme.dival.es\/ca\/wp-json\/wp\/v2\/situacion?post=124282"},{"taxonomy":"categoria_agenda","embeddable":true,"href":"https:\/\/turisme.dival.es\/ca\/wp-json\/wp\/v2\/categoria_agenda?post=124282"}],"curies":[{"name":"wp","href":"https:\/\/api.w.org\/{rel}","templated":true}]}}

<p>En l&#8217;objectiu de fomentar la cultura gastronòmica tradicional i estimular el consum de l&#8217;hostaleria durant la Sant Valentí, la &#8220;Confederación de Hostelería i Turismo&#8221; de la Comunitat Valenciana (CONHOSTUR), i en la colaboració de Turisme Comunitat Valenciana – L’Exquisit Mediterrani organitzen les Jornades dels Plats de Cullera, en les quals pretenen potenciar l&#8217;oferta de restauració de la Comunitat Valenciana.</p>
<p>Aquesta nova edició de les Jornades tracta de reivindicar les receptes i productes més tradicionals del nostre receptari. Del 14 de Febrer al 3 de Març de 2024, 60 restaurants de tota la Comunitat Valenciana ofereixen als seus clients menús especials, en alguns dels plats de cullera, entrants, postres i vins representatius del territori.</p>
<p>En la web de l&#8217;esdeveniment, www.jornadasdecuchara.es pots consultar els 60 menús de les Jornades, en els seus preus i dies de vigència dels restaurants participants.</p>

<p>En l&#8217;objectiu de fomentar la cultura gastronòmica tradicional i estimular el consum de l&#8217;hostaleria durant la Sant Valentí, la &#8220;Confederación de Hostelería i Turismo&#8221; de la Comunitat Valenciana (CONHOSTUR), i en la colaboració de Turisme Comunitat Valenciana – L’Exquisit Mediterrani organitzen les Jornades dels Plats de Cullera, en les quals pretenen potenciar l&#8217;oferta de restauració [&hellip;]</p>

<!-- This site is optimized with the Yoast SEO plugin v23.0 - https://yoast.com/wordpress/plugins/seo/ -->
<title>&#060; Valencia Turismo</title>
<meta name="robots" content="index, follow, max-snippet:-1, max-image-preview:large, max-video-preview:-1" />
<link rel="canonical" href="https://turisme.dival.es/ca/turist_agenda/92012/" />
<meta property="og:locale" content="en_US" />
<meta property="og:type" content="article" />
<meta property="og:title" content="&#060; Valencia Turismo" />
<meta property="og:description" content="En l&#8217;objectiu de fomentar la cultura gastronòmica tradicional i estimular el consum de l&#8217;hostaleria durant la Sant Valentí, la &#8220;Confederación de Hostelería i Turismo&#8221; de la Comunitat Valenciana (CONHOSTUR), i en la colaboració de Turisme Comunitat Valenciana – L’Exquisit Mediterrani organitzen les Jornades dels Plats de Cullera, en les quals pretenen potenciar l&#8217;oferta de restauració [&hellip;]" />
<meta property="og:url" content="https://turisme.dival.es/ca/turist_agenda/92012/" />
<meta property="og:site_name" content="Valencia Turismo" />
<meta property="article:modified_time" content="2024-05-05T15:32:52+00:00" />
<meta property="og:image" content="https://turisme.dival.es/wp-content/uploads/2024/05/platos-cuchara.jpg" />
	<meta property="og:image:width" content="1097" />
	<meta property="og:image:height" content="1097" />
	<meta property="og:image:type" content="image/jpeg" />
<meta name="twitter:card" content="summary_large_image" />
<meta name="twitter:label1" content="Est. reading time" />
	<meta name="twitter:data1" content="1 minute" />
<script type="application/ld+json" class="yoast-schema-graph">{"@context":"https://schema.org","@graph":[{"@type":"WebPage","@id":"https://turisme.dival.es/ca/turist_agenda/92012/","url":"https://turisme.dival.es/ca/turist_agenda/92012/","name":"&#060; Valencia Turismo","isPartOf":{"@id":"https://turisme.dival.es/#website"},"primaryImageOfPage":{"@id":"https://turisme.dival.es/ca/turist_agenda/92012/#primaryimage"},"image":{"@id":"https://turisme.dival.es/ca/turist_agenda/92012/#primaryimage"},"thumbnailUrl":"https://turisme.dival.es/wp-content/uploads/2024/05/platos-cuchara.jpg","datePublished":"2024-02-19T11:51:51+00:00","dateModified":"2024-05-05T15:32:52+00:00","breadcrumb":{"@id":"https://turisme.dival.es/ca/turist_agenda/92012/#breadcrumb"},"inLanguage":"vl","potentialAction":[{"@type":"ReadAction","target":["https://turisme.dival.es/ca/turist_agenda/92012/"]}]},{"@type":"ImageObject","inLanguage":"vl","@id":"https://turisme.dival.es/ca/turist_agenda/92012/#primaryimage","url":"https://turisme.dival.es/wp-content/uploads/2024/05/platos-cuchara.jpg","contentUrl":"https://turisme.dival.es/wp-content/uploads/2024/05/platos-cuchara.jpg","width":1097,"height":1097},{"@type":"BreadcrumbList","@id":"https://turisme.dival.es/ca/turist_agenda/92012/#breadcrumb","itemListElement":[]},{"@type":"WebSite","@id":"https://turisme.dival.es/#website","url":"https://turisme.dival.es/","name":"valenciaturismo.com.mialias.net","description":"","potentialAction":[{"@type":"SearchAction","target":{"@type":"EntryPoint","urlTemplate":"https://turisme.dival.es/?s={search_term_string}"},"query-input":"required name=search_term_string"}],"inLanguage":"vl"}]}</script>
<!-- / Yoast SEO plugin. -->

En l&#8217;objectiu de fomentar la cultura gastronòmica tradicional i estimular el consum de l&#8217;hostaleria durant la Sant Valentí, la &#8220;Confederación de Hostelería i Turismo&#8221; de la Comunitat Valenciana (CONHOSTUR), i en la colaboració de Turisme Comunitat Valenciana – L’Exquisit Mediterrani organitzen les Jornades dels Plats de Cullera, en les quals pretenen potenciar l&#8217;oferta de restauració [&hellip;]
