{"id":124129,"date":"2023-12-12T10:15:55","date_gmt":"2023-12-12T10:15:55","guid":{"rendered":"https:\/\/turisme.dival.es\/turist_agenda\/mercat-de-la-tofona-de-chelva\/"},"modified":"2024-05-05T15:32:15","modified_gmt":"2024-05-05T15:32:15","slug":"mercat-de-la-tofona-de-chelva","status":"publish","type":"turist_agenda","link":"https:\/\/turisme.dival.es\/ca\/turist_agenda\/mercat-de-la-tofona-de-chelva\/","title":{"rendered":"Mercat de la t\u00f2fona de Chelva"},"content":{"rendered":"<p>Chelva celebra el mercat de la t\u00f2fona valenciana el 17 de desembre, en la pla\u00e7a Major del municipi.<\/p>\n<p>El mercat obrir\u00e0 les seues portes a les 10.00 hores i tancar\u00e0 a les 17.00 hores.<\/p>\n<p>Entre les diferents activitats, hi haur\u00e0 demostraci\u00f3 amb gossos tofoners, degustaci\u00f3 de formatges tofoners, panell de tast de t\u00f2fona, showcooking, etc<\/p>\n","protected":false},"excerpt":{"rendered":"<p>Chelva celebra el mercat de la t\u00f2fona valenciana el 17 de desembre, en la pla\u00e7a Major del municipi.<\/p>\n","protected":false},"featured_media":123686,"template":"","situacion":[2745],"categoria_agenda":[2369],"class_list":["post-124129","turist_agenda","type-turist_agenda","status-publish","has-post-thumbnail","hentry","situacion-la-serraniachelva","categoria_agenda-gastronomia-ca"],"acf":{"fecha":"20231217","fecha_fin":"20231217","descargas":null,"galeria":[]},"yoast_head":"<!-- This site is optimized with the Yoast SEO plugin v23.0 - https:\/\/yoast.com\/wordpress\/plugins\/seo\/ -->\n<title>Mercat de la t\u00f2fona de Chelva &#060; Valencia Turismo<\/title>\n<meta name=\"robots\" content=\"index, follow, max-snippet:-1, max-image-preview:large, max-video-preview:-1\" \/>\n<link rel=\"canonical\" href=\"https:\/\/turisme.dival.es\/ca\/turist_agenda\/mercat-de-la-tofona-de-chelva\/\" \/>\n<meta property=\"og:locale\" content=\"en_US\" \/>\n<meta property=\"og:type\" content=\"article\" \/>\n<meta property=\"og:title\" content=\"Mercat de la t\u00f2fona de Chelva &#060; Valencia Turismo\" \/>\n<meta property=\"og:description\" content=\"Chelva celebra el mercat de la t\u00f2fona valenciana el 17 de desembre, en la pla\u00e7a Major del municipi.\" \/>\n<meta property=\"og:url\" content=\"https:\/\/turisme.dival.es\/ca\/turist_agenda\/mercat-de-la-tofona-de-chelva\/\" \/>\n<meta property=\"og:site_name\" content=\"Valencia Turismo\" \/>\n<meta property=\"article:modified_time\" content=\"2024-05-05T15:32:15+00:00\" \/>\n<meta property=\"og:image\" content=\"https:\/\/turisme.dival.es\/wp-content\/uploads\/2024\/05\/WhatsApp-Image-2023-12-11-at-09.38.40.jpeg\" \/>\n\t<meta property=\"og:image:width\" content=\"1600\" \/>\n\t<meta property=\"og:image:height\" content=\"1143\" \/>\n\t<meta property=\"og:image:type\" content=\"image\/jpeg\" \/>\n<meta name=\"twitter:card\" content=\"summary_large_image\" \/>\n<script type=\"application\/ld+json\" class=\"yoast-schema-graph\">{\"@context\":\"https:\/\/schema.org\",\"@graph\":[{\"@type\":\"WebPage\",\"@id\":\"https:\/\/turisme.dival.es\/ca\/turist_agenda\/mercat-de-la-tofona-de-chelva\/\",\"url\":\"https:\/\/turisme.dival.es\/ca\/turist_agenda\/mercat-de-la-tofona-de-chelva\/\",\"name\":\"Mercat de la t\u00f2fona de Chelva &#060; Valencia Turismo\",\"isPartOf\":{\"@id\":\"https:\/\/turisme.dival.es\/#website\"},\"primaryImageOfPage\":{\"@id\":\"https:\/\/turisme.dival.es\/ca\/turist_agenda\/mercat-de-la-tofona-de-chelva\/#primaryimage\"},\"image\":{\"@id\":\"https:\/\/turisme.dival.es\/ca\/turist_agenda\/mercat-de-la-tofona-de-chelva\/#primaryimage\"},\"thumbnailUrl\":\"https:\/\/turisme.dival.es\/wp-content\/uploads\/2024\/05\/WhatsApp-Image-2023-12-11-at-09.38.40.jpeg\",\"datePublished\":\"2023-12-12T10:15:55+00:00\",\"dateModified\":\"2024-05-05T15:32:15+00:00\",\"inLanguage\":\"vl\",\"potentialAction\":[{\"@type\":\"ReadAction\",\"target\":[\"https:\/\/turisme.dival.es\/ca\/turist_agenda\/mercat-de-la-tofona-de-chelva\/\"]}]},{\"@type\":\"ImageObject\",\"inLanguage\":\"vl\",\"@id\":\"https:\/\/turisme.dival.es\/ca\/turist_agenda\/mercat-de-la-tofona-de-chelva\/#primaryimage\",\"url\":\"https:\/\/turisme.dival.es\/wp-content\/uploads\/2024\/05\/WhatsApp-Image-2023-12-11-at-09.38.40.jpeg\",\"contentUrl\":\"https:\/\/turisme.dival.es\/wp-content\/uploads\/2024\/05\/WhatsApp-Image-2023-12-11-at-09.38.40.jpeg\",\"width\":1600,\"height\":1143},{\"@type\":\"WebSite\",\"@id\":\"https:\/\/turisme.dival.es\/#website\",\"url\":\"https:\/\/turisme.dival.es\/\",\"name\":\"valenciaturismo.com.mialias.net\",\"description\":\"\",\"potentialAction\":[{\"@type\":\"SearchAction\",\"target\":{\"@type\":\"EntryPoint\",\"urlTemplate\":\"https:\/\/turisme.dival.es\/?s={search_term_string}\"},\"query-input\":\"required name=search_term_string\"}],\"inLanguage\":\"vl\"}]}<\/script>\n<!-- \/ Yoast SEO plugin. -->","yoast_head_json":{"title":"Mercat de la t\u00f2fona de Chelva &#060; Valencia Turismo","robots":{"index":"index","follow":"follow","max-snippet":"max-snippet:-1","max-image-preview":"max-image-preview:large","max-video-preview":"max-video-preview:-1"},"canonical":"https:\/\/turisme.dival.es\/ca\/turist_agenda\/mercat-de-la-tofona-de-chelva\/","og_locale":"en_US","og_type":"article","og_title":"Mercat de la t\u00f2fona de Chelva &#060; Valencia Turismo","og_description":"Chelva celebra el mercat de la t\u00f2fona valenciana el 17 de desembre, en la pla\u00e7a Major del municipi.","og_url":"https:\/\/turisme.dival.es\/ca\/turist_agenda\/mercat-de-la-tofona-de-chelva\/","og_site_name":"Valencia Turismo","article_modified_time":"2024-05-05T15:32:15+00:00","og_image":[{"width":1600,"height":1143,"url":"https:\/\/turisme.dival.es\/wp-content\/uploads\/2024\/05\/WhatsApp-Image-2023-12-11-at-09.38.40.jpeg","type":"image\/jpeg"}],"twitter_card":"summary_large_image","schema":{"@context":"https:\/\/schema.org","@graph":[{"@type":"WebPage","@id":"https:\/\/turisme.dival.es\/ca\/turist_agenda\/mercat-de-la-tofona-de-chelva\/","url":"https:\/\/turisme.dival.es\/ca\/turist_agenda\/mercat-de-la-tofona-de-chelva\/","name":"Mercat de la t\u00f2fona de Chelva &#060; Valencia Turismo","isPartOf":{"@id":"https:\/\/turisme.dival.es\/#website"},"primaryImageOfPage":{"@id":"https:\/\/turisme.dival.es\/ca\/turist_agenda\/mercat-de-la-tofona-de-chelva\/#primaryimage"},"image":{"@id":"https:\/\/turisme.dival.es\/ca\/turist_agenda\/mercat-de-la-tofona-de-chelva\/#primaryimage"},"thumbnailUrl":"https:\/\/turisme.dival.es\/wp-content\/uploads\/2024\/05\/WhatsApp-Image-2023-12-11-at-09.38.40.jpeg","datePublished":"2023-12-12T10:15:55+00:00","dateModified":"2024-05-05T15:32:15+00:00","inLanguage":"vl","potentialAction":[{"@type":"ReadAction","target":["https:\/\/turisme.dival.es\/ca\/turist_agenda\/mercat-de-la-tofona-de-chelva\/"]}]},{"@type":"ImageObject","inLanguage":"vl","@id":"https:\/\/turisme.dival.es\/ca\/turist_agenda\/mercat-de-la-tofona-de-chelva\/#primaryimage","url":"https:\/\/turisme.dival.es\/wp-content\/uploads\/2024\/05\/WhatsApp-Image-2023-12-11-at-09.38.40.jpeg","contentUrl":"https:\/\/turisme.dival.es\/wp-content\/uploads\/2024\/05\/WhatsApp-Image-2023-12-11-at-09.38.40.jpeg","width":1600,"height":1143},{"@type":"WebSite","@id":"https:\/\/turisme.dival.es\/#website","url":"https:\/\/turisme.dival.es\/","name":"valenciaturismo.com.mialias.net","description":"","potentialAction":[{"@type":"SearchAction","target":{"@type":"EntryPoint","urlTemplate":"https:\/\/turisme.dival.es\/?s={search_term_string}"},"query-input":"required name=search_term_string"}],"inLanguage":"vl"}]}},"_links":{"self":[{"href":"https:\/\/turisme.dival.es\/ca\/wp-json\/wp\/v2\/turist_agenda\/124129","targetHints":{"allow":["GET"]}}],"collection":[{"href":"https:\/\/turisme.dival.es\/ca\/wp-json\/wp\/v2\/turist_agenda"}],"about":[{"href":"https:\/\/turisme.dival.es\/ca\/wp-json\/wp\/v2\/types\/turist_agenda"}],"wp:featuredmedia":[{"embeddable":true,"href":"https:\/\/turisme.dival.es\/ca\/wp-json\/wp\/v2\/media\/123686"}],"wp:attachment":[{"href":"https:\/\/turisme.dival.es\/ca\/wp-json\/wp\/v2\/media?parent=124129"}],"wp:term":[{"taxonomy":"situacion","embeddable":true,"href":"https:\/\/turisme.dival.es\/ca\/wp-json\/wp\/v2\/situacion?post=124129"},{"taxonomy":"categoria_agenda","embeddable":true,"href":"https:\/\/turisme.dival.es\/ca\/wp-json\/wp\/v2\/categoria_agenda?post=124129"}],"curies":[{"name":"wp","href":"https:\/\/api.w.org\/{rel}","templated":true}]}}

Mercat de la tòfona de Chelva

<p>Chelva celebra el mercat de la tòfona valenciana el 17 de desembre, en la plaça Major del municipi.</p>
<p>El mercat obrirà les seues portes a les 10.00 hores i tancarà a les 17.00 hores.</p>
<p>Entre les diferents activitats, hi haurà demostració amb gossos tofoners, degustació de formatges tofoners, panell de tast de tòfona, showcooking, etc</p>

<p>Chelva celebra el mercat de la tòfona valenciana el 17 de desembre, en la plaça Major del municipi.</p>

<!-- This site is optimized with the Yoast SEO plugin v23.0 - https://yoast.com/wordpress/plugins/seo/ -->
<title>Mercat de la tòfona de Chelva &#060; Valencia Turismo</title>
<meta name="robots" content="index, follow, max-snippet:-1, max-image-preview:large, max-video-preview:-1" />
<link rel="canonical" href="https://turisme.dival.es/ca/turist_agenda/mercat-de-la-tofona-de-chelva/" />
<meta property="og:locale" content="en_US" />
<meta property="og:type" content="article" />
<meta property="og:title" content="Mercat de la tòfona de Chelva &#060; Valencia Turismo" />
<meta property="og:description" content="Chelva celebra el mercat de la tòfona valenciana el 17 de desembre, en la plaça Major del municipi." />
<meta property="og:url" content="https://turisme.dival.es/ca/turist_agenda/mercat-de-la-tofona-de-chelva/" />
<meta property="og:site_name" content="Valencia Turismo" />
<meta property="article:modified_time" content="2024-05-05T15:32:15+00:00" />
<meta property="og:image" content="https://turisme.dival.es/wp-content/uploads/2024/05/WhatsApp-Image-2023-12-11-at-09.38.40.jpeg" />
	<meta property="og:image:width" content="1600" />
	<meta property="og:image:height" content="1143" />
	<meta property="og:image:type" content="image/jpeg" />
<meta name="twitter:card" content="summary_large_image" />
<script type="application/ld+json" class="yoast-schema-graph">{"@context":"https://schema.org","@graph":[{"@type":"WebPage","@id":"https://turisme.dival.es/ca/turist_agenda/mercat-de-la-tofona-de-chelva/","url":"https://turisme.dival.es/ca/turist_agenda/mercat-de-la-tofona-de-chelva/","name":"Mercat de la tòfona de Chelva &#060; Valencia Turismo","isPartOf":{"@id":"https://turisme.dival.es/#website"},"primaryImageOfPage":{"@id":"https://turisme.dival.es/ca/turist_agenda/mercat-de-la-tofona-de-chelva/#primaryimage"},"image":{"@id":"https://turisme.dival.es/ca/turist_agenda/mercat-de-la-tofona-de-chelva/#primaryimage"},"thumbnailUrl":"https://turisme.dival.es/wp-content/uploads/2024/05/WhatsApp-Image-2023-12-11-at-09.38.40.jpeg","datePublished":"2023-12-12T10:15:55+00:00","dateModified":"2024-05-05T15:32:15+00:00","inLanguage":"vl","potentialAction":[{"@type":"ReadAction","target":["https://turisme.dival.es/ca/turist_agenda/mercat-de-la-tofona-de-chelva/"]}]},{"@type":"ImageObject","inLanguage":"vl","@id":"https://turisme.dival.es/ca/turist_agenda/mercat-de-la-tofona-de-chelva/#primaryimage","url":"https://turisme.dival.es/wp-content/uploads/2024/05/WhatsApp-Image-2023-12-11-at-09.38.40.jpeg","contentUrl":"https://turisme.dival.es/wp-content/uploads/2024/05/WhatsApp-Image-2023-12-11-at-09.38.40.jpeg","width":1600,"height":1143},{"@type":"WebSite","@id":"https://turisme.dival.es/#website","url":"https://turisme.dival.es/","name":"valenciaturismo.com.mialias.net","description":"","potentialAction":[{"@type":"SearchAction","target":{"@type":"EntryPoint","urlTemplate":"https://turisme.dival.es/?s={search_term_string}"},"query-input":"required name=search_term_string"}],"inLanguage":"vl"}]}</script>
<!-- / Yoast SEO plugin. -->

Mercat de la tòfona de Chelva &#060; Valencia Turismo

Chelva celebra el mercat de la tòfona valenciana el 17 de desembre, en la plaça Major del municipi.
