{"id":124127,"date":"2023-12-11T13:19:19","date_gmt":"2023-12-11T13:19:19","guid":{"rendered":"https:\/\/turisme.dival.es\/turist_agenda\/betlem-de-xativa\/"},"modified":"2024-12-04T11:56:43","modified_gmt":"2024-12-04T11:56:43","slug":"betlem-de-xativa","status":"publish","type":"turist_agenda","link":"https:\/\/turisme.dival.es\/ca\/turist_agenda\/betlem-de-xativa\/","title":{"rendered":"Betlem de X\u00e0tiva"},"content":{"rendered":"<p>A X\u00e0tiva cada any es munta un espectacular Betlem, en la Albereda Jaume I. Aquest tradicional pesebre, que ocupa una superf\u00edcie de 1.600 metres quadrats, \u00e9s un dels m\u00e9s grans de la Comunitat Valenciana i d&#8217;Espanya.<\/p>\n<p>Aquest impressionant betlem, que cuida cada detall, interpreta nombroses escenes en figures a grand\u00e0ria real realitzades per artistes fallers, materials reciclats i animals vius com a \u00e0necs, oques, ovelles i rucs.<\/p>\n<p>Pots visitar-ho des del 5 de desembre fins al 6 de gener.<\/p>\n<p>Horari de visita: de 10.00 a 22.00 hores<\/p>\n<p>Dia 24 i 31 de desembre fins a les 19.00 hores<\/p>\n<p>Dia 5 de gener fins a les 18.00 hores<\/p>\n","protected":false},"excerpt":{"rendered":"<p>A X\u00e0tiva cada any es munta un espectacular Betlem, en la Albereda Jaume I. Aquest tradicional pesebre, que ocupa una superf\u00edcie de 1.600 metres quadrats, \u00e9s un dels m\u00e9s grans de la Comunitat Valenciana i d&#8217;Espanya. Aquest impressionant betlem, que cuida cada detall, interpreta nombroses escenes en figures a grand\u00e0ria real realitzades per artistes fallers, [&hellip;]<\/p>\n","protected":false},"featured_media":16156,"template":"","situacion":[1444,2712],"categoria_agenda":[2370],"class_list":["post-124127","turist_agenda","type-turist_agenda","status-publish","has-post-thumbnail","hentry","situacion-la-costera-ca","situacion-la-costeraxativa","categoria_agenda-fiestas-ca"],"acf":{"fecha":"20241206","fecha_fin":"20250106","descargas":null,"galeria":""},"yoast_head":"<!-- This site is optimized with the Yoast SEO plugin v23.0 - https:\/\/yoast.com\/wordpress\/plugins\/seo\/ -->\n<title>Betlem de X\u00e0tiva &#060; Valencia Turismo<\/title>\n<meta name=\"robots\" content=\"index, follow, max-snippet:-1, max-image-preview:large, max-video-preview:-1\" \/>\n<link rel=\"canonical\" href=\"https:\/\/turisme.dival.es\/ca\/turist_agenda\/betlem-de-xativa\/\" \/>\n<meta property=\"og:locale\" content=\"en_US\" \/>\n<meta property=\"og:type\" content=\"article\" \/>\n<meta property=\"og:title\" content=\"Betlem de X\u00e0tiva &#060; Valencia Turismo\" \/>\n<meta property=\"og:description\" content=\"A X\u00e0tiva cada any es munta un espectacular Betlem, en la Albereda Jaume I. Aquest tradicional pesebre, que ocupa una superf\u00edcie de 1.600 metres quadrats, \u00e9s un dels m\u00e9s grans de la Comunitat Valenciana i d&#8217;Espanya. Aquest impressionant betlem, que cuida cada detall, interpreta nombroses escenes en figures a grand\u00e0ria real realitzades per artistes fallers, [&hellip;]\" \/>\n<meta property=\"og:url\" content=\"https:\/\/turisme.dival.es\/ca\/turist_agenda\/betlem-de-xativa\/\" \/>\n<meta property=\"og:site_name\" content=\"Valencia Turismo\" \/>\n<meta property=\"article:modified_time\" content=\"2024-12-04T11:56:43+00:00\" \/>\n<meta property=\"og:image\" content=\"https:\/\/turisme.dival.es\/wp-content\/uploads\/2021\/09\/belen-Xativa.jpg\" \/>\n\t<meta property=\"og:image:width\" content=\"960\" \/>\n\t<meta property=\"og:image:height\" content=\"540\" \/>\n\t<meta property=\"og:image:type\" content=\"image\/jpeg\" \/>\n<meta name=\"twitter:card\" content=\"summary_large_image\" \/>\n<meta name=\"twitter:label1\" content=\"Est. reading time\" \/>\n\t<meta name=\"twitter:data1\" content=\"1 minute\" \/>\n<script type=\"application\/ld+json\" class=\"yoast-schema-graph\">{\"@context\":\"https:\/\/schema.org\",\"@graph\":[{\"@type\":\"WebPage\",\"@id\":\"https:\/\/turisme.dival.es\/ca\/turist_agenda\/betlem-de-xativa\/\",\"url\":\"https:\/\/turisme.dival.es\/ca\/turist_agenda\/betlem-de-xativa\/\",\"name\":\"Betlem de X\u00e0tiva &#060; Valencia Turismo\",\"isPartOf\":{\"@id\":\"https:\/\/turisme.dival.es\/#website\"},\"primaryImageOfPage\":{\"@id\":\"https:\/\/turisme.dival.es\/ca\/turist_agenda\/betlem-de-xativa\/#primaryimage\"},\"image\":{\"@id\":\"https:\/\/turisme.dival.es\/ca\/turist_agenda\/betlem-de-xativa\/#primaryimage\"},\"thumbnailUrl\":\"https:\/\/turisme.dival.es\/wp-content\/uploads\/2021\/09\/belen-Xativa.jpg\",\"datePublished\":\"2023-12-11T13:19:19+00:00\",\"dateModified\":\"2024-12-04T11:56:43+00:00\",\"inLanguage\":\"vl\",\"potentialAction\":[{\"@type\":\"ReadAction\",\"target\":[\"https:\/\/turisme.dival.es\/ca\/turist_agenda\/betlem-de-xativa\/\"]}]},{\"@type\":\"ImageObject\",\"inLanguage\":\"vl\",\"@id\":\"https:\/\/turisme.dival.es\/ca\/turist_agenda\/betlem-de-xativa\/#primaryimage\",\"url\":\"https:\/\/turisme.dival.es\/wp-content\/uploads\/2021\/09\/belen-Xativa.jpg\",\"contentUrl\":\"https:\/\/turisme.dival.es\/wp-content\/uploads\/2021\/09\/belen-Xativa.jpg\",\"width\":960,\"height\":540},{\"@type\":\"WebSite\",\"@id\":\"https:\/\/turisme.dival.es\/#website\",\"url\":\"https:\/\/turisme.dival.es\/\",\"name\":\"valenciaturismo.com.mialias.net\",\"description\":\"\",\"potentialAction\":[{\"@type\":\"SearchAction\",\"target\":{\"@type\":\"EntryPoint\",\"urlTemplate\":\"https:\/\/turisme.dival.es\/?s={search_term_string}\"},\"query-input\":\"required name=search_term_string\"}],\"inLanguage\":\"vl\"}]}<\/script>\n<!-- \/ Yoast SEO plugin. -->","yoast_head_json":{"title":"Betlem de X\u00e0tiva &#060; Valencia Turismo","robots":{"index":"index","follow":"follow","max-snippet":"max-snippet:-1","max-image-preview":"max-image-preview:large","max-video-preview":"max-video-preview:-1"},"canonical":"https:\/\/turisme.dival.es\/ca\/turist_agenda\/betlem-de-xativa\/","og_locale":"en_US","og_type":"article","og_title":"Betlem de X\u00e0tiva &#060; Valencia Turismo","og_description":"A X\u00e0tiva cada any es munta un espectacular Betlem, en la Albereda Jaume I. Aquest tradicional pesebre, que ocupa una superf\u00edcie de 1.600 metres quadrats, \u00e9s un dels m\u00e9s grans de la Comunitat Valenciana i d&#8217;Espanya. Aquest impressionant betlem, que cuida cada detall, interpreta nombroses escenes en figures a grand\u00e0ria real realitzades per artistes fallers, [&hellip;]","og_url":"https:\/\/turisme.dival.es\/ca\/turist_agenda\/betlem-de-xativa\/","og_site_name":"Valencia Turismo","article_modified_time":"2024-12-04T11:56:43+00:00","og_image":[{"width":960,"height":540,"url":"https:\/\/turisme.dival.es\/wp-content\/uploads\/2021\/09\/belen-Xativa.jpg","type":"image\/jpeg"}],"twitter_card":"summary_large_image","twitter_misc":{"Est. reading time":"1 minute"},"schema":{"@context":"https:\/\/schema.org","@graph":[{"@type":"WebPage","@id":"https:\/\/turisme.dival.es\/ca\/turist_agenda\/betlem-de-xativa\/","url":"https:\/\/turisme.dival.es\/ca\/turist_agenda\/betlem-de-xativa\/","name":"Betlem de X\u00e0tiva &#060; Valencia Turismo","isPartOf":{"@id":"https:\/\/turisme.dival.es\/#website"},"primaryImageOfPage":{"@id":"https:\/\/turisme.dival.es\/ca\/turist_agenda\/betlem-de-xativa\/#primaryimage"},"image":{"@id":"https:\/\/turisme.dival.es\/ca\/turist_agenda\/betlem-de-xativa\/#primaryimage"},"thumbnailUrl":"https:\/\/turisme.dival.es\/wp-content\/uploads\/2021\/09\/belen-Xativa.jpg","datePublished":"2023-12-11T13:19:19+00:00","dateModified":"2024-12-04T11:56:43+00:00","inLanguage":"vl","potentialAction":[{"@type":"ReadAction","target":["https:\/\/turisme.dival.es\/ca\/turist_agenda\/betlem-de-xativa\/"]}]},{"@type":"ImageObject","inLanguage":"vl","@id":"https:\/\/turisme.dival.es\/ca\/turist_agenda\/betlem-de-xativa\/#primaryimage","url":"https:\/\/turisme.dival.es\/wp-content\/uploads\/2021\/09\/belen-Xativa.jpg","contentUrl":"https:\/\/turisme.dival.es\/wp-content\/uploads\/2021\/09\/belen-Xativa.jpg","width":960,"height":540},{"@type":"WebSite","@id":"https:\/\/turisme.dival.es\/#website","url":"https:\/\/turisme.dival.es\/","name":"valenciaturismo.com.mialias.net","description":"","potentialAction":[{"@type":"SearchAction","target":{"@type":"EntryPoint","urlTemplate":"https:\/\/turisme.dival.es\/?s={search_term_string}"},"query-input":"required name=search_term_string"}],"inLanguage":"vl"}]}},"_links":{"self":[{"href":"https:\/\/turisme.dival.es\/ca\/wp-json\/wp\/v2\/turist_agenda\/124127","targetHints":{"allow":["GET"]}}],"collection":[{"href":"https:\/\/turisme.dival.es\/ca\/wp-json\/wp\/v2\/turist_agenda"}],"about":[{"href":"https:\/\/turisme.dival.es\/ca\/wp-json\/wp\/v2\/types\/turist_agenda"}],"wp:featuredmedia":[{"embeddable":true,"href":"https:\/\/turisme.dival.es\/ca\/wp-json\/wp\/v2\/media\/16156"}],"wp:attachment":[{"href":"https:\/\/turisme.dival.es\/ca\/wp-json\/wp\/v2\/media?parent=124127"}],"wp:term":[{"taxonomy":"situacion","embeddable":true,"href":"https:\/\/turisme.dival.es\/ca\/wp-json\/wp\/v2\/situacion?post=124127"},{"taxonomy":"categoria_agenda","embeddable":true,"href":"https:\/\/turisme.dival.es\/ca\/wp-json\/wp\/v2\/categoria_agenda?post=124127"}],"curies":[{"name":"wp","href":"https:\/\/api.w.org\/{rel}","templated":true}]}}

Betlem de Xàtiva

<p>A Xàtiva cada any es munta un espectacular Betlem, en la Albereda Jaume I. Aquest tradicional pesebre, que ocupa una superfície de 1.600 metres quadrats, és un dels més grans de la Comunitat Valenciana i d&#8217;Espanya.</p>
<p>Aquest impressionant betlem, que cuida cada detall, interpreta nombroses escenes en figures a grandària real realitzades per artistes fallers, materials reciclats i animals vius com a ànecs, oques, ovelles i rucs.</p>
<p>Pots visitar-ho des del 5 de desembre fins al 6 de gener.</p>
<p>Horari de visita: de 10.00 a 22.00 hores</p>
<p>Dia 24 i 31 de desembre fins a les 19.00 hores</p>
<p>Dia 5 de gener fins a les 18.00 hores</p>

<p>A Xàtiva cada any es munta un espectacular Betlem, en la Albereda Jaume I. Aquest tradicional pesebre, que ocupa una superfície de 1.600 metres quadrats, és un dels més grans de la Comunitat Valenciana i d&#8217;Espanya. Aquest impressionant betlem, que cuida cada detall, interpreta nombroses escenes en figures a grandària real realitzades per artistes fallers, [&hellip;]</p>

<!-- This site is optimized with the Yoast SEO plugin v23.0 - https://yoast.com/wordpress/plugins/seo/ -->
<title>Betlem de Xàtiva &#060; Valencia Turismo</title>
<meta name="robots" content="index, follow, max-snippet:-1, max-image-preview:large, max-video-preview:-1" />
<link rel="canonical" href="https://turisme.dival.es/ca/turist_agenda/betlem-de-xativa/" />
<meta property="og:locale" content="en_US" />
<meta property="og:type" content="article" />
<meta property="og:title" content="Betlem de Xàtiva &#060; Valencia Turismo" />
<meta property="og:description" content="A Xàtiva cada any es munta un espectacular Betlem, en la Albereda Jaume I. Aquest tradicional pesebre, que ocupa una superfície de 1.600 metres quadrats, és un dels més grans de la Comunitat Valenciana i d&#8217;Espanya. Aquest impressionant betlem, que cuida cada detall, interpreta nombroses escenes en figures a grandària real realitzades per artistes fallers, [&hellip;]" />
<meta property="og:url" content="https://turisme.dival.es/ca/turist_agenda/betlem-de-xativa/" />
<meta property="og:site_name" content="Valencia Turismo" />
<meta property="article:modified_time" content="2024-12-04T11:56:43+00:00" />
<meta property="og:image" content="https://turisme.dival.es/wp-content/uploads/2021/09/belen-Xativa.jpg" />
	<meta property="og:image:width" content="960" />
	<meta property="og:image:height" content="540" />
	<meta property="og:image:type" content="image/jpeg" />
<meta name="twitter:card" content="summary_large_image" />
<meta name="twitter:label1" content="Est. reading time" />
	<meta name="twitter:data1" content="1 minute" />
<script type="application/ld+json" class="yoast-schema-graph">{"@context":"https://schema.org","@graph":[{"@type":"WebPage","@id":"https://turisme.dival.es/ca/turist_agenda/betlem-de-xativa/","url":"https://turisme.dival.es/ca/turist_agenda/betlem-de-xativa/","name":"Betlem de Xàtiva &#060; Valencia Turismo","isPartOf":{"@id":"https://turisme.dival.es/#website"},"primaryImageOfPage":{"@id":"https://turisme.dival.es/ca/turist_agenda/betlem-de-xativa/#primaryimage"},"image":{"@id":"https://turisme.dival.es/ca/turist_agenda/betlem-de-xativa/#primaryimage"},"thumbnailUrl":"https://turisme.dival.es/wp-content/uploads/2021/09/belen-Xativa.jpg","datePublished":"2023-12-11T13:19:19+00:00","dateModified":"2024-12-04T11:56:43+00:00","inLanguage":"vl","potentialAction":[{"@type":"ReadAction","target":["https://turisme.dival.es/ca/turist_agenda/betlem-de-xativa/"]}]},{"@type":"ImageObject","inLanguage":"vl","@id":"https://turisme.dival.es/ca/turist_agenda/betlem-de-xativa/#primaryimage","url":"https://turisme.dival.es/wp-content/uploads/2021/09/belen-Xativa.jpg","contentUrl":"https://turisme.dival.es/wp-content/uploads/2021/09/belen-Xativa.jpg","width":960,"height":540},{"@type":"WebSite","@id":"https://turisme.dival.es/#website","url":"https://turisme.dival.es/","name":"valenciaturismo.com.mialias.net","description":"","potentialAction":[{"@type":"SearchAction","target":{"@type":"EntryPoint","urlTemplate":"https://turisme.dival.es/?s={search_term_string}"},"query-input":"required name=search_term_string"}],"inLanguage":"vl"}]}</script>
<!-- / Yoast SEO plugin. -->

Betlem de Xàtiva &#060; Valencia Turismo

A Xàtiva cada any es munta un espectacular Betlem, en la Albereda Jaume I. Aquest tradicional pesebre, que ocupa una superfície de 1.600 metres quadrats, és un dels més grans de la Comunitat Valenciana i d&#8217;Espanya. Aquest impressionant betlem, que cuida cada detall, interpreta nombroses escenes en figures a grandària real realitzades per artistes fallers, [&hellip;]
