{"id":124066,"date":"2023-10-25T10:19:56","date_gmt":"2023-10-25T10:19:56","guid":{"rendered":"https:\/\/turisme.dival.es\/turist_agenda\/la-fira-de-tots-els-sants-de-cocentaina\/"},"modified":"2024-05-05T15:31:51","modified_gmt":"2024-05-05T15:31:51","slug":"la-fira-de-tots-els-sants-de-cocentaina","status":"publish","type":"turist_agenda","link":"https:\/\/turisme.dival.es\/ca\/turist_agenda\/la-fira-de-tots-els-sants-de-cocentaina\/","title":{"rendered":"La Fira de Tots els Sants de Cocentaina"},"content":{"rendered":"<p>La Fira de Tots els Sants de Cocentaina, declarada d&#8217;inter\u00e8s tur\u00edstic internacional, va comen\u00e7ar en 1346 gr\u00e0cies al privilegi atorgat per Pere el Cerimoni\u00f3s (II de Val\u00e8ncia i IV d&#8217;Arag\u00f3) per a celebrar-la i ha continuat organitzant-se fins als nostres dies gr\u00e0cies a l&#8217;estima a la terra i a les tradicions, a l&#8217;esperit din\u00e0mic i emprenedor del poble de Cocentaina.<\/p>\n<p>Enguany la fira se celebra de l&#8217;1 al 5 de novembre, a Cocentaina.<\/p>\n<p>Al certamen acudeixen els municipis i comarques de la prov\u00edncia de Val\u00e8ncia seg\u00fcents: Carcaixent, Alzira, Cullera, Sueca, Oliva, Gandia, Simat de la Valldigna, Montesa, Cofrentes, Mancomunitat de la Vall d&#8217;Albaida, Terra Bobal, Mancomunitat La Canal de Navarr\u00e9s, Associaci\u00f3 de municipis X\u00faquer-Cabriel.<\/p>\n<p>Anima&#8217;t i descobreix-la!<\/p>\n<p>M\u00e9s informaci\u00f3 <a href=\"https:\/\/www.firadecocentaina.org\/es\/\">ac\u00ed<\/a><\/p>\n","protected":false},"excerpt":{"rendered":"<p>La Fira de Tots els Sants de Cocentaina, declarada d&#8217;inter\u00e8s tur\u00edstic internacional, va comen\u00e7ar en 1346 gr\u00e0cies al privilegi atorgat per Pere el Cerimoni\u00f3s (II de Val\u00e8ncia i IV d&#8217;Arag\u00f3) per a celebrar-la i ha continuat organitzant-se fins als nostres dies gr\u00e0cies a l&#8217;estima a la terra i a les tradicions, a l&#8217;esperit din\u00e0mic i [&hellip;]<\/p>\n","protected":false},"featured_media":110346,"template":"","situacion":[],"categoria_agenda":[2370],"class_list":["post-124066","turist_agenda","type-turist_agenda","status-publish","has-post-thumbnail","hentry","categoria_agenda-fiestas-ca"],"acf":{"fecha":"20231101","fecha_fin":"20231105","descargas":null,"galeria":[]},"yoast_head":"<!-- This site is optimized with the Yoast SEO plugin v23.0 - https:\/\/yoast.com\/wordpress\/plugins\/seo\/ -->\n<title>La Fira de Tots els Sants de Cocentaina &#060; Valencia Turismo<\/title>\n<meta name=\"robots\" content=\"index, follow, max-snippet:-1, max-image-preview:large, max-video-preview:-1\" \/>\n<link rel=\"canonical\" href=\"https:\/\/turisme.dival.es\/ca\/turist_agenda\/la-fira-de-tots-els-sants-de-cocentaina\/\" \/>\n<meta property=\"og:locale\" content=\"en_US\" \/>\n<meta property=\"og:type\" content=\"article\" \/>\n<meta property=\"og:title\" content=\"La Fira de Tots els Sants de Cocentaina &#060; Valencia Turismo\" \/>\n<meta property=\"og:description\" content=\"La Fira de Tots els Sants de Cocentaina, declarada d&#8217;inter\u00e8s tur\u00edstic internacional, va comen\u00e7ar en 1346 gr\u00e0cies al privilegi atorgat per Pere el Cerimoni\u00f3s (II de Val\u00e8ncia i IV d&#8217;Arag\u00f3) per a celebrar-la i ha continuat organitzant-se fins als nostres dies gr\u00e0cies a l&#8217;estima a la terra i a les tradicions, a l&#8217;esperit din\u00e0mic i [&hellip;]\" \/>\n<meta property=\"og:url\" content=\"https:\/\/turisme.dival.es\/ca\/turist_agenda\/la-fira-de-tots-els-sants-de-cocentaina\/\" \/>\n<meta property=\"og:site_name\" content=\"Valencia Turismo\" \/>\n<meta property=\"article:modified_time\" content=\"2024-05-05T15:31:51+00:00\" \/>\n<meta property=\"og:image\" content=\"https:\/\/turisme.dival.es\/wp-content\/uploads\/2024\/04\/2023.jpg\" \/>\n\t<meta property=\"og:image:width\" content=\"846\" \/>\n\t<meta property=\"og:image:height\" content=\"1200\" \/>\n\t<meta property=\"og:image:type\" content=\"image\/jpeg\" \/>\n<meta name=\"twitter:card\" content=\"summary_large_image\" \/>\n<meta name=\"twitter:label1\" content=\"Est. reading time\" \/>\n\t<meta name=\"twitter:data1\" content=\"1 minute\" \/>\n<script type=\"application\/ld+json\" class=\"yoast-schema-graph\">{\"@context\":\"https:\/\/schema.org\",\"@graph\":[{\"@type\":\"WebPage\",\"@id\":\"https:\/\/turisme.dival.es\/ca\/turist_agenda\/la-fira-de-tots-els-sants-de-cocentaina\/\",\"url\":\"https:\/\/turisme.dival.es\/ca\/turist_agenda\/la-fira-de-tots-els-sants-de-cocentaina\/\",\"name\":\"La Fira de Tots els Sants de Cocentaina &#060; Valencia Turismo\",\"isPartOf\":{\"@id\":\"https:\/\/turisme.dival.es\/#website\"},\"primaryImageOfPage\":{\"@id\":\"https:\/\/turisme.dival.es\/ca\/turist_agenda\/la-fira-de-tots-els-sants-de-cocentaina\/#primaryimage\"},\"image\":{\"@id\":\"https:\/\/turisme.dival.es\/ca\/turist_agenda\/la-fira-de-tots-els-sants-de-cocentaina\/#primaryimage\"},\"thumbnailUrl\":\"https:\/\/turisme.dival.es\/wp-content\/uploads\/2024\/04\/2023.jpg\",\"datePublished\":\"2023-10-25T10:19:56+00:00\",\"dateModified\":\"2024-05-05T15:31:51+00:00\",\"inLanguage\":\"vl\",\"potentialAction\":[{\"@type\":\"ReadAction\",\"target\":[\"https:\/\/turisme.dival.es\/ca\/turist_agenda\/la-fira-de-tots-els-sants-de-cocentaina\/\"]}]},{\"@type\":\"ImageObject\",\"inLanguage\":\"vl\",\"@id\":\"https:\/\/turisme.dival.es\/ca\/turist_agenda\/la-fira-de-tots-els-sants-de-cocentaina\/#primaryimage\",\"url\":\"https:\/\/turisme.dival.es\/wp-content\/uploads\/2024\/04\/2023.jpg\",\"contentUrl\":\"https:\/\/turisme.dival.es\/wp-content\/uploads\/2024\/04\/2023.jpg\",\"width\":846,\"height\":1200},{\"@type\":\"WebSite\",\"@id\":\"https:\/\/turisme.dival.es\/#website\",\"url\":\"https:\/\/turisme.dival.es\/\",\"name\":\"valenciaturismo.com.mialias.net\",\"description\":\"\",\"potentialAction\":[{\"@type\":\"SearchAction\",\"target\":{\"@type\":\"EntryPoint\",\"urlTemplate\":\"https:\/\/turisme.dival.es\/?s={search_term_string}\"},\"query-input\":\"required name=search_term_string\"}],\"inLanguage\":\"vl\"}]}<\/script>\n<!-- \/ Yoast SEO plugin. -->","yoast_head_json":{"title":"La Fira de Tots els Sants de Cocentaina &#060; Valencia Turismo","robots":{"index":"index","follow":"follow","max-snippet":"max-snippet:-1","max-image-preview":"max-image-preview:large","max-video-preview":"max-video-preview:-1"},"canonical":"https:\/\/turisme.dival.es\/ca\/turist_agenda\/la-fira-de-tots-els-sants-de-cocentaina\/","og_locale":"en_US","og_type":"article","og_title":"La Fira de Tots els Sants de Cocentaina &#060; Valencia Turismo","og_description":"La Fira de Tots els Sants de Cocentaina, declarada d&#8217;inter\u00e8s tur\u00edstic internacional, va comen\u00e7ar en 1346 gr\u00e0cies al privilegi atorgat per Pere el Cerimoni\u00f3s (II de Val\u00e8ncia i IV d&#8217;Arag\u00f3) per a celebrar-la i ha continuat organitzant-se fins als nostres dies gr\u00e0cies a l&#8217;estima a la terra i a les tradicions, a l&#8217;esperit din\u00e0mic i [&hellip;]","og_url":"https:\/\/turisme.dival.es\/ca\/turist_agenda\/la-fira-de-tots-els-sants-de-cocentaina\/","og_site_name":"Valencia Turismo","article_modified_time":"2024-05-05T15:31:51+00:00","og_image":[{"width":846,"height":1200,"url":"https:\/\/turisme.dival.es\/wp-content\/uploads\/2024\/04\/2023.jpg","type":"image\/jpeg"}],"twitter_card":"summary_large_image","twitter_misc":{"Est. reading time":"1 minute"},"schema":{"@context":"https:\/\/schema.org","@graph":[{"@type":"WebPage","@id":"https:\/\/turisme.dival.es\/ca\/turist_agenda\/la-fira-de-tots-els-sants-de-cocentaina\/","url":"https:\/\/turisme.dival.es\/ca\/turist_agenda\/la-fira-de-tots-els-sants-de-cocentaina\/","name":"La Fira de Tots els Sants de Cocentaina &#060; Valencia Turismo","isPartOf":{"@id":"https:\/\/turisme.dival.es\/#website"},"primaryImageOfPage":{"@id":"https:\/\/turisme.dival.es\/ca\/turist_agenda\/la-fira-de-tots-els-sants-de-cocentaina\/#primaryimage"},"image":{"@id":"https:\/\/turisme.dival.es\/ca\/turist_agenda\/la-fira-de-tots-els-sants-de-cocentaina\/#primaryimage"},"thumbnailUrl":"https:\/\/turisme.dival.es\/wp-content\/uploads\/2024\/04\/2023.jpg","datePublished":"2023-10-25T10:19:56+00:00","dateModified":"2024-05-05T15:31:51+00:00","inLanguage":"vl","potentialAction":[{"@type":"ReadAction","target":["https:\/\/turisme.dival.es\/ca\/turist_agenda\/la-fira-de-tots-els-sants-de-cocentaina\/"]}]},{"@type":"ImageObject","inLanguage":"vl","@id":"https:\/\/turisme.dival.es\/ca\/turist_agenda\/la-fira-de-tots-els-sants-de-cocentaina\/#primaryimage","url":"https:\/\/turisme.dival.es\/wp-content\/uploads\/2024\/04\/2023.jpg","contentUrl":"https:\/\/turisme.dival.es\/wp-content\/uploads\/2024\/04\/2023.jpg","width":846,"height":1200},{"@type":"WebSite","@id":"https:\/\/turisme.dival.es\/#website","url":"https:\/\/turisme.dival.es\/","name":"valenciaturismo.com.mialias.net","description":"","potentialAction":[{"@type":"SearchAction","target":{"@type":"EntryPoint","urlTemplate":"https:\/\/turisme.dival.es\/?s={search_term_string}"},"query-input":"required name=search_term_string"}],"inLanguage":"vl"}]}},"_links":{"self":[{"href":"https:\/\/turisme.dival.es\/ca\/wp-json\/wp\/v2\/turist_agenda\/124066","targetHints":{"allow":["GET"]}}],"collection":[{"href":"https:\/\/turisme.dival.es\/ca\/wp-json\/wp\/v2\/turist_agenda"}],"about":[{"href":"https:\/\/turisme.dival.es\/ca\/wp-json\/wp\/v2\/types\/turist_agenda"}],"wp:featuredmedia":[{"embeddable":true,"href":"https:\/\/turisme.dival.es\/ca\/wp-json\/wp\/v2\/media\/110346"}],"wp:attachment":[{"href":"https:\/\/turisme.dival.es\/ca\/wp-json\/wp\/v2\/media?parent=124066"}],"wp:term":[{"taxonomy":"situacion","embeddable":true,"href":"https:\/\/turisme.dival.es\/ca\/wp-json\/wp\/v2\/situacion?post=124066"},{"taxonomy":"categoria_agenda","embeddable":true,"href":"https:\/\/turisme.dival.es\/ca\/wp-json\/wp\/v2\/categoria_agenda?post=124066"}],"curies":[{"name":"wp","href":"https:\/\/api.w.org\/{rel}","templated":true}]}}

<p>La Fira de Tots els Sants de Cocentaina, declarada d&#8217;interès turístic internacional, va començar en 1346 gràcies al privilegi atorgat per Pere el Cerimoniós (II de València i IV d&#8217;Aragó) per a celebrar-la i ha continuat organitzant-se fins als nostres dies gràcies a l&#8217;estima a la terra i a les tradicions, a l&#8217;esperit dinàmic i emprenedor del poble de Cocentaina.</p>
<p>Enguany la fira se celebra de l&#8217;1 al 5 de novembre, a Cocentaina.</p>
<p>Al certamen acudeixen els municipis i comarques de la província de València següents: Carcaixent, Alzira, Cullera, Sueca, Oliva, Gandia, Simat de la Valldigna, Montesa, Cofrentes, Mancomunitat de la Vall d&#8217;Albaida, Terra Bobal, Mancomunitat La Canal de Navarrés, Associació de municipis Xúquer-Cabriel.</p>
<p>Anima&#8217;t i descobreix-la!</p>
<p>Més informació <a href="https://www.firadecocentaina.org/es/">ací</a></p>

<p>La Fira de Tots els Sants de Cocentaina, declarada d&#8217;interès turístic internacional, va començar en 1346 gràcies al privilegi atorgat per Pere el Cerimoniós (II de València i IV d&#8217;Aragó) per a celebrar-la i ha continuat organitzant-se fins als nostres dies gràcies a l&#8217;estima a la terra i a les tradicions, a l&#8217;esperit dinàmic i [&hellip;]</p>

<!-- This site is optimized with the Yoast SEO plugin v23.0 - https://yoast.com/wordpress/plugins/seo/ -->
<title>La Fira de Tots els Sants de Cocentaina &#060; Valencia Turismo</title>
<meta name="robots" content="index, follow, max-snippet:-1, max-image-preview:large, max-video-preview:-1" />
<link rel="canonical" href="https://turisme.dival.es/ca/turist_agenda/la-fira-de-tots-els-sants-de-cocentaina/" />
<meta property="og:locale" content="en_US" />
<meta property="og:type" content="article" />
<meta property="og:title" content="La Fira de Tots els Sants de Cocentaina &#060; Valencia Turismo" />
<meta property="og:description" content="La Fira de Tots els Sants de Cocentaina, declarada d&#8217;interès turístic internacional, va començar en 1346 gràcies al privilegi atorgat per Pere el Cerimoniós (II de València i IV d&#8217;Aragó) per a celebrar-la i ha continuat organitzant-se fins als nostres dies gràcies a l&#8217;estima a la terra i a les tradicions, a l&#8217;esperit dinàmic i [&hellip;]" />
<meta property="og:url" content="https://turisme.dival.es/ca/turist_agenda/la-fira-de-tots-els-sants-de-cocentaina/" />
<meta property="og:site_name" content="Valencia Turismo" />
<meta property="article:modified_time" content="2024-05-05T15:31:51+00:00" />
<meta property="og:image" content="https://turisme.dival.es/wp-content/uploads/2024/04/2023.jpg" />
	<meta property="og:image:width" content="846" />
	<meta property="og:image:height" content="1200" />
	<meta property="og:image:type" content="image/jpeg" />
<meta name="twitter:card" content="summary_large_image" />
<meta name="twitter:label1" content="Est. reading time" />
	<meta name="twitter:data1" content="1 minute" />
<script type="application/ld+json" class="yoast-schema-graph">{"@context":"https://schema.org","@graph":[{"@type":"WebPage","@id":"https://turisme.dival.es/ca/turist_agenda/la-fira-de-tots-els-sants-de-cocentaina/","url":"https://turisme.dival.es/ca/turist_agenda/la-fira-de-tots-els-sants-de-cocentaina/","name":"La Fira de Tots els Sants de Cocentaina &#060; Valencia Turismo","isPartOf":{"@id":"https://turisme.dival.es/#website"},"primaryImageOfPage":{"@id":"https://turisme.dival.es/ca/turist_agenda/la-fira-de-tots-els-sants-de-cocentaina/#primaryimage"},"image":{"@id":"https://turisme.dival.es/ca/turist_agenda/la-fira-de-tots-els-sants-de-cocentaina/#primaryimage"},"thumbnailUrl":"https://turisme.dival.es/wp-content/uploads/2024/04/2023.jpg","datePublished":"2023-10-25T10:19:56+00:00","dateModified":"2024-05-05T15:31:51+00:00","inLanguage":"vl","potentialAction":[{"@type":"ReadAction","target":["https://turisme.dival.es/ca/turist_agenda/la-fira-de-tots-els-sants-de-cocentaina/"]}]},{"@type":"ImageObject","inLanguage":"vl","@id":"https://turisme.dival.es/ca/turist_agenda/la-fira-de-tots-els-sants-de-cocentaina/#primaryimage","url":"https://turisme.dival.es/wp-content/uploads/2024/04/2023.jpg","contentUrl":"https://turisme.dival.es/wp-content/uploads/2024/04/2023.jpg","width":846,"height":1200},{"@type":"WebSite","@id":"https://turisme.dival.es/#website","url":"https://turisme.dival.es/","name":"valenciaturismo.com.mialias.net","description":"","potentialAction":[{"@type":"SearchAction","target":{"@type":"EntryPoint","urlTemplate":"https://turisme.dival.es/?s={search_term_string}"},"query-input":"required name=search_term_string"}],"inLanguage":"vl"}]}</script>
<!-- / Yoast SEO plugin. -->

La Fira de Tots els Sants de Cocentaina, declarada d&#8217;interès turístic internacional, va començar en 1346 gràcies al privilegi atorgat per Pere el Cerimoniós (II de València i IV d&#8217;Aragó) per a celebrar-la i ha continuat organitzant-se fins als nostres dies gràcies a l&#8217;estima a la terra i a les tradicions, a l&#8217;esperit dinàmic i [&hellip;]
