{"id":124039,"date":"2023-10-10T13:12:48","date_gmt":"2023-10-10T13:12:48","guid":{"rendered":"https:\/\/turisme.dival.es\/turist_agenda\/rutes-medioambientals-la-ribera\/"},"modified":"2024-05-05T15:31:37","modified_gmt":"2024-05-05T15:31:37","slug":"rutes-medioambientals-la-ribera","status":"publish","type":"turist_agenda","link":"https:\/\/turisme.dival.es\/ca\/turist_agenda\/rutes-medioambientals-la-ribera\/","title":{"rendered":"Rutes medioambientals la Ribera"},"content":{"rendered":"<p>El Consorci de la Ribera llan\u00e7a la sexta edici\u00f3 del programa PARATGES, Rutes Mediambientals de la Ribera, un programa de visites guiades a diversos paratges naturals o zones de gran valor mediambiental de la Ribera de X\u00faquer.<br \/>\nMitjan\u00e7ant aquest projecte es pret\u00e9n potenciar l\u2019atractiu tur\u00edstic de les zones de gran valor paisatg\u00edstic i mediambiental de la comarca, al mateix temps que sensibilitzar i formar la poblaci\u00f3 en el respecte a la natura i fomentar un turisme m\u00e9s sostenible.<br \/>\nEl programa consta de 15 dies de ruta (mat\u00ed) que es realitzaran al llarg de hui caps de setmana del 8 d\u2019octubre al 26 de novembre. L\u2019hora d\u2019inici de la ruta ser\u00e0 a les 10:00 h del mat\u00ed des de la porta de l\u2019ajuntament del municipi i finalitzar\u00e0 a la 13:30 aproximadament.<br \/>\nEnguany el programa conta amb el patrocini de Val\u00e8ncia Turisme de la Diputaci\u00f3 de Val\u00e8ncia.<br \/>\nEs obligatoria la inscripci\u00f3. Les inscripcions on line es podran fer fins el divendres anterior a la ruta, abans de les 12h.<br \/>\nCal portar algo de menjar i cal\u00e7at adequat per a caminar.<br \/>\n<a href=\"https:\/\/educacioambiental.consorcidelaribera.com\/programa-paratges-2023\/\">web<\/a><br \/>\n<a href=\"https:\/\/forms.gle\/KzfLNd1ueRfWzZPJA\">Inscripci\u00f3<\/a><\/p>\n","protected":false},"excerpt":{"rendered":"<p>El Consorci de la Ribera llan\u00e7a la sexta edici\u00f3 del programa PARATGES, Rutes Mediambientals de la Ribera, un programa de visites guiades a diversos paratges naturals o zones de gran valor mediambiental de la Ribera de X\u00faquer. Mitjan\u00e7ant aquest projecte es pret\u00e9n potenciar l\u2019atractiu tur\u00edstic de les zones de gran valor paisatg\u00edstic i mediambiental de [&hellip;]<\/p>\n","protected":false},"featured_media":123543,"template":"","situacion":[1450],"categoria_agenda":[2371],"class_list":["post-124039","turist_agenda","type-turist_agenda","status-publish","has-post-thumbnail","hentry","situacion-la-vall-dalbaida-ca","categoria_agenda-naturaleza-ca"],"acf":{"fecha":"20231008","fecha_fin":"20231126","descargas":null,"galeria":[]},"yoast_head":"<!-- This site is optimized with the Yoast SEO plugin v23.0 - https:\/\/yoast.com\/wordpress\/plugins\/seo\/ -->\n<title>Rutes medioambientals la Ribera &#060; Valencia Turismo<\/title>\n<meta name=\"robots\" content=\"index, follow, max-snippet:-1, max-image-preview:large, max-video-preview:-1\" \/>\n<link rel=\"canonical\" href=\"https:\/\/turisme.dival.es\/ca\/turist_agenda\/rutes-medioambientals-la-ribera\/\" \/>\n<meta property=\"og:locale\" content=\"en_US\" \/>\n<meta property=\"og:type\" content=\"article\" \/>\n<meta property=\"og:title\" content=\"Rutes medioambientals la Ribera &#060; Valencia Turismo\" \/>\n<meta property=\"og:description\" content=\"El Consorci de la Ribera llan\u00e7a la sexta edici\u00f3 del programa PARATGES, Rutes Mediambientals de la Ribera, un programa de visites guiades a diversos paratges naturals o zones de gran valor mediambiental de la Ribera de X\u00faquer. Mitjan\u00e7ant aquest projecte es pret\u00e9n potenciar l\u2019atractiu tur\u00edstic de les zones de gran valor paisatg\u00edstic i mediambiental de [&hellip;]\" \/>\n<meta property=\"og:url\" content=\"https:\/\/turisme.dival.es\/ca\/turist_agenda\/rutes-medioambientals-la-ribera\/\" \/>\n<meta property=\"og:site_name\" content=\"Valencia Turismo\" \/>\n<meta property=\"article:modified_time\" content=\"2024-05-05T15:31:37+00:00\" \/>\n<meta property=\"og:image\" content=\"https:\/\/turisme.dival.es\/wp-content\/uploads\/2024\/05\/CARTELL_PARATGES_23definitivo-11.jpg\" \/>\n\t<meta property=\"og:image:width\" content=\"1753\" \/>\n\t<meta property=\"og:image:height\" content=\"2480\" \/>\n\t<meta property=\"og:image:type\" content=\"image\/jpeg\" \/>\n<meta name=\"twitter:card\" content=\"summary_large_image\" \/>\n<meta name=\"twitter:label1\" content=\"Est. reading time\" \/>\n\t<meta name=\"twitter:data1\" content=\"1 minute\" \/>\n<script type=\"application\/ld+json\" class=\"yoast-schema-graph\">{\"@context\":\"https:\/\/schema.org\",\"@graph\":[{\"@type\":\"WebPage\",\"@id\":\"https:\/\/turisme.dival.es\/ca\/turist_agenda\/rutes-medioambientals-la-ribera\/\",\"url\":\"https:\/\/turisme.dival.es\/ca\/turist_agenda\/rutes-medioambientals-la-ribera\/\",\"name\":\"Rutes medioambientals la Ribera &#060; Valencia Turismo\",\"isPartOf\":{\"@id\":\"https:\/\/turisme.dival.es\/#website\"},\"primaryImageOfPage\":{\"@id\":\"https:\/\/turisme.dival.es\/ca\/turist_agenda\/rutes-medioambientals-la-ribera\/#primaryimage\"},\"image\":{\"@id\":\"https:\/\/turisme.dival.es\/ca\/turist_agenda\/rutes-medioambientals-la-ribera\/#primaryimage\"},\"thumbnailUrl\":\"https:\/\/turisme.dival.es\/wp-content\/uploads\/2024\/05\/CARTELL_PARATGES_23definitivo-11.jpg\",\"datePublished\":\"2023-10-10T13:12:48+00:00\",\"dateModified\":\"2024-05-05T15:31:37+00:00\",\"inLanguage\":\"vl\",\"potentialAction\":[{\"@type\":\"ReadAction\",\"target\":[\"https:\/\/turisme.dival.es\/ca\/turist_agenda\/rutes-medioambientals-la-ribera\/\"]}]},{\"@type\":\"ImageObject\",\"inLanguage\":\"vl\",\"@id\":\"https:\/\/turisme.dival.es\/ca\/turist_agenda\/rutes-medioambientals-la-ribera\/#primaryimage\",\"url\":\"https:\/\/turisme.dival.es\/wp-content\/uploads\/2024\/05\/CARTELL_PARATGES_23definitivo-11.jpg\",\"contentUrl\":\"https:\/\/turisme.dival.es\/wp-content\/uploads\/2024\/05\/CARTELL_PARATGES_23definitivo-11.jpg\",\"width\":1753,\"height\":2480},{\"@type\":\"WebSite\",\"@id\":\"https:\/\/turisme.dival.es\/#website\",\"url\":\"https:\/\/turisme.dival.es\/\",\"name\":\"valenciaturismo.com.mialias.net\",\"description\":\"\",\"potentialAction\":[{\"@type\":\"SearchAction\",\"target\":{\"@type\":\"EntryPoint\",\"urlTemplate\":\"https:\/\/turisme.dival.es\/?s={search_term_string}\"},\"query-input\":\"required name=search_term_string\"}],\"inLanguage\":\"vl\"}]}<\/script>\n<!-- \/ Yoast SEO plugin. -->","yoast_head_json":{"title":"Rutes medioambientals la Ribera &#060; Valencia Turismo","robots":{"index":"index","follow":"follow","max-snippet":"max-snippet:-1","max-image-preview":"max-image-preview:large","max-video-preview":"max-video-preview:-1"},"canonical":"https:\/\/turisme.dival.es\/ca\/turist_agenda\/rutes-medioambientals-la-ribera\/","og_locale":"en_US","og_type":"article","og_title":"Rutes medioambientals la Ribera &#060; Valencia Turismo","og_description":"El Consorci de la Ribera llan\u00e7a la sexta edici\u00f3 del programa PARATGES, Rutes Mediambientals de la Ribera, un programa de visites guiades a diversos paratges naturals o zones de gran valor mediambiental de la Ribera de X\u00faquer. Mitjan\u00e7ant aquest projecte es pret\u00e9n potenciar l\u2019atractiu tur\u00edstic de les zones de gran valor paisatg\u00edstic i mediambiental de [&hellip;]","og_url":"https:\/\/turisme.dival.es\/ca\/turist_agenda\/rutes-medioambientals-la-ribera\/","og_site_name":"Valencia Turismo","article_modified_time":"2024-05-05T15:31:37+00:00","og_image":[{"width":1753,"height":2480,"url":"https:\/\/turisme.dival.es\/wp-content\/uploads\/2024\/05\/CARTELL_PARATGES_23definitivo-11.jpg","type":"image\/jpeg"}],"twitter_card":"summary_large_image","twitter_misc":{"Est. reading time":"1 minute"},"schema":{"@context":"https:\/\/schema.org","@graph":[{"@type":"WebPage","@id":"https:\/\/turisme.dival.es\/ca\/turist_agenda\/rutes-medioambientals-la-ribera\/","url":"https:\/\/turisme.dival.es\/ca\/turist_agenda\/rutes-medioambientals-la-ribera\/","name":"Rutes medioambientals la Ribera &#060; Valencia Turismo","isPartOf":{"@id":"https:\/\/turisme.dival.es\/#website"},"primaryImageOfPage":{"@id":"https:\/\/turisme.dival.es\/ca\/turist_agenda\/rutes-medioambientals-la-ribera\/#primaryimage"},"image":{"@id":"https:\/\/turisme.dival.es\/ca\/turist_agenda\/rutes-medioambientals-la-ribera\/#primaryimage"},"thumbnailUrl":"https:\/\/turisme.dival.es\/wp-content\/uploads\/2024\/05\/CARTELL_PARATGES_23definitivo-11.jpg","datePublished":"2023-10-10T13:12:48+00:00","dateModified":"2024-05-05T15:31:37+00:00","inLanguage":"vl","potentialAction":[{"@type":"ReadAction","target":["https:\/\/turisme.dival.es\/ca\/turist_agenda\/rutes-medioambientals-la-ribera\/"]}]},{"@type":"ImageObject","inLanguage":"vl","@id":"https:\/\/turisme.dival.es\/ca\/turist_agenda\/rutes-medioambientals-la-ribera\/#primaryimage","url":"https:\/\/turisme.dival.es\/wp-content\/uploads\/2024\/05\/CARTELL_PARATGES_23definitivo-11.jpg","contentUrl":"https:\/\/turisme.dival.es\/wp-content\/uploads\/2024\/05\/CARTELL_PARATGES_23definitivo-11.jpg","width":1753,"height":2480},{"@type":"WebSite","@id":"https:\/\/turisme.dival.es\/#website","url":"https:\/\/turisme.dival.es\/","name":"valenciaturismo.com.mialias.net","description":"","potentialAction":[{"@type":"SearchAction","target":{"@type":"EntryPoint","urlTemplate":"https:\/\/turisme.dival.es\/?s={search_term_string}"},"query-input":"required name=search_term_string"}],"inLanguage":"vl"}]}},"_links":{"self":[{"href":"https:\/\/turisme.dival.es\/ca\/wp-json\/wp\/v2\/turist_agenda\/124039","targetHints":{"allow":["GET"]}}],"collection":[{"href":"https:\/\/turisme.dival.es\/ca\/wp-json\/wp\/v2\/turist_agenda"}],"about":[{"href":"https:\/\/turisme.dival.es\/ca\/wp-json\/wp\/v2\/types\/turist_agenda"}],"wp:featuredmedia":[{"embeddable":true,"href":"https:\/\/turisme.dival.es\/ca\/wp-json\/wp\/v2\/media\/123543"}],"wp:attachment":[{"href":"https:\/\/turisme.dival.es\/ca\/wp-json\/wp\/v2\/media?parent=124039"}],"wp:term":[{"taxonomy":"situacion","embeddable":true,"href":"https:\/\/turisme.dival.es\/ca\/wp-json\/wp\/v2\/situacion?post=124039"},{"taxonomy":"categoria_agenda","embeddable":true,"href":"https:\/\/turisme.dival.es\/ca\/wp-json\/wp\/v2\/categoria_agenda?post=124039"}],"curies":[{"name":"wp","href":"https:\/\/api.w.org\/{rel}","templated":true}]}}

<p>El Consorci de la Ribera llança la sexta edició del programa PARATGES, Rutes Mediambientals de la Ribera, un programa de visites guiades a diversos paratges naturals o zones de gran valor mediambiental de la Ribera de Xúquer.<br />
Mitjançant aquest projecte es pretén potenciar l’atractiu turístic de les zones de gran valor paisatgístic i mediambiental de la comarca, al mateix temps que sensibilitzar i formar la població en el respecte a la natura i fomentar un turisme més sostenible.<br />
El programa consta de 15 dies de ruta (matí) que es realitzaran al llarg de hui caps de setmana del 8 d’octubre al 26 de novembre. L’hora d’inici de la ruta serà a les 10:00 h del matí des de la porta de l’ajuntament del municipi i finalitzarà a la 13:30 aproximadament.<br />
Enguany el programa conta amb el patrocini de València Turisme de la Diputació de València.<br />
Es obligatoria la inscripció. Les inscripcions on line es podran fer fins el divendres anterior a la ruta, abans de les 12h.<br />
Cal portar algo de menjar i calçat adequat per a caminar.<br />
<a href="https://educacioambiental.consorcidelaribera.com/programa-paratges-2023/">web</a><br />
<a href="https://forms.gle/KzfLNd1ueRfWzZPJA">Inscripció</a></p>

<p>El Consorci de la Ribera llança la sexta edició del programa PARATGES, Rutes Mediambientals de la Ribera, un programa de visites guiades a diversos paratges naturals o zones de gran valor mediambiental de la Ribera de Xúquer. Mitjançant aquest projecte es pretén potenciar l’atractiu turístic de les zones de gran valor paisatgístic i mediambiental de [&hellip;]</p>

<!-- This site is optimized with the Yoast SEO plugin v23.0 - https://yoast.com/wordpress/plugins/seo/ -->
<title>Rutes medioambientals la Ribera &#060; Valencia Turismo</title>
<meta name="robots" content="index, follow, max-snippet:-1, max-image-preview:large, max-video-preview:-1" />
<link rel="canonical" href="https://turisme.dival.es/ca/turist_agenda/rutes-medioambientals-la-ribera/" />
<meta property="og:locale" content="en_US" />
<meta property="og:type" content="article" />
<meta property="og:title" content="Rutes medioambientals la Ribera &#060; Valencia Turismo" />
<meta property="og:description" content="El Consorci de la Ribera llança la sexta edició del programa PARATGES, Rutes Mediambientals de la Ribera, un programa de visites guiades a diversos paratges naturals o zones de gran valor mediambiental de la Ribera de Xúquer. Mitjançant aquest projecte es pretén potenciar l’atractiu turístic de les zones de gran valor paisatgístic i mediambiental de [&hellip;]" />
<meta property="og:url" content="https://turisme.dival.es/ca/turist_agenda/rutes-medioambientals-la-ribera/" />
<meta property="og:site_name" content="Valencia Turismo" />
<meta property="article:modified_time" content="2024-05-05T15:31:37+00:00" />
<meta property="og:image" content="https://turisme.dival.es/wp-content/uploads/2024/05/CARTELL_PARATGES_23definitivo-11.jpg" />
	<meta property="og:image:width" content="1753" />
	<meta property="og:image:height" content="2480" />
	<meta property="og:image:type" content="image/jpeg" />
<meta name="twitter:card" content="summary_large_image" />
<meta name="twitter:label1" content="Est. reading time" />
	<meta name="twitter:data1" content="1 minute" />
<script type="application/ld+json" class="yoast-schema-graph">{"@context":"https://schema.org","@graph":[{"@type":"WebPage","@id":"https://turisme.dival.es/ca/turist_agenda/rutes-medioambientals-la-ribera/","url":"https://turisme.dival.es/ca/turist_agenda/rutes-medioambientals-la-ribera/","name":"Rutes medioambientals la Ribera &#060; Valencia Turismo","isPartOf":{"@id":"https://turisme.dival.es/#website"},"primaryImageOfPage":{"@id":"https://turisme.dival.es/ca/turist_agenda/rutes-medioambientals-la-ribera/#primaryimage"},"image":{"@id":"https://turisme.dival.es/ca/turist_agenda/rutes-medioambientals-la-ribera/#primaryimage"},"thumbnailUrl":"https://turisme.dival.es/wp-content/uploads/2024/05/CARTELL_PARATGES_23definitivo-11.jpg","datePublished":"2023-10-10T13:12:48+00:00","dateModified":"2024-05-05T15:31:37+00:00","inLanguage":"vl","potentialAction":[{"@type":"ReadAction","target":["https://turisme.dival.es/ca/turist_agenda/rutes-medioambientals-la-ribera/"]}]},{"@type":"ImageObject","inLanguage":"vl","@id":"https://turisme.dival.es/ca/turist_agenda/rutes-medioambientals-la-ribera/#primaryimage","url":"https://turisme.dival.es/wp-content/uploads/2024/05/CARTELL_PARATGES_23definitivo-11.jpg","contentUrl":"https://turisme.dival.es/wp-content/uploads/2024/05/CARTELL_PARATGES_23definitivo-11.jpg","width":1753,"height":2480},{"@type":"WebSite","@id":"https://turisme.dival.es/#website","url":"https://turisme.dival.es/","name":"valenciaturismo.com.mialias.net","description":"","potentialAction":[{"@type":"SearchAction","target":{"@type":"EntryPoint","urlTemplate":"https://turisme.dival.es/?s={search_term_string}"},"query-input":"required name=search_term_string"}],"inLanguage":"vl"}]}</script>
<!-- / Yoast SEO plugin. -->

El Consorci de la Ribera llança la sexta edició del programa PARATGES, Rutes Mediambientals de la Ribera, un programa de visites guiades a diversos paratges naturals o zones de gran valor mediambiental de la Ribera de Xúquer. Mitjançant aquest projecte es pretén potenciar l’atractiu turístic de les zones de gran valor paisatgístic i mediambiental de [&hellip;]
