{"id":123992,"date":"2025-09-03T09:17:28","date_gmt":"2025-09-03T09:17:28","guid":{"rendered":"https:\/\/turisme.dival.es\/turist_agenda\/90521\/"},"modified":"2025-09-23T09:50:23","modified_gmt":"2025-09-23T09:50:23","slug":"90521","status":"publish","type":"turist_agenda","link":"https:\/\/turisme.dival.es\/ca\/turist_agenda\/90521\/","title":{"rendered":"Fira Comercial i Gastron\u00f2mica Pobla del Duc"},"content":{"rendered":"<p>La Pobla del Duc celebra la seua Fira Comercial i Gastron\u00f2mica del 3 al 5\u00a0 d&#8217;octubre.<\/p>\n<p>Es tracta d&#8217;una aposta comercial amb una \u00e0mplia oferta gastron\u00f2mica i variades activitats com a m\u00fasica, balls, exhibicions, rutes tur\u00edstiques i demostracions gastron\u00f2miques.<\/p>\n<p>T&#8217;esperem!<\/p>\n","protected":false},"excerpt":{"rendered":"<p>La Pobla del Duc celebra la seua Fira Comercial i Gastron\u00f2mica del 3 al 5\u00a0 d&#8217;octubre.<\/p>\n","protected":false},"featured_media":138201,"template":"","situacion":[1450,2725],"categoria_agenda":[2370,2796],"class_list":["post-123992","turist_agenda","type-turist_agenda","status-publish","has-post-thumbnail","hentry","situacion-la-vall-dalbaida-ca","situacion-la-vall-dalbaidala-pobla-del-duc","categoria_agenda-fiestas-ca","categoria_agenda-fires"],"acf":{"fecha":"20251003","fecha_fin":"20251005","descargas":null,"galeria":""},"yoast_head":"<!-- This site is optimized with the Yoast SEO plugin v23.0 - https:\/\/yoast.com\/wordpress\/plugins\/seo\/ -->\n<title>Fira Comercial i Gastron\u00f2mica Pobla del Duc &#060; Valencia Turismo<\/title>\n<meta name=\"robots\" content=\"index, follow, max-snippet:-1, max-image-preview:large, max-video-preview:-1\" \/>\n<link rel=\"canonical\" href=\"https:\/\/turisme.dival.es\/ca\/turist_agenda\/90521\/\" \/>\n<meta property=\"og:locale\" content=\"en_US\" \/>\n<meta property=\"og:type\" content=\"article\" \/>\n<meta property=\"og:title\" content=\"Fira Comercial i Gastron\u00f2mica Pobla del Duc &#060; Valencia Turismo\" \/>\n<meta property=\"og:description\" content=\"La Pobla del Duc celebra la seua Fira Comercial i Gastron\u00f2mica del 3 al 5\u00a0 d&#039;octubre.\" \/>\n<meta property=\"og:url\" content=\"https:\/\/turisme.dival.es\/ca\/turist_agenda\/90521\/\" \/>\n<meta property=\"og:site_name\" content=\"Valencia Turismo\" \/>\n<meta property=\"article:modified_time\" content=\"2025-09-23T09:50:23+00:00\" \/>\n<meta property=\"og:image\" content=\"https:\/\/turisme.dival.es\/wp-content\/uploads\/2023\/10\/Cartell-Fira-Comercial-La-Pobla-del-Duc-2025-scaled.jpg\" \/>\n\t<meta property=\"og:image:width\" content=\"1760\" \/>\n\t<meta property=\"og:image:height\" content=\"2560\" \/>\n\t<meta property=\"og:image:type\" content=\"image\/jpeg\" \/>\n<meta name=\"twitter:card\" content=\"summary_large_image\" \/>\n<meta name=\"twitter:label1\" content=\"Est. reading time\" \/>\n\t<meta name=\"twitter:data1\" content=\"1 minute\" \/>\n<script type=\"application\/ld+json\" class=\"yoast-schema-graph\">{\"@context\":\"https:\/\/schema.org\",\"@graph\":[{\"@type\":\"WebPage\",\"@id\":\"https:\/\/turisme.dival.es\/ca\/turist_agenda\/90521\/\",\"url\":\"https:\/\/turisme.dival.es\/ca\/turist_agenda\/90521\/\",\"name\":\"Fira Comercial i Gastron\u00f2mica Pobla del Duc &#060; Valencia Turismo\",\"isPartOf\":{\"@id\":\"https:\/\/turisme.dival.es\/#website\"},\"primaryImageOfPage\":{\"@id\":\"https:\/\/turisme.dival.es\/ca\/turist_agenda\/90521\/#primaryimage\"},\"image\":{\"@id\":\"https:\/\/turisme.dival.es\/ca\/turist_agenda\/90521\/#primaryimage\"},\"thumbnailUrl\":\"https:\/\/turisme.dival.es\/wp-content\/uploads\/2023\/10\/Cartell-Fira-Comercial-La-Pobla-del-Duc-2025-scaled.jpg\",\"datePublished\":\"2025-09-03T09:17:28+00:00\",\"dateModified\":\"2025-09-23T09:50:23+00:00\",\"inLanguage\":\"vl\",\"potentialAction\":[{\"@type\":\"ReadAction\",\"target\":[\"https:\/\/turisme.dival.es\/ca\/turist_agenda\/90521\/\"]}]},{\"@type\":\"ImageObject\",\"inLanguage\":\"vl\",\"@id\":\"https:\/\/turisme.dival.es\/ca\/turist_agenda\/90521\/#primaryimage\",\"url\":\"https:\/\/turisme.dival.es\/wp-content\/uploads\/2023\/10\/Cartell-Fira-Comercial-La-Pobla-del-Duc-2025-scaled.jpg\",\"contentUrl\":\"https:\/\/turisme.dival.es\/wp-content\/uploads\/2023\/10\/Cartell-Fira-Comercial-La-Pobla-del-Duc-2025-scaled.jpg\",\"width\":1760,\"height\":2560},{\"@type\":\"WebSite\",\"@id\":\"https:\/\/turisme.dival.es\/#website\",\"url\":\"https:\/\/turisme.dival.es\/\",\"name\":\"valenciaturismo.com.mialias.net\",\"description\":\"\",\"potentialAction\":[{\"@type\":\"SearchAction\",\"target\":{\"@type\":\"EntryPoint\",\"urlTemplate\":\"https:\/\/turisme.dival.es\/?s={search_term_string}\"},\"query-input\":\"required name=search_term_string\"}],\"inLanguage\":\"vl\"}]}<\/script>\n<!-- \/ Yoast SEO plugin. -->","yoast_head_json":{"title":"Fira Comercial i Gastron\u00f2mica Pobla del Duc &#060; Valencia Turismo","robots":{"index":"index","follow":"follow","max-snippet":"max-snippet:-1","max-image-preview":"max-image-preview:large","max-video-preview":"max-video-preview:-1"},"canonical":"https:\/\/turisme.dival.es\/ca\/turist_agenda\/90521\/","og_locale":"en_US","og_type":"article","og_title":"Fira Comercial i Gastron\u00f2mica Pobla del Duc &#060; Valencia Turismo","og_description":"La Pobla del Duc celebra la seua Fira Comercial i Gastron\u00f2mica del 3 al 5\u00a0 d'octubre.","og_url":"https:\/\/turisme.dival.es\/ca\/turist_agenda\/90521\/","og_site_name":"Valencia Turismo","article_modified_time":"2025-09-23T09:50:23+00:00","og_image":[{"width":1760,"height":2560,"url":"https:\/\/turisme.dival.es\/wp-content\/uploads\/2023\/10\/Cartell-Fira-Comercial-La-Pobla-del-Duc-2025-scaled.jpg","type":"image\/jpeg"}],"twitter_card":"summary_large_image","twitter_misc":{"Est. reading time":"1 minute"},"schema":{"@context":"https:\/\/schema.org","@graph":[{"@type":"WebPage","@id":"https:\/\/turisme.dival.es\/ca\/turist_agenda\/90521\/","url":"https:\/\/turisme.dival.es\/ca\/turist_agenda\/90521\/","name":"Fira Comercial i Gastron\u00f2mica Pobla del Duc &#060; Valencia Turismo","isPartOf":{"@id":"https:\/\/turisme.dival.es\/#website"},"primaryImageOfPage":{"@id":"https:\/\/turisme.dival.es\/ca\/turist_agenda\/90521\/#primaryimage"},"image":{"@id":"https:\/\/turisme.dival.es\/ca\/turist_agenda\/90521\/#primaryimage"},"thumbnailUrl":"https:\/\/turisme.dival.es\/wp-content\/uploads\/2023\/10\/Cartell-Fira-Comercial-La-Pobla-del-Duc-2025-scaled.jpg","datePublished":"2025-09-03T09:17:28+00:00","dateModified":"2025-09-23T09:50:23+00:00","inLanguage":"vl","potentialAction":[{"@type":"ReadAction","target":["https:\/\/turisme.dival.es\/ca\/turist_agenda\/90521\/"]}]},{"@type":"ImageObject","inLanguage":"vl","@id":"https:\/\/turisme.dival.es\/ca\/turist_agenda\/90521\/#primaryimage","url":"https:\/\/turisme.dival.es\/wp-content\/uploads\/2023\/10\/Cartell-Fira-Comercial-La-Pobla-del-Duc-2025-scaled.jpg","contentUrl":"https:\/\/turisme.dival.es\/wp-content\/uploads\/2023\/10\/Cartell-Fira-Comercial-La-Pobla-del-Duc-2025-scaled.jpg","width":1760,"height":2560},{"@type":"WebSite","@id":"https:\/\/turisme.dival.es\/#website","url":"https:\/\/turisme.dival.es\/","name":"valenciaturismo.com.mialias.net","description":"","potentialAction":[{"@type":"SearchAction","target":{"@type":"EntryPoint","urlTemplate":"https:\/\/turisme.dival.es\/?s={search_term_string}"},"query-input":"required name=search_term_string"}],"inLanguage":"vl"}]}},"_links":{"self":[{"href":"https:\/\/turisme.dival.es\/ca\/wp-json\/wp\/v2\/turist_agenda\/123992","targetHints":{"allow":["GET"]}}],"collection":[{"href":"https:\/\/turisme.dival.es\/ca\/wp-json\/wp\/v2\/turist_agenda"}],"about":[{"href":"https:\/\/turisme.dival.es\/ca\/wp-json\/wp\/v2\/types\/turist_agenda"}],"wp:featuredmedia":[{"embeddable":true,"href":"https:\/\/turisme.dival.es\/ca\/wp-json\/wp\/v2\/media\/138201"}],"wp:attachment":[{"href":"https:\/\/turisme.dival.es\/ca\/wp-json\/wp\/v2\/media?parent=123992"}],"wp:term":[{"taxonomy":"situacion","embeddable":true,"href":"https:\/\/turisme.dival.es\/ca\/wp-json\/wp\/v2\/situacion?post=123992"},{"taxonomy":"categoria_agenda","embeddable":true,"href":"https:\/\/turisme.dival.es\/ca\/wp-json\/wp\/v2\/categoria_agenda?post=123992"}],"curies":[{"name":"wp","href":"https:\/\/api.w.org\/{rel}","templated":true}]}}

Fira Comercial i Gastronòmica Pobla del Duc

<p>La Pobla del Duc celebra la seua Fira Comercial i Gastronòmica del 3 al 5  d&#8217;octubre.</p>
<p>Es tracta d&#8217;una aposta comercial amb una àmplia oferta gastronòmica i variades activitats com a música, balls, exhibicions, rutes turístiques i demostracions gastronòmiques.</p>
<p>T&#8217;esperem!</p>

<p>La Pobla del Duc celebra la seua Fira Comercial i Gastronòmica del 3 al 5  d&#8217;octubre.</p>

<!-- This site is optimized with the Yoast SEO plugin v23.0 - https://yoast.com/wordpress/plugins/seo/ -->
<title>Fira Comercial i Gastronòmica Pobla del Duc &#060; Valencia Turismo</title>
<meta name="robots" content="index, follow, max-snippet:-1, max-image-preview:large, max-video-preview:-1" />
<link rel="canonical" href="https://turisme.dival.es/ca/turist_agenda/90521/" />
<meta property="og:locale" content="en_US" />
<meta property="og:type" content="article" />
<meta property="og:title" content="Fira Comercial i Gastronòmica Pobla del Duc &#060; Valencia Turismo" />
<meta property="og:description" content="La Pobla del Duc celebra la seua Fira Comercial i Gastronòmica del 3 al 5  d&#039;octubre." />
<meta property="og:url" content="https://turisme.dival.es/ca/turist_agenda/90521/" />
<meta property="og:site_name" content="Valencia Turismo" />
<meta property="article:modified_time" content="2025-09-23T09:50:23+00:00" />
<meta property="og:image" content="https://turisme.dival.es/wp-content/uploads/2023/10/Cartell-Fira-Comercial-La-Pobla-del-Duc-2025-scaled.jpg" />
	<meta property="og:image:width" content="1760" />
	<meta property="og:image:height" content="2560" />
	<meta property="og:image:type" content="image/jpeg" />
<meta name="twitter:card" content="summary_large_image" />
<meta name="twitter:label1" content="Est. reading time" />
	<meta name="twitter:data1" content="1 minute" />
<script type="application/ld+json" class="yoast-schema-graph">{"@context":"https://schema.org","@graph":[{"@type":"WebPage","@id":"https://turisme.dival.es/ca/turist_agenda/90521/","url":"https://turisme.dival.es/ca/turist_agenda/90521/","name":"Fira Comercial i Gastronòmica Pobla del Duc &#060; Valencia Turismo","isPartOf":{"@id":"https://turisme.dival.es/#website"},"primaryImageOfPage":{"@id":"https://turisme.dival.es/ca/turist_agenda/90521/#primaryimage"},"image":{"@id":"https://turisme.dival.es/ca/turist_agenda/90521/#primaryimage"},"thumbnailUrl":"https://turisme.dival.es/wp-content/uploads/2023/10/Cartell-Fira-Comercial-La-Pobla-del-Duc-2025-scaled.jpg","datePublished":"2025-09-03T09:17:28+00:00","dateModified":"2025-09-23T09:50:23+00:00","inLanguage":"vl","potentialAction":[{"@type":"ReadAction","target":["https://turisme.dival.es/ca/turist_agenda/90521/"]}]},{"@type":"ImageObject","inLanguage":"vl","@id":"https://turisme.dival.es/ca/turist_agenda/90521/#primaryimage","url":"https://turisme.dival.es/wp-content/uploads/2023/10/Cartell-Fira-Comercial-La-Pobla-del-Duc-2025-scaled.jpg","contentUrl":"https://turisme.dival.es/wp-content/uploads/2023/10/Cartell-Fira-Comercial-La-Pobla-del-Duc-2025-scaled.jpg","width":1760,"height":2560},{"@type":"WebSite","@id":"https://turisme.dival.es/#website","url":"https://turisme.dival.es/","name":"valenciaturismo.com.mialias.net","description":"","potentialAction":[{"@type":"SearchAction","target":{"@type":"EntryPoint","urlTemplate":"https://turisme.dival.es/?s={search_term_string}"},"query-input":"required name=search_term_string"}],"inLanguage":"vl"}]}</script>
<!-- / Yoast SEO plugin. -->

Fira Comercial i Gastronòmica Pobla del Duc &#060; Valencia Turismo

La Pobla del Duc celebra la seua Fira Comercial i Gastronòmica del 3 al 5  d'octubre.
