{"id":123974,"date":"2023-09-14T07:51:10","date_gmt":"2023-09-14T07:51:10","guid":{"rendered":"https:\/\/turisme.dival.es\/turist_agenda\/coneix-als-ibers-de-la-celadilla-dademuz\/"},"modified":"2024-05-05T15:31:15","modified_gmt":"2024-05-05T15:31:15","slug":"coneix-als-ibers-de-la-celadilla-dademuz","status":"publish","type":"turist_agenda","link":"https:\/\/turisme.dival.es\/ca\/turist_agenda\/coneix-als-ibers-de-la-celadilla-dademuz\/","title":{"rendered":"Coneix als ibers de la Celadilla d&#8217;Ademuz"},"content":{"rendered":"<p>T&#8217;apeteix con\u00e9ixer als ibers de la Celadilla d&#8217;Ademuz?<\/p>\n<p>Tots els dissabtes entre el 2 de setembre i el 21 d&#8217;octubre de 2023 hi ha visita teatralitzades a les 18.00 hores, pr\u00e8via reserva en el tel\u00e8fon 666715445.<\/p>\n<p>Per a viure una aut\u00e8ntica experi\u00e8ncia ibera, tamb\u00e9 es podran degustar propostes gastron\u00f2miques basades en aquesta singular cultura.<\/p>\n<p>Els actors que recrearan les formes de vida d&#8217;aquests pobladors comptaran amb un vestuari i indument\u00e0ria basats en r\u00e8pliques exactes dels ibers que van habitar La Celadilla.<\/p>\n<p>A m\u00e9s, l&#8217;Ajuntament d&#8217;Ademuz organitza les Jornades iberes \u00abConeix als ibers de La Celadilla d&#8217;Ademuz que se celebraran els dies 30 de setembre i 1 d&#8217;octubre.<\/p>\n<p>Durant les dues jornades es podr\u00e0 gaudir de visites teatralitzades, propostes gastron\u00f2miques, tallers i activitats per a tots els p\u00fablics.<\/p>\n","protected":false},"excerpt":{"rendered":"<p>T&#8217;apeteix con\u00e9ixer als ibers de la Celadilla d&#8217;Ademuz? Tots els dissabtes entre el 2 de setembre i el 21 d&#8217;octubre de 2023 hi ha visita teatralitzades a les 18.00 hores, pr\u00e8via reserva en el tel\u00e8fon 666715445. Per a viure una aut\u00e8ntica experi\u00e8ncia ibera, tamb\u00e9 es podran degustar propostes gastron\u00f2miques basades en aquesta singular cultura. Els [&hellip;]<\/p>\n","protected":false},"featured_media":123457,"template":"","situacion":[2709],"categoria_agenda":[2368],"class_list":["post-123974","turist_agenda","type-turist_agenda","status-publish","has-post-thumbnail","hentry","situacion-el-rincon-de-ademuzademuz","categoria_agenda-cultura-ca"],"acf":{"fecha":"20230915","fecha_fin":"20231021","descargas":null,"galeria":[]},"yoast_head":"<!-- This site is optimized with the Yoast SEO plugin v23.0 - https:\/\/yoast.com\/wordpress\/plugins\/seo\/ -->\n<title>Coneix als ibers de la Celadilla d&#039;Ademuz &#060; Valencia Turismo<\/title>\n<meta name=\"robots\" content=\"index, follow, max-snippet:-1, max-image-preview:large, max-video-preview:-1\" \/>\n<link rel=\"canonical\" href=\"https:\/\/turisme.dival.es\/ca\/turist_agenda\/coneix-als-ibers-de-la-celadilla-dademuz\/\" \/>\n<meta property=\"og:locale\" content=\"en_US\" \/>\n<meta property=\"og:type\" content=\"article\" \/>\n<meta property=\"og:title\" content=\"Coneix als ibers de la Celadilla d&#039;Ademuz &#060; Valencia Turismo\" \/>\n<meta property=\"og:description\" content=\"T&#8217;apeteix con\u00e9ixer als ibers de la Celadilla d&#8217;Ademuz? Tots els dissabtes entre el 2 de setembre i el 21 d&#8217;octubre de 2023 hi ha visita teatralitzades a les 18.00 hores, pr\u00e8via reserva en el tel\u00e8fon 666715445. Per a viure una aut\u00e8ntica experi\u00e8ncia ibera, tamb\u00e9 es podran degustar propostes gastron\u00f2miques basades en aquesta singular cultura. Els [&hellip;]\" \/>\n<meta property=\"og:url\" content=\"https:\/\/turisme.dival.es\/ca\/turist_agenda\/coneix-als-ibers-de-la-celadilla-dademuz\/\" \/>\n<meta property=\"og:site_name\" content=\"Valencia Turismo\" \/>\n<meta property=\"article:modified_time\" content=\"2024-05-05T15:31:15+00:00\" \/>\n<meta property=\"og:image\" content=\"https:\/\/turisme.dival.es\/wp-content\/uploads\/2024\/05\/Jornadas-iberas-de-La-Celadilla.png\" \/>\n\t<meta property=\"og:image:width\" content=\"1409\" \/>\n\t<meta property=\"og:image:height\" content=\"2000\" \/>\n\t<meta property=\"og:image:type\" content=\"image\/png\" \/>\n<meta name=\"twitter:card\" content=\"summary_large_image\" \/>\n<meta name=\"twitter:label1\" content=\"Est. reading time\" \/>\n\t<meta name=\"twitter:data1\" content=\"1 minute\" \/>\n<script type=\"application\/ld+json\" class=\"yoast-schema-graph\">{\"@context\":\"https:\/\/schema.org\",\"@graph\":[{\"@type\":\"WebPage\",\"@id\":\"https:\/\/turisme.dival.es\/ca\/turist_agenda\/coneix-als-ibers-de-la-celadilla-dademuz\/\",\"url\":\"https:\/\/turisme.dival.es\/ca\/turist_agenda\/coneix-als-ibers-de-la-celadilla-dademuz\/\",\"name\":\"Coneix als ibers de la Celadilla d'Ademuz &#060; Valencia Turismo\",\"isPartOf\":{\"@id\":\"https:\/\/turisme.dival.es\/#website\"},\"primaryImageOfPage\":{\"@id\":\"https:\/\/turisme.dival.es\/ca\/turist_agenda\/coneix-als-ibers-de-la-celadilla-dademuz\/#primaryimage\"},\"image\":{\"@id\":\"https:\/\/turisme.dival.es\/ca\/turist_agenda\/coneix-als-ibers-de-la-celadilla-dademuz\/#primaryimage\"},\"thumbnailUrl\":\"https:\/\/turisme.dival.es\/wp-content\/uploads\/2024\/05\/Jornadas-iberas-de-La-Celadilla.png\",\"datePublished\":\"2023-09-14T07:51:10+00:00\",\"dateModified\":\"2024-05-05T15:31:15+00:00\",\"inLanguage\":\"vl\",\"potentialAction\":[{\"@type\":\"ReadAction\",\"target\":[\"https:\/\/turisme.dival.es\/ca\/turist_agenda\/coneix-als-ibers-de-la-celadilla-dademuz\/\"]}]},{\"@type\":\"ImageObject\",\"inLanguage\":\"vl\",\"@id\":\"https:\/\/turisme.dival.es\/ca\/turist_agenda\/coneix-als-ibers-de-la-celadilla-dademuz\/#primaryimage\",\"url\":\"https:\/\/turisme.dival.es\/wp-content\/uploads\/2024\/05\/Jornadas-iberas-de-La-Celadilla.png\",\"contentUrl\":\"https:\/\/turisme.dival.es\/wp-content\/uploads\/2024\/05\/Jornadas-iberas-de-La-Celadilla.png\",\"width\":1409,\"height\":2000},{\"@type\":\"WebSite\",\"@id\":\"https:\/\/turisme.dival.es\/#website\",\"url\":\"https:\/\/turisme.dival.es\/\",\"name\":\"valenciaturismo.com.mialias.net\",\"description\":\"\",\"potentialAction\":[{\"@type\":\"SearchAction\",\"target\":{\"@type\":\"EntryPoint\",\"urlTemplate\":\"https:\/\/turisme.dival.es\/?s={search_term_string}\"},\"query-input\":\"required name=search_term_string\"}],\"inLanguage\":\"vl\"}]}<\/script>\n<!-- \/ Yoast SEO plugin. -->","yoast_head_json":{"title":"Coneix als ibers de la Celadilla d'Ademuz &#060; Valencia Turismo","robots":{"index":"index","follow":"follow","max-snippet":"max-snippet:-1","max-image-preview":"max-image-preview:large","max-video-preview":"max-video-preview:-1"},"canonical":"https:\/\/turisme.dival.es\/ca\/turist_agenda\/coneix-als-ibers-de-la-celadilla-dademuz\/","og_locale":"en_US","og_type":"article","og_title":"Coneix als ibers de la Celadilla d'Ademuz &#060; Valencia Turismo","og_description":"T&#8217;apeteix con\u00e9ixer als ibers de la Celadilla d&#8217;Ademuz? Tots els dissabtes entre el 2 de setembre i el 21 d&#8217;octubre de 2023 hi ha visita teatralitzades a les 18.00 hores, pr\u00e8via reserva en el tel\u00e8fon 666715445. Per a viure una aut\u00e8ntica experi\u00e8ncia ibera, tamb\u00e9 es podran degustar propostes gastron\u00f2miques basades en aquesta singular cultura. Els [&hellip;]","og_url":"https:\/\/turisme.dival.es\/ca\/turist_agenda\/coneix-als-ibers-de-la-celadilla-dademuz\/","og_site_name":"Valencia Turismo","article_modified_time":"2024-05-05T15:31:15+00:00","og_image":[{"width":1409,"height":2000,"url":"https:\/\/turisme.dival.es\/wp-content\/uploads\/2024\/05\/Jornadas-iberas-de-La-Celadilla.png","type":"image\/png"}],"twitter_card":"summary_large_image","twitter_misc":{"Est. reading time":"1 minute"},"schema":{"@context":"https:\/\/schema.org","@graph":[{"@type":"WebPage","@id":"https:\/\/turisme.dival.es\/ca\/turist_agenda\/coneix-als-ibers-de-la-celadilla-dademuz\/","url":"https:\/\/turisme.dival.es\/ca\/turist_agenda\/coneix-als-ibers-de-la-celadilla-dademuz\/","name":"Coneix als ibers de la Celadilla d'Ademuz &#060; Valencia Turismo","isPartOf":{"@id":"https:\/\/turisme.dival.es\/#website"},"primaryImageOfPage":{"@id":"https:\/\/turisme.dival.es\/ca\/turist_agenda\/coneix-als-ibers-de-la-celadilla-dademuz\/#primaryimage"},"image":{"@id":"https:\/\/turisme.dival.es\/ca\/turist_agenda\/coneix-als-ibers-de-la-celadilla-dademuz\/#primaryimage"},"thumbnailUrl":"https:\/\/turisme.dival.es\/wp-content\/uploads\/2024\/05\/Jornadas-iberas-de-La-Celadilla.png","datePublished":"2023-09-14T07:51:10+00:00","dateModified":"2024-05-05T15:31:15+00:00","inLanguage":"vl","potentialAction":[{"@type":"ReadAction","target":["https:\/\/turisme.dival.es\/ca\/turist_agenda\/coneix-als-ibers-de-la-celadilla-dademuz\/"]}]},{"@type":"ImageObject","inLanguage":"vl","@id":"https:\/\/turisme.dival.es\/ca\/turist_agenda\/coneix-als-ibers-de-la-celadilla-dademuz\/#primaryimage","url":"https:\/\/turisme.dival.es\/wp-content\/uploads\/2024\/05\/Jornadas-iberas-de-La-Celadilla.png","contentUrl":"https:\/\/turisme.dival.es\/wp-content\/uploads\/2024\/05\/Jornadas-iberas-de-La-Celadilla.png","width":1409,"height":2000},{"@type":"WebSite","@id":"https:\/\/turisme.dival.es\/#website","url":"https:\/\/turisme.dival.es\/","name":"valenciaturismo.com.mialias.net","description":"","potentialAction":[{"@type":"SearchAction","target":{"@type":"EntryPoint","urlTemplate":"https:\/\/turisme.dival.es\/?s={search_term_string}"},"query-input":"required name=search_term_string"}],"inLanguage":"vl"}]}},"_links":{"self":[{"href":"https:\/\/turisme.dival.es\/ca\/wp-json\/wp\/v2\/turist_agenda\/123974","targetHints":{"allow":["GET"]}}],"collection":[{"href":"https:\/\/turisme.dival.es\/ca\/wp-json\/wp\/v2\/turist_agenda"}],"about":[{"href":"https:\/\/turisme.dival.es\/ca\/wp-json\/wp\/v2\/types\/turist_agenda"}],"wp:featuredmedia":[{"embeddable":true,"href":"https:\/\/turisme.dival.es\/ca\/wp-json\/wp\/v2\/media\/123457"}],"wp:attachment":[{"href":"https:\/\/turisme.dival.es\/ca\/wp-json\/wp\/v2\/media?parent=123974"}],"wp:term":[{"taxonomy":"situacion","embeddable":true,"href":"https:\/\/turisme.dival.es\/ca\/wp-json\/wp\/v2\/situacion?post=123974"},{"taxonomy":"categoria_agenda","embeddable":true,"href":"https:\/\/turisme.dival.es\/ca\/wp-json\/wp\/v2\/categoria_agenda?post=123974"}],"curies":[{"name":"wp","href":"https:\/\/api.w.org\/{rel}","templated":true}]}}

<p>T&#8217;apeteix conéixer als ibers de la Celadilla d&#8217;Ademuz?</p>
<p>Tots els dissabtes entre el 2 de setembre i el 21 d&#8217;octubre de 2023 hi ha visita teatralitzades a les 18.00 hores, prèvia reserva en el telèfon 666715445.</p>
<p>Per a viure una autèntica experiència ibera, també es podran degustar propostes gastronòmiques basades en aquesta singular cultura.</p>
<p>Els actors que recrearan les formes de vida d&#8217;aquests pobladors comptaran amb un vestuari i indumentària basats en rèpliques exactes dels ibers que van habitar La Celadilla.</p>
<p>A més, l&#8217;Ajuntament d&#8217;Ademuz organitza les Jornades iberes «Coneix als ibers de La Celadilla d&#8217;Ademuz que se celebraran els dies 30 de setembre i 1 d&#8217;octubre.</p>
<p>Durant les dues jornades es podrà gaudir de visites teatralitzades, propostes gastronòmiques, tallers i activitats per a tots els públics.</p>

<p>T&#8217;apeteix conéixer als ibers de la Celadilla d&#8217;Ademuz? Tots els dissabtes entre el 2 de setembre i el 21 d&#8217;octubre de 2023 hi ha visita teatralitzades a les 18.00 hores, prèvia reserva en el telèfon 666715445. Per a viure una autèntica experiència ibera, també es podran degustar propostes gastronòmiques basades en aquesta singular cultura. Els [&hellip;]</p>

<!-- This site is optimized with the Yoast SEO plugin v23.0 - https://yoast.com/wordpress/plugins/seo/ -->
<title>Coneix als ibers de la Celadilla d&#039;Ademuz &#060; Valencia Turismo</title>
<meta name="robots" content="index, follow, max-snippet:-1, max-image-preview:large, max-video-preview:-1" />
<link rel="canonical" href="https://turisme.dival.es/ca/turist_agenda/coneix-als-ibers-de-la-celadilla-dademuz/" />
<meta property="og:locale" content="en_US" />
<meta property="og:type" content="article" />
<meta property="og:title" content="Coneix als ibers de la Celadilla d&#039;Ademuz &#060; Valencia Turismo" />
<meta property="og:description" content="T&#8217;apeteix conéixer als ibers de la Celadilla d&#8217;Ademuz? Tots els dissabtes entre el 2 de setembre i el 21 d&#8217;octubre de 2023 hi ha visita teatralitzades a les 18.00 hores, prèvia reserva en el telèfon 666715445. Per a viure una autèntica experiència ibera, també es podran degustar propostes gastronòmiques basades en aquesta singular cultura. Els [&hellip;]" />
<meta property="og:url" content="https://turisme.dival.es/ca/turist_agenda/coneix-als-ibers-de-la-celadilla-dademuz/" />
<meta property="og:site_name" content="Valencia Turismo" />
<meta property="article:modified_time" content="2024-05-05T15:31:15+00:00" />
<meta property="og:image" content="https://turisme.dival.es/wp-content/uploads/2024/05/Jornadas-iberas-de-La-Celadilla.png" />
	<meta property="og:image:width" content="1409" />
	<meta property="og:image:height" content="2000" />
	<meta property="og:image:type" content="image/png" />
<meta name="twitter:card" content="summary_large_image" />
<meta name="twitter:label1" content="Est. reading time" />
	<meta name="twitter:data1" content="1 minute" />
<script type="application/ld+json" class="yoast-schema-graph">{"@context":"https://schema.org","@graph":[{"@type":"WebPage","@id":"https://turisme.dival.es/ca/turist_agenda/coneix-als-ibers-de-la-celadilla-dademuz/","url":"https://turisme.dival.es/ca/turist_agenda/coneix-als-ibers-de-la-celadilla-dademuz/","name":"Coneix als ibers de la Celadilla d'Ademuz &#060; Valencia Turismo","isPartOf":{"@id":"https://turisme.dival.es/#website"},"primaryImageOfPage":{"@id":"https://turisme.dival.es/ca/turist_agenda/coneix-als-ibers-de-la-celadilla-dademuz/#primaryimage"},"image":{"@id":"https://turisme.dival.es/ca/turist_agenda/coneix-als-ibers-de-la-celadilla-dademuz/#primaryimage"},"thumbnailUrl":"https://turisme.dival.es/wp-content/uploads/2024/05/Jornadas-iberas-de-La-Celadilla.png","datePublished":"2023-09-14T07:51:10+00:00","dateModified":"2024-05-05T15:31:15+00:00","inLanguage":"vl","potentialAction":[{"@type":"ReadAction","target":["https://turisme.dival.es/ca/turist_agenda/coneix-als-ibers-de-la-celadilla-dademuz/"]}]},{"@type":"ImageObject","inLanguage":"vl","@id":"https://turisme.dival.es/ca/turist_agenda/coneix-als-ibers-de-la-celadilla-dademuz/#primaryimage","url":"https://turisme.dival.es/wp-content/uploads/2024/05/Jornadas-iberas-de-La-Celadilla.png","contentUrl":"https://turisme.dival.es/wp-content/uploads/2024/05/Jornadas-iberas-de-La-Celadilla.png","width":1409,"height":2000},{"@type":"WebSite","@id":"https://turisme.dival.es/#website","url":"https://turisme.dival.es/","name":"valenciaturismo.com.mialias.net","description":"","potentialAction":[{"@type":"SearchAction","target":{"@type":"EntryPoint","urlTemplate":"https://turisme.dival.es/?s={search_term_string}"},"query-input":"required name=search_term_string"}],"inLanguage":"vl"}]}</script>
<!-- / Yoast SEO plugin. -->

T&#8217;apeteix conéixer als ibers de la Celadilla d&#8217;Ademuz? Tots els dissabtes entre el 2 de setembre i el 21 d&#8217;octubre de 2023 hi ha visita teatralitzades a les 18.00 hores, prèvia reserva en el telèfon 666715445. Per a viure una autèntica experiència ibera, també es podran degustar propostes gastronòmiques basades en aquesta singular cultura. Els [&hellip;]
