{"id":123946,"date":"2023-07-20T09:22:49","date_gmt":"2023-07-20T09:22:49","guid":{"rendered":"https:\/\/turisme.dival.es\/turist_agenda\/noche-de-las-velas-titaguas\/"},"modified":"2025-07-09T12:01:21","modified_gmt":"2025-07-09T12:01:21","slug":"noche-de-las-velas-titaguas","status":"publish","type":"turist_agenda","link":"https:\/\/turisme.dival.es\/ca\/turist_agenda\/noche-de-las-velas-titaguas\/","title":{"rendered":"Noche de las Velas Titaguas"},"content":{"rendered":"<p>La &#8220;Noche de las Velas&#8221; se celebra a Titaiguas el 26 de juliol, una festa m\u00e0gica en la qual per una nit la il\u00b7luminaci\u00f3 p\u00fablica deixa passe a la llum t\u00e8nue i c\u00e0lida que proporcionen milers de ciris en carrers, finestres i balcons, creant-se aix\u00ed un suggestiu i evocador ambient que serveix de marc a actuacions musicals en els m\u00e9s bells racons de la vila.<\/p>\n<p>&nbsp;<\/p>\n","protected":false},"excerpt":{"rendered":"<p>La &#8220;Noche de las Velas&#8221; se celebra a Titaiguas el 26 de juliol<\/p>\n","protected":false},"featured_media":137039,"template":"","situacion":[2713],"categoria_agenda":[2370],"class_list":["post-123946","turist_agenda","type-turist_agenda","status-publish","has-post-thumbnail","hentry","situacion-la-serraniatitaguas","categoria_agenda-fiestas-ca"],"acf":{"fecha":"20250726","fecha_fin":"20250726","descargas":null,"galeria":""},"yoast_head":"<!-- This site is optimized with the Yoast SEO plugin v23.0 - https:\/\/yoast.com\/wordpress\/plugins\/seo\/ -->\n<title>Noche de las Velas Titaguas &#060; Valencia Turismo<\/title>\n<meta name=\"robots\" content=\"index, follow, max-snippet:-1, max-image-preview:large, max-video-preview:-1\" \/>\n<link rel=\"canonical\" href=\"https:\/\/turisme.dival.es\/ca\/turist_agenda\/noche-de-las-velas-titaguas\/\" \/>\n<meta property=\"og:locale\" content=\"en_US\" \/>\n<meta property=\"og:type\" content=\"article\" \/>\n<meta property=\"og:title\" content=\"Noche de las Velas Titaguas &#060; Valencia Turismo\" \/>\n<meta property=\"og:description\" content=\"La &quot;Noche de las Velas&quot; se celebra a Titaiguas el 26 de juliol\" \/>\n<meta property=\"og:url\" content=\"https:\/\/turisme.dival.es\/ca\/turist_agenda\/noche-de-las-velas-titaguas\/\" \/>\n<meta property=\"og:site_name\" content=\"Valencia Turismo\" \/>\n<meta property=\"article:modified_time\" content=\"2025-07-09T12:01:21+00:00\" \/>\n<meta property=\"og:image\" content=\"https:\/\/turisme.dival.es\/wp-content\/uploads\/2024\/07\/NDLV25-1.png\" \/>\n\t<meta property=\"og:image:width\" content=\"766\" \/>\n\t<meta property=\"og:image:height\" content=\"1063\" \/>\n\t<meta property=\"og:image:type\" content=\"image\/png\" \/>\n<meta name=\"twitter:card\" content=\"summary_large_image\" \/>\n<meta name=\"twitter:label1\" content=\"Est. reading time\" \/>\n\t<meta name=\"twitter:data1\" content=\"1 minute\" \/>\n<script type=\"application\/ld+json\" class=\"yoast-schema-graph\">{\"@context\":\"https:\/\/schema.org\",\"@graph\":[{\"@type\":\"WebPage\",\"@id\":\"https:\/\/turisme.dival.es\/ca\/turist_agenda\/noche-de-las-velas-titaguas\/\",\"url\":\"https:\/\/turisme.dival.es\/ca\/turist_agenda\/noche-de-las-velas-titaguas\/\",\"name\":\"Noche de las Velas Titaguas &#060; Valencia Turismo\",\"isPartOf\":{\"@id\":\"https:\/\/turisme.dival.es\/#website\"},\"primaryImageOfPage\":{\"@id\":\"https:\/\/turisme.dival.es\/ca\/turist_agenda\/noche-de-las-velas-titaguas\/#primaryimage\"},\"image\":{\"@id\":\"https:\/\/turisme.dival.es\/ca\/turist_agenda\/noche-de-las-velas-titaguas\/#primaryimage\"},\"thumbnailUrl\":\"https:\/\/turisme.dival.es\/wp-content\/uploads\/2024\/07\/NDLV25-1.png\",\"datePublished\":\"2023-07-20T09:22:49+00:00\",\"dateModified\":\"2025-07-09T12:01:21+00:00\",\"inLanguage\":\"vl\",\"potentialAction\":[{\"@type\":\"ReadAction\",\"target\":[\"https:\/\/turisme.dival.es\/ca\/turist_agenda\/noche-de-las-velas-titaguas\/\"]}]},{\"@type\":\"ImageObject\",\"inLanguage\":\"vl\",\"@id\":\"https:\/\/turisme.dival.es\/ca\/turist_agenda\/noche-de-las-velas-titaguas\/#primaryimage\",\"url\":\"https:\/\/turisme.dival.es\/wp-content\/uploads\/2024\/07\/NDLV25-1.png\",\"contentUrl\":\"https:\/\/turisme.dival.es\/wp-content\/uploads\/2024\/07\/NDLV25-1.png\",\"width\":766,\"height\":1063},{\"@type\":\"WebSite\",\"@id\":\"https:\/\/turisme.dival.es\/#website\",\"url\":\"https:\/\/turisme.dival.es\/\",\"name\":\"valenciaturismo.com.mialias.net\",\"description\":\"\",\"potentialAction\":[{\"@type\":\"SearchAction\",\"target\":{\"@type\":\"EntryPoint\",\"urlTemplate\":\"https:\/\/turisme.dival.es\/?s={search_term_string}\"},\"query-input\":\"required name=search_term_string\"}],\"inLanguage\":\"vl\"}]}<\/script>\n<!-- \/ Yoast SEO plugin. -->","yoast_head_json":{"title":"Noche de las Velas Titaguas &#060; Valencia Turismo","robots":{"index":"index","follow":"follow","max-snippet":"max-snippet:-1","max-image-preview":"max-image-preview:large","max-video-preview":"max-video-preview:-1"},"canonical":"https:\/\/turisme.dival.es\/ca\/turist_agenda\/noche-de-las-velas-titaguas\/","og_locale":"en_US","og_type":"article","og_title":"Noche de las Velas Titaguas &#060; Valencia Turismo","og_description":"La \"Noche de las Velas\" se celebra a Titaiguas el 26 de juliol","og_url":"https:\/\/turisme.dival.es\/ca\/turist_agenda\/noche-de-las-velas-titaguas\/","og_site_name":"Valencia Turismo","article_modified_time":"2025-07-09T12:01:21+00:00","og_image":[{"width":766,"height":1063,"url":"https:\/\/turisme.dival.es\/wp-content\/uploads\/2024\/07\/NDLV25-1.png","type":"image\/png"}],"twitter_card":"summary_large_image","twitter_misc":{"Est. reading time":"1 minute"},"schema":{"@context":"https:\/\/schema.org","@graph":[{"@type":"WebPage","@id":"https:\/\/turisme.dival.es\/ca\/turist_agenda\/noche-de-las-velas-titaguas\/","url":"https:\/\/turisme.dival.es\/ca\/turist_agenda\/noche-de-las-velas-titaguas\/","name":"Noche de las Velas Titaguas &#060; Valencia Turismo","isPartOf":{"@id":"https:\/\/turisme.dival.es\/#website"},"primaryImageOfPage":{"@id":"https:\/\/turisme.dival.es\/ca\/turist_agenda\/noche-de-las-velas-titaguas\/#primaryimage"},"image":{"@id":"https:\/\/turisme.dival.es\/ca\/turist_agenda\/noche-de-las-velas-titaguas\/#primaryimage"},"thumbnailUrl":"https:\/\/turisme.dival.es\/wp-content\/uploads\/2024\/07\/NDLV25-1.png","datePublished":"2023-07-20T09:22:49+00:00","dateModified":"2025-07-09T12:01:21+00:00","inLanguage":"vl","potentialAction":[{"@type":"ReadAction","target":["https:\/\/turisme.dival.es\/ca\/turist_agenda\/noche-de-las-velas-titaguas\/"]}]},{"@type":"ImageObject","inLanguage":"vl","@id":"https:\/\/turisme.dival.es\/ca\/turist_agenda\/noche-de-las-velas-titaguas\/#primaryimage","url":"https:\/\/turisme.dival.es\/wp-content\/uploads\/2024\/07\/NDLV25-1.png","contentUrl":"https:\/\/turisme.dival.es\/wp-content\/uploads\/2024\/07\/NDLV25-1.png","width":766,"height":1063},{"@type":"WebSite","@id":"https:\/\/turisme.dival.es\/#website","url":"https:\/\/turisme.dival.es\/","name":"valenciaturismo.com.mialias.net","description":"","potentialAction":[{"@type":"SearchAction","target":{"@type":"EntryPoint","urlTemplate":"https:\/\/turisme.dival.es\/?s={search_term_string}"},"query-input":"required name=search_term_string"}],"inLanguage":"vl"}]}},"_links":{"self":[{"href":"https:\/\/turisme.dival.es\/ca\/wp-json\/wp\/v2\/turist_agenda\/123946","targetHints":{"allow":["GET"]}}],"collection":[{"href":"https:\/\/turisme.dival.es\/ca\/wp-json\/wp\/v2\/turist_agenda"}],"about":[{"href":"https:\/\/turisme.dival.es\/ca\/wp-json\/wp\/v2\/types\/turist_agenda"}],"wp:featuredmedia":[{"embeddable":true,"href":"https:\/\/turisme.dival.es\/ca\/wp-json\/wp\/v2\/media\/137039"}],"wp:attachment":[{"href":"https:\/\/turisme.dival.es\/ca\/wp-json\/wp\/v2\/media?parent=123946"}],"wp:term":[{"taxonomy":"situacion","embeddable":true,"href":"https:\/\/turisme.dival.es\/ca\/wp-json\/wp\/v2\/situacion?post=123946"},{"taxonomy":"categoria_agenda","embeddable":true,"href":"https:\/\/turisme.dival.es\/ca\/wp-json\/wp\/v2\/categoria_agenda?post=123946"}],"curies":[{"name":"wp","href":"https:\/\/api.w.org\/{rel}","templated":true}]}}

<p>La &#8220;Noche de las Velas&#8221; se celebra a Titaiguas el 26 de juliol, una festa màgica en la qual per una nit la il·luminació pública deixa passe a la llum tènue i càlida que proporcionen milers de ciris en carrers, finestres i balcons, creant-se així un suggestiu i evocador ambient que serveix de marc a actuacions musicals en els més bells racons de la vila.</p>
<p>&nbsp;</p>
