{"id":66753,"date":"2021-08-12T09:28:09","date_gmt":"2021-08-12T09:28:09","guid":{"rendered":"https:\/\/turisme.dival.es\/playa\/piles\/"},"modified":"2022-06-21T09:47:45","modified_gmt":"2022-06-21T09:47:45","slug":"piles","status":"publish","type":"playa","link":"https:\/\/turisme.dival.es\/ca\/playa\/piles\/","title":{"rendered":"Platja Piles"},"featured_media":66755,"template":"","situacion":[63,1667],"class_list":["post-66753","playa","type-playa","status-publish","has-post-thumbnail","hentry","situacion-alfara-de-la-baronia","situacion-piles-ca"],"acf":{"banner":[{"imagen_banner":82827,"video_del_banner":null}],"descripcion":"La platja de Piles disposa d\u2019un passeig mar\u00edtim ocupat per cases unifamiliars d\u2019una o dues plantes, molt prop del mar; i en segona l\u00ednia, els edificis m\u00e9s alts dedicats a allotjaments en apartaments de vacances. Aquest criteri urban\u00edstic permet que el visitant se senta menys atabalat quan passeja per aquest tram litoral. En l\u2019extrem m\u00e9s meridional de la platja es troba l\u2019estret cam\u00ed del Rac\u00f3, envoltat de camps dedicats a c\u00edtrics amb petites cases de camp. Les dunes i la seua vegetaci\u00f3 caracter\u00edstica donen al paratge l\u2019aire ex\u00f2tic que posseeixen llargs trams de la marjaleria valenciana. El municipi t\u00e9 com a monument principal la seua esgl\u00e9sia parroquial dedicada a Santa Barbara i una torre de vigil\u00e0ncia mar\u00edtima constru\u00efda en el segle XVI per a advertir de la pres\u00e8ncia de les naus pirates. Aquestes construccions s\u00f3n t\u00edpiques en el litoral situat entre Cullera i Oliva.","caracteristicas":"<div class=\"entry-content\">\r\n\r\nGrau d\u2019ocupaci\u00f3: baixa -- Grau d\u2019urbanitzaci\u00f3: Car\u00e0cter urb\u00e0 -- Tipus d\u2019arena: Color daurat -- Qualitat de l\u2019arena: Gra fi -- Condicions per al bany: Onatge moderat -- Qualitat de les aig\u00fces: Apta per al bany -- Hostaleria: Hostal i restaurants -- Transporte: Autob\u00fas des de Gandia -- Vigil\u00e0ncia: Creu Roja amb dotaci\u00f3 de llanxa -- Altres serveis: Neteja de platja, llavapeus i escola de vela -- Dist\u00e0ncies: A 2 km. de Piles i 74 km. de Val\u00e8ncia -- Acc\u00e9s: Per un desviament des de la N- 332 i per l\u2019eixida 61 de l\u2019autopista A-7.\r\n\r\n<\/div>","localizacion_mapa":"<iframe src=\"https:\/\/www.google.com\/maps\/embed?pb=!1m18!1m12!1m3!1d3102.808502569991!2d-0.11846988464804387!3d38.951202979562495!2m3!1f0!2f0!3f0!3m2!1i1024!2i768!4f13.1!3m3!1m2!1s0xd61e7a944777563%3A0x5856c73b99f58231!2sPlaya%20de%20la%20Torre%20de%20Piles!5e0!3m2!1ses!2ses!4v1628760855423!5m2!1ses!2ses\" width=\"100%\" height=\"450\" style=\"border:0;\" allowfullscreen=\"\" loading=\"lazy\"><\/iframe>","certificados_playas":"","tipo_de_playa":[],"servicios_de_la_playa":[],"turist-info_rel":74839},"yoast_head":"<!-- This site is optimized with the Yoast SEO plugin v23.0 - https:\/\/yoast.com\/wordpress\/plugins\/seo\/ -->\n<title>Platja Piles &#060; Valencia Turismo<\/title>\n<meta name=\"robots\" content=\"index, follow, max-snippet:-1, max-image-preview:large, max-video-preview:-1\" \/>\n<link rel=\"canonical\" href=\"https:\/\/turisme.dival.es\/ca\/playa\/piles\/\" \/>\n<meta property=\"og:locale\" content=\"en_US\" \/>\n<meta property=\"og:type\" content=\"article\" \/>\n<meta property=\"og:title\" content=\"Platja Piles &#060; Valencia Turismo\" \/>\n<meta property=\"og:url\" content=\"https:\/\/turisme.dival.es\/ca\/playa\/piles\/\" \/>\n<meta property=\"og:site_name\" content=\"Valencia Turismo\" \/>\n<meta property=\"article:modified_time\" content=\"2022-06-21T09:47:45+00:00\" \/>\n<meta property=\"og:image\" content=\"https:\/\/turisme.dival.es\/wp-content\/uploads\/2021\/08\/Grupo-27-2.jpg\" \/>\n\t<meta property=\"og:image:width\" content=\"650\" \/>\n\t<meta property=\"og:image:height\" content=\"588\" \/>\n\t<meta property=\"og:image:type\" content=\"image\/jpeg\" \/>\n<meta name=\"twitter:card\" content=\"summary_large_image\" \/>\n<script type=\"application\/ld+json\" class=\"yoast-schema-graph\">{\"@context\":\"https:\/\/schema.org\",\"@graph\":[{\"@type\":\"WebPage\",\"@id\":\"https:\/\/turisme.dival.es\/ca\/playa\/piles\/\",\"url\":\"https:\/\/turisme.dival.es\/ca\/playa\/piles\/\",\"name\":\"Platja Piles &#060; Valencia Turismo\",\"isPartOf\":{\"@id\":\"https:\/\/turisme.dival.es\/#website\"},\"primaryImageOfPage\":{\"@id\":\"https:\/\/turisme.dival.es\/ca\/playa\/piles\/#primaryimage\"},\"image\":{\"@id\":\"https:\/\/turisme.dival.es\/ca\/playa\/piles\/#primaryimage\"},\"thumbnailUrl\":\"https:\/\/turisme.dival.es\/wp-content\/uploads\/2021\/08\/Grupo-27-2.jpg\",\"datePublished\":\"2021-08-12T09:28:09+00:00\",\"dateModified\":\"2022-06-21T09:47:45+00:00\",\"inLanguage\":\"vl\",\"potentialAction\":[{\"@type\":\"ReadAction\",\"target\":[\"https:\/\/turisme.dival.es\/ca\/playa\/piles\/\"]}]},{\"@type\":\"ImageObject\",\"inLanguage\":\"vl\",\"@id\":\"https:\/\/turisme.dival.es\/ca\/playa\/piles\/#primaryimage\",\"url\":\"https:\/\/turisme.dival.es\/wp-content\/uploads\/2021\/08\/Grupo-27-2.jpg\",\"contentUrl\":\"https:\/\/turisme.dival.es\/wp-content\/uploads\/2021\/08\/Grupo-27-2.jpg\",\"width\":650,\"height\":588},{\"@type\":\"WebSite\",\"@id\":\"https:\/\/turisme.dival.es\/#website\",\"url\":\"https:\/\/turisme.dival.es\/\",\"name\":\"valenciaturismo.com.mialias.net\",\"description\":\"\",\"potentialAction\":[{\"@type\":\"SearchAction\",\"target\":{\"@type\":\"EntryPoint\",\"urlTemplate\":\"https:\/\/turisme.dival.es\/?s={search_term_string}\"},\"query-input\":\"required name=search_term_string\"}],\"inLanguage\":\"vl\"}]}<\/script>\n<!-- \/ Yoast SEO plugin. -->","yoast_head_json":{"title":"Platja Piles &#060; Valencia Turismo","robots":{"index":"index","follow":"follow","max-snippet":"max-snippet:-1","max-image-preview":"max-image-preview:large","max-video-preview":"max-video-preview:-1"},"canonical":"https:\/\/turisme.dival.es\/ca\/playa\/piles\/","og_locale":"en_US","og_type":"article","og_title":"Platja Piles &#060; Valencia Turismo","og_url":"https:\/\/turisme.dival.es\/ca\/playa\/piles\/","og_site_name":"Valencia Turismo","article_modified_time":"2022-06-21T09:47:45+00:00","og_image":[{"width":650,"height":588,"url":"https:\/\/turisme.dival.es\/wp-content\/uploads\/2021\/08\/Grupo-27-2.jpg","type":"image\/jpeg"}],"twitter_card":"summary_large_image","schema":{"@context":"https:\/\/schema.org","@graph":[{"@type":"WebPage","@id":"https:\/\/turisme.dival.es\/ca\/playa\/piles\/","url":"https:\/\/turisme.dival.es\/ca\/playa\/piles\/","name":"Platja Piles &#060; Valencia Turismo","isPartOf":{"@id":"https:\/\/turisme.dival.es\/#website"},"primaryImageOfPage":{"@id":"https:\/\/turisme.dival.es\/ca\/playa\/piles\/#primaryimage"},"image":{"@id":"https:\/\/turisme.dival.es\/ca\/playa\/piles\/#primaryimage"},"thumbnailUrl":"https:\/\/turisme.dival.es\/wp-content\/uploads\/2021\/08\/Grupo-27-2.jpg","datePublished":"2021-08-12T09:28:09+00:00","dateModified":"2022-06-21T09:47:45+00:00","inLanguage":"vl","potentialAction":[{"@type":"ReadAction","target":["https:\/\/turisme.dival.es\/ca\/playa\/piles\/"]}]},{"@type":"ImageObject","inLanguage":"vl","@id":"https:\/\/turisme.dival.es\/ca\/playa\/piles\/#primaryimage","url":"https:\/\/turisme.dival.es\/wp-content\/uploads\/2021\/08\/Grupo-27-2.jpg","contentUrl":"https:\/\/turisme.dival.es\/wp-content\/uploads\/2021\/08\/Grupo-27-2.jpg","width":650,"height":588},{"@type":"WebSite","@id":"https:\/\/turisme.dival.es\/#website","url":"https:\/\/turisme.dival.es\/","name":"valenciaturismo.com.mialias.net","description":"","potentialAction":[{"@type":"SearchAction","target":{"@type":"EntryPoint","urlTemplate":"https:\/\/turisme.dival.es\/?s={search_term_string}"},"query-input":"required name=search_term_string"}],"inLanguage":"vl"}]}},"_links":{"self":[{"href":"https:\/\/turisme.dival.es\/ca\/wp-json\/wp\/v2\/playa\/66753","targetHints":{"allow":["GET"]}}],"collection":[{"href":"https:\/\/turisme.dival.es\/ca\/wp-json\/wp\/v2\/playa"}],"about":[{"href":"https:\/\/turisme.dival.es\/ca\/wp-json\/wp\/v2\/types\/playa"}],"acf:post":[{"embeddable":true,"href":"https:\/\/turisme.dival.es\/ca\/wp-json\/wp\/v2\/turist_info\/74839"}],"wp:featuredmedia":[{"embeddable":true,"href":"https:\/\/turisme.dival.es\/ca\/wp-json\/wp\/v2\/media\/66755"}],"wp:attachment":[{"href":"https:\/\/turisme.dival.es\/ca\/wp-json\/wp\/v2\/media?parent=66753"}],"wp:term":[{"taxonomy":"situacion","embeddable":true,"href":"https:\/\/turisme.dival.es\/ca\/wp-json\/wp\/v2\/situacion?post=66753"}],"curies":[{"name":"wp","href":"https:\/\/api.w.org\/{rel}","templated":true}]}}

La platja de Piles disposa d’un passeig marítim ocupat per cases unifamiliars d’una o dues plantes, molt prop del mar; i en segona línia, els edificis més alts dedicats a allotjaments en apartaments de vacances. Aquest criteri urbanístic permet que el visitant se senta menys atabalat quan passeja per aquest tram litoral. En l’extrem més meridional de la platja es troba l’estret camí del Racó, envoltat de camps dedicats a cítrics amb petites cases de camp. Les dunes i la seua vegetació característica donen al paratge l’aire exòtic que posseeixen llargs trams de la marjaleria valenciana. El municipi té com a monument principal la seua església parroquial dedicada a Santa Barbara i una torre de vigilància marítima construïda en el segle XVI per a advertir de la presència de les naus pirates. Aquestes construccions són típiques en el litoral situat entre Cullera i Oliva.

<div class="entry-content">

Grau d’ocupació: baixa -- Grau d’urbanització: Caràcter urbà -- Tipus d’arena: Color daurat -- Qualitat de l’arena: Gra fi -- Condicions per al bany: Onatge moderat -- Qualitat de les aigües: Apta per al bany -- Hostaleria: Hostal i restaurants -- Transporte: Autobús des de Gandia -- Vigilància: Creu Roja amb dotació de llanxa -- Altres serveis: Neteja de platja, llavapeus i escola de vela -- Distàncies: A 2 km. de Piles i 74 km. de València -- Accés: Per un desviament des de la N- 332 i per l’eixida 61 de l’autopista A-7.

</div>
