{"id":96104,"date":"2023-12-04T10:02:30","date_gmt":"2023-12-04T10:02:30","guid":{"rendered":"https:\/\/turisme.dival.es\/lugar_interes\/el-palacio-visigodo-del-pla-de-nadal\/"},"modified":"2023-12-04T10:02:41","modified_gmt":"2023-12-04T10:02:41","slug":"el-palacio-visigodo-del-pla-de-nadal","status":"publish","type":"lugar_interes","link":"https:\/\/turisme.dival.es\/ca\/lugar_interes\/el-palacio-visigodo-del-pla-de-nadal\/","title":{"rendered":"El Palacio Visigodo del Pla de Nadal"},"featured_media":95838,"template":"","categoria_lugar":[2415],"class_list":["post-96104","lugar_interes","type-lugar_interes","status-publish","has-post-thumbnail","hentry","categoria_lugar-monuments"],"acf":{"descripcion_li":"Riba-roja de T\u00faria alberga un dels jaciments arqueol\u00f2gics m\u00e9s important del segle VII, Pla de Nadal, una vila \u00e0ulica d'\u00e8poca visigoda que constitueix un exemple paradigm\u00e0tic de l'estament nobiliari de l'Antiguitat tardana. Una de les singularitats de l'edifici del Pla de Nadal resideix en la seua gran riquesa escult\u00f2ric-arquitect\u00f2nica, havent-se recuperat unes 800 peces de pedra esculpida, de les quals 400 corresponen a les f\u00e0briques del mateix i altres tantes a elements ornamentals. Destaca un xicotet medall\u00f3 amb anagrama adornat de roleus i plaques decoratives en la que podria transcriure com \"TEBDEMIR\". Nom similar a l'ep\u00edgraf \"TEVDINIR\", grafiat en el revers d'una venera i que es podria entendre com referits a un mateix personatge, el fundador o propietari d'esta magn\u00edfica vila palatina. Este nom podria vincular este edifici palat\u00ed al personatge hist\u00f2ric Teodomiro d'Oriola, subscriptor del fam\u00f3s pacte de submissi\u00f3 als \u00e0rabs de principis del segle VIII. Actualment, les peces recuperades es troben exposades en el Museu Visigot de Pla de Nadal (MUPLA) situat al Castell de Riba-roja. Mes informaci\u00f3: <a href=\"http:\/\/www.ribarojadeturiaturismo.com\">www.ribarojadeturiaturismo.com<\/a> Tel\u00e8fon: 96.277.21.84 Correo electr\u00f2nic: <a href=\"mailto:riba_roja@touristinfo.net\">riba_roja@touristinfo.net<\/a>","direccion_li":"","telefono_li":"","e-mail_li":"","web_li":"","localizacion_mapa_li":"<iframe src=\"https:\/\/www.google.com\/maps\/embed?pb=!1m18!1m12!1m3!1d24629.80054138716!2d-0.5741934256835859!3d39.498122299999984!2m3!1f0!2f0!3f0!3m2!1i1024!2i768!4f13.1!3m3!1m2!1s0xd6059efccb1e237%3A0xd037a9f6f698bfaf!2sYacimiento%20Visigodo%20de%20Pla%20de%20Nadal!5e0!3m2!1sen!2sus!4v1688537444598!5m2!1sen!2sus\" width=\"600\" height=\"450\" style=\"border:0;\" allowfullscreen=\"\" loading=\"lazy\" referrerpolicy=\"no-referrer-when-downgrade\"><\/iframe>","comarca_y_localidad":28185,"oficina_de_turismo_li":null,"descripcion_2_li":"","carrusel_de_imagenes_li":[],"rating_li":"","e-mail_reservas_li":"","url_reservas_li":""},"yoast_head":"<!-- This site is optimized with the Yoast SEO plugin v23.0 - https:\/\/yoast.com\/wordpress\/plugins\/seo\/ -->\n<title>El Palacio Visigodo del Pla de Nadal &#060; Valencia Turismo<\/title>\n<meta name=\"robots\" content=\"index, follow, max-snippet:-1, max-image-preview:large, max-video-preview:-1\" \/>\n<link rel=\"canonical\" href=\"https:\/\/turisme.dival.es\/ca\/lugar_interes\/el-palacio-visigodo-del-pla-de-nadal\/\" \/>\n<meta property=\"og:locale\" content=\"en_US\" \/>\n<meta property=\"og:type\" content=\"article\" \/>\n<meta property=\"og:title\" content=\"El Palacio Visigodo del Pla de Nadal &#060; Valencia Turismo\" \/>\n<meta property=\"og:url\" content=\"https:\/\/turisme.dival.es\/ca\/lugar_interes\/el-palacio-visigodo-del-pla-de-nadal\/\" \/>\n<meta property=\"og:site_name\" content=\"Valencia Turismo\" \/>\n<meta property=\"article:modified_time\" content=\"2023-12-04T10:02:41+00:00\" \/>\n<meta property=\"og:image\" content=\"https:\/\/turisme.dival.es\/wp-content\/uploads\/2023\/11\/pla_de_nadal-2-scaled-1.jpg\" \/>\n\t<meta property=\"og:image:width\" content=\"1707\" \/>\n\t<meta property=\"og:image:height\" content=\"2560\" \/>\n\t<meta property=\"og:image:type\" content=\"image\/jpeg\" \/>\n<meta name=\"twitter:card\" content=\"summary_large_image\" \/>\n<script type=\"application\/ld+json\" class=\"yoast-schema-graph\">{\"@context\":\"https:\/\/schema.org\",\"@graph\":[{\"@type\":\"WebPage\",\"@id\":\"https:\/\/turisme.dival.es\/ca\/lugar_interes\/el-palacio-visigodo-del-pla-de-nadal\/\",\"url\":\"https:\/\/turisme.dival.es\/ca\/lugar_interes\/el-palacio-visigodo-del-pla-de-nadal\/\",\"name\":\"El Palacio Visigodo del Pla de Nadal &#060; Valencia Turismo\",\"isPartOf\":{\"@id\":\"https:\/\/turisme.dival.es\/#website\"},\"primaryImageOfPage\":{\"@id\":\"https:\/\/turisme.dival.es\/ca\/lugar_interes\/el-palacio-visigodo-del-pla-de-nadal\/#primaryimage\"},\"image\":{\"@id\":\"https:\/\/turisme.dival.es\/ca\/lugar_interes\/el-palacio-visigodo-del-pla-de-nadal\/#primaryimage\"},\"thumbnailUrl\":\"https:\/\/turisme.dival.es\/wp-content\/uploads\/2023\/11\/pla_de_nadal-2-scaled-1.jpg\",\"datePublished\":\"2023-12-04T10:02:30+00:00\",\"dateModified\":\"2023-12-04T10:02:41+00:00\",\"inLanguage\":\"vl\",\"potentialAction\":[{\"@type\":\"ReadAction\",\"target\":[\"https:\/\/turisme.dival.es\/ca\/lugar_interes\/el-palacio-visigodo-del-pla-de-nadal\/\"]}]},{\"@type\":\"ImageObject\",\"inLanguage\":\"vl\",\"@id\":\"https:\/\/turisme.dival.es\/ca\/lugar_interes\/el-palacio-visigodo-del-pla-de-nadal\/#primaryimage\",\"url\":\"https:\/\/turisme.dival.es\/wp-content\/uploads\/2023\/11\/pla_de_nadal-2-scaled-1.jpg\",\"contentUrl\":\"https:\/\/turisme.dival.es\/wp-content\/uploads\/2023\/11\/pla_de_nadal-2-scaled-1.jpg\",\"width\":1707,\"height\":2560},{\"@type\":\"WebSite\",\"@id\":\"https:\/\/turisme.dival.es\/#website\",\"url\":\"https:\/\/turisme.dival.es\/\",\"name\":\"valenciaturismo.com.mialias.net\",\"description\":\"\",\"potentialAction\":[{\"@type\":\"SearchAction\",\"target\":{\"@type\":\"EntryPoint\",\"urlTemplate\":\"https:\/\/turisme.dival.es\/?s={search_term_string}\"},\"query-input\":\"required name=search_term_string\"}],\"inLanguage\":\"vl\"}]}<\/script>\n<!-- \/ Yoast SEO plugin. -->","yoast_head_json":{"title":"El Palacio Visigodo del Pla de Nadal &#060; Valencia Turismo","robots":{"index":"index","follow":"follow","max-snippet":"max-snippet:-1","max-image-preview":"max-image-preview:large","max-video-preview":"max-video-preview:-1"},"canonical":"https:\/\/turisme.dival.es\/ca\/lugar_interes\/el-palacio-visigodo-del-pla-de-nadal\/","og_locale":"en_US","og_type":"article","og_title":"El Palacio Visigodo del Pla de Nadal &#060; Valencia Turismo","og_url":"https:\/\/turisme.dival.es\/ca\/lugar_interes\/el-palacio-visigodo-del-pla-de-nadal\/","og_site_name":"Valencia Turismo","article_modified_time":"2023-12-04T10:02:41+00:00","og_image":[{"width":1707,"height":2560,"url":"https:\/\/turisme.dival.es\/wp-content\/uploads\/2023\/11\/pla_de_nadal-2-scaled-1.jpg","type":"image\/jpeg"}],"twitter_card":"summary_large_image","schema":{"@context":"https:\/\/schema.org","@graph":[{"@type":"WebPage","@id":"https:\/\/turisme.dival.es\/ca\/lugar_interes\/el-palacio-visigodo-del-pla-de-nadal\/","url":"https:\/\/turisme.dival.es\/ca\/lugar_interes\/el-palacio-visigodo-del-pla-de-nadal\/","name":"El Palacio Visigodo del Pla de Nadal &#060; Valencia Turismo","isPartOf":{"@id":"https:\/\/turisme.dival.es\/#website"},"primaryImageOfPage":{"@id":"https:\/\/turisme.dival.es\/ca\/lugar_interes\/el-palacio-visigodo-del-pla-de-nadal\/#primaryimage"},"image":{"@id":"https:\/\/turisme.dival.es\/ca\/lugar_interes\/el-palacio-visigodo-del-pla-de-nadal\/#primaryimage"},"thumbnailUrl":"https:\/\/turisme.dival.es\/wp-content\/uploads\/2023\/11\/pla_de_nadal-2-scaled-1.jpg","datePublished":"2023-12-04T10:02:30+00:00","dateModified":"2023-12-04T10:02:41+00:00","inLanguage":"vl","potentialAction":[{"@type":"ReadAction","target":["https:\/\/turisme.dival.es\/ca\/lugar_interes\/el-palacio-visigodo-del-pla-de-nadal\/"]}]},{"@type":"ImageObject","inLanguage":"vl","@id":"https:\/\/turisme.dival.es\/ca\/lugar_interes\/el-palacio-visigodo-del-pla-de-nadal\/#primaryimage","url":"https:\/\/turisme.dival.es\/wp-content\/uploads\/2023\/11\/pla_de_nadal-2-scaled-1.jpg","contentUrl":"https:\/\/turisme.dival.es\/wp-content\/uploads\/2023\/11\/pla_de_nadal-2-scaled-1.jpg","width":1707,"height":2560},{"@type":"WebSite","@id":"https:\/\/turisme.dival.es\/#website","url":"https:\/\/turisme.dival.es\/","name":"valenciaturismo.com.mialias.net","description":"","potentialAction":[{"@type":"SearchAction","target":{"@type":"EntryPoint","urlTemplate":"https:\/\/turisme.dival.es\/?s={search_term_string}"},"query-input":"required name=search_term_string"}],"inLanguage":"vl"}]}},"_links":{"self":[{"href":"https:\/\/turisme.dival.es\/ca\/wp-json\/wp\/v2\/lugar_interes\/96104","targetHints":{"allow":["GET"]}}],"collection":[{"href":"https:\/\/turisme.dival.es\/ca\/wp-json\/wp\/v2\/lugar_interes"}],"about":[{"href":"https:\/\/turisme.dival.es\/ca\/wp-json\/wp\/v2\/types\/lugar_interes"}],"acf:post":[{"embeddable":true,"href":"https:\/\/turisme.dival.es\/ca\/wp-json\/wp\/v2\/destino\/28185"}],"wp:featuredmedia":[{"embeddable":true,"href":"https:\/\/turisme.dival.es\/ca\/wp-json\/wp\/v2\/media\/95838"}],"wp:attachment":[{"href":"https:\/\/turisme.dival.es\/ca\/wp-json\/wp\/v2\/media?parent=96104"}],"wp:term":[{"taxonomy":"categoria_lugar","embeddable":true,"href":"https:\/\/turisme.dival.es\/ca\/wp-json\/wp\/v2\/categoria_lugar?post=96104"}],"curies":[{"name":"wp","href":"https:\/\/api.w.org\/{rel}","templated":true}]}}

Riba-roja de Túria alberga un dels jaciments arqueològics més important del segle VII, Pla de Nadal, una vila àulica d'època visigoda que constitueix un exemple paradigmàtic de l'estament nobiliari de l'Antiguitat tardana. Una de les singularitats de l'edifici del Pla de Nadal resideix en la seua gran riquesa escultòric-arquitectònica, havent-se recuperat unes 800 peces de pedra esculpida, de les quals 400 corresponen a les fàbriques del mateix i altres tantes a elements ornamentals. Destaca un xicotet medalló amb anagrama adornat de roleus i plaques decoratives en la que podria transcriure com "TEBDEMIR". Nom similar a l'epígraf "TEVDINIR", grafiat en el revers d'una venera i que es podria entendre com referits a un mateix personatge, el fundador o propietari d'esta magnífica vila palatina. Este nom podria vincular este edifici palatí al personatge històric Teodomiro d'Oriola, subscriptor del famós pacte de submissió als àrabs de principis del segle VIII. Actualment, les peces recuperades es troben exposades en el Museu Visigot de Pla de Nadal (MUPLA) situat al Castell de Riba-roja. Mes informació: <a href="http://www.ribarojadeturiaturismo.com">www.ribarojadeturiaturismo.com</a> Telèfon: 96.277.21.84 Correo electrònic: <a href="mailto:riba_roja@touristinfo.net">riba_roja@touristinfo.net</a>
