{"id":95953,"date":"2023-12-04T10:31:31","date_gmt":"2023-12-04T10:31:31","guid":{"rendered":"https:\/\/turisme.dival.es\/lugar_interes\/calvario-2\/"},"modified":"2023-12-04T10:31:32","modified_gmt":"2023-12-04T10:31:32","slug":"calvario-2","status":"publish","type":"lugar_interes","link":"https:\/\/turisme.dival.es\/ca\/lugar_interes\/calvario-2\/","title":{"rendered":"Calvario"},"featured_media":95106,"template":"","categoria_lugar":[2439],"class_list":["post-95953","lugar_interes","type-lugar_interes","status-publish","has-post-thumbnail","hentry","categoria_lugar-altres-llocs-dinteres"],"acf":{"descripcion_li":"Situat en un dels punts m\u00e9s alts de la poblaci\u00f3, el Calvari ofereix unes magn\u00edfiques vistes de la zona d\u0092horta i del curs del riu T\u00faria.L\u0092edificaci\u00f3 apareix citada en diversos documents medievals i Jaume I l\u0092esmenta en el Llibre del Repartiment, quan va fer lliurament de l\u0092alqueria de Paterna i Manises al noble aragon\u00e9s Artal de Lluna, qui va transformar l\u0092antic alc\u00e0sser \u00e0rab en la seua resid\u00e8ncia ocasional.Al principi del segle passat servia d\u0092escenari per a la celebraci\u00f3 del viacrucis, i posteriorment va albergar una escola infantil. Els \u00faltims anys ha sigut espai d\u0092exposicions a l\u0092aire lliure i actes festers.Un altre dels seus al\u00b7licients \u00e9s la visita de la galeria subterr\u00e0nia, d\u0092uns 20 metres de longitud, coberta per una volta de can\u00f3.Visita guiada gratu\u00efta i cita pr\u00e8via.Tel\u00e8fon i adre\u00e7a electr\u00f2nica de contacte:Oficina de Turisme de Paterna, tel.: 963053124. WhatsApp: 607 218 403. Adre\u00e7a electr\u00f2nica: paterna@touristinfo.net","direccion_li":"","telefono_li":"","e-mail_li":"","web_li":"","localizacion_mapa_li":"<iframe src=\"https:\/\/www.google.com\/maps\/embed?pb=!1m14!1m8!1m3!1d24628.894234882533!2d-0.43985500000000005!3d39.50068!3m2!1i1024!2i768!4f13.1!3m3!1m2!1s0xd604545e57034d7%3A0x1748315d45883f95!2sEl%20Calvario!5e0!3m2!1sen!2sus!4v1688143543528!5m2!1sen!2sus\" width=\"600\" height=\"450\" style=\"border:0;\" allowfullscreen=\"\" loading=\"lazy\" referrerpolicy=\"no-referrer-when-downgrade\"><\/iframe>","comarca_y_localidad":25847,"oficina_de_turismo_li":null,"descripcion_2_li":"","carrusel_de_imagenes_li":[],"rating_li":"","e-mail_reservas_li":"","url_reservas_li":""},"yoast_head":"<!-- This site is optimized with the Yoast SEO plugin v23.0 - https:\/\/yoast.com\/wordpress\/plugins\/seo\/ -->\n<title>Calvario &#060; Valencia Turismo<\/title>\n<meta name=\"robots\" content=\"index, follow, max-snippet:-1, max-image-preview:large, max-video-preview:-1\" \/>\n<link rel=\"canonical\" href=\"https:\/\/turisme.dival.es\/ca\/lugar_interes\/calvario-2\/\" \/>\n<meta property=\"og:locale\" content=\"en_US\" \/>\n<meta property=\"og:type\" content=\"article\" \/>\n<meta property=\"og:title\" content=\"Calvario &#060; Valencia Turismo\" \/>\n<meta property=\"og:url\" content=\"https:\/\/turisme.dival.es\/ca\/lugar_interes\/calvario-2\/\" \/>\n<meta property=\"og:site_name\" content=\"Valencia Turismo\" \/>\n<meta property=\"article:modified_time\" content=\"2023-12-04T10:31:32+00:00\" \/>\n<meta property=\"og:image\" content=\"https:\/\/turisme.dival.es\/wp-content\/uploads\/2023\/11\/YDRAY-CALVARIO-scaled.jpg\" \/>\n\t<meta property=\"og:image:width\" content=\"2560\" \/>\n\t<meta property=\"og:image:height\" content=\"1707\" \/>\n\t<meta property=\"og:image:type\" content=\"image\/jpeg\" \/>\n<meta name=\"twitter:card\" content=\"summary_large_image\" \/>\n<script type=\"application\/ld+json\" class=\"yoast-schema-graph\">{\"@context\":\"https:\/\/schema.org\",\"@graph\":[{\"@type\":\"WebPage\",\"@id\":\"https:\/\/turisme.dival.es\/ca\/lugar_interes\/calvario-2\/\",\"url\":\"https:\/\/turisme.dival.es\/ca\/lugar_interes\/calvario-2\/\",\"name\":\"Calvario &#060; Valencia Turismo\",\"isPartOf\":{\"@id\":\"https:\/\/turisme.dival.es\/#website\"},\"primaryImageOfPage\":{\"@id\":\"https:\/\/turisme.dival.es\/ca\/lugar_interes\/calvario-2\/#primaryimage\"},\"image\":{\"@id\":\"https:\/\/turisme.dival.es\/ca\/lugar_interes\/calvario-2\/#primaryimage\"},\"thumbnailUrl\":\"https:\/\/turisme.dival.es\/wp-content\/uploads\/2023\/11\/YDRAY-CALVARIO-scaled.jpg\",\"datePublished\":\"2023-12-04T10:31:31+00:00\",\"dateModified\":\"2023-12-04T10:31:32+00:00\",\"inLanguage\":\"vl\",\"potentialAction\":[{\"@type\":\"ReadAction\",\"target\":[\"https:\/\/turisme.dival.es\/ca\/lugar_interes\/calvario-2\/\"]}]},{\"@type\":\"ImageObject\",\"inLanguage\":\"vl\",\"@id\":\"https:\/\/turisme.dival.es\/ca\/lugar_interes\/calvario-2\/#primaryimage\",\"url\":\"https:\/\/turisme.dival.es\/wp-content\/uploads\/2023\/11\/YDRAY-CALVARIO-scaled.jpg\",\"contentUrl\":\"https:\/\/turisme.dival.es\/wp-content\/uploads\/2023\/11\/YDRAY-CALVARIO-scaled.jpg\",\"width\":2560,\"height\":1707},{\"@type\":\"WebSite\",\"@id\":\"https:\/\/turisme.dival.es\/#website\",\"url\":\"https:\/\/turisme.dival.es\/\",\"name\":\"valenciaturismo.com.mialias.net\",\"description\":\"\",\"potentialAction\":[{\"@type\":\"SearchAction\",\"target\":{\"@type\":\"EntryPoint\",\"urlTemplate\":\"https:\/\/turisme.dival.es\/?s={search_term_string}\"},\"query-input\":\"required name=search_term_string\"}],\"inLanguage\":\"vl\"}]}<\/script>\n<!-- \/ Yoast SEO plugin. -->","yoast_head_json":{"title":"Calvario &#060; Valencia Turismo","robots":{"index":"index","follow":"follow","max-snippet":"max-snippet:-1","max-image-preview":"max-image-preview:large","max-video-preview":"max-video-preview:-1"},"canonical":"https:\/\/turisme.dival.es\/ca\/lugar_interes\/calvario-2\/","og_locale":"en_US","og_type":"article","og_title":"Calvario &#060; Valencia Turismo","og_url":"https:\/\/turisme.dival.es\/ca\/lugar_interes\/calvario-2\/","og_site_name":"Valencia Turismo","article_modified_time":"2023-12-04T10:31:32+00:00","og_image":[{"width":2560,"height":1707,"url":"https:\/\/turisme.dival.es\/wp-content\/uploads\/2023\/11\/YDRAY-CALVARIO-scaled.jpg","type":"image\/jpeg"}],"twitter_card":"summary_large_image","schema":{"@context":"https:\/\/schema.org","@graph":[{"@type":"WebPage","@id":"https:\/\/turisme.dival.es\/ca\/lugar_interes\/calvario-2\/","url":"https:\/\/turisme.dival.es\/ca\/lugar_interes\/calvario-2\/","name":"Calvario &#060; Valencia Turismo","isPartOf":{"@id":"https:\/\/turisme.dival.es\/#website"},"primaryImageOfPage":{"@id":"https:\/\/turisme.dival.es\/ca\/lugar_interes\/calvario-2\/#primaryimage"},"image":{"@id":"https:\/\/turisme.dival.es\/ca\/lugar_interes\/calvario-2\/#primaryimage"},"thumbnailUrl":"https:\/\/turisme.dival.es\/wp-content\/uploads\/2023\/11\/YDRAY-CALVARIO-scaled.jpg","datePublished":"2023-12-04T10:31:31+00:00","dateModified":"2023-12-04T10:31:32+00:00","inLanguage":"vl","potentialAction":[{"@type":"ReadAction","target":["https:\/\/turisme.dival.es\/ca\/lugar_interes\/calvario-2\/"]}]},{"@type":"ImageObject","inLanguage":"vl","@id":"https:\/\/turisme.dival.es\/ca\/lugar_interes\/calvario-2\/#primaryimage","url":"https:\/\/turisme.dival.es\/wp-content\/uploads\/2023\/11\/YDRAY-CALVARIO-scaled.jpg","contentUrl":"https:\/\/turisme.dival.es\/wp-content\/uploads\/2023\/11\/YDRAY-CALVARIO-scaled.jpg","width":2560,"height":1707},{"@type":"WebSite","@id":"https:\/\/turisme.dival.es\/#website","url":"https:\/\/turisme.dival.es\/","name":"valenciaturismo.com.mialias.net","description":"","potentialAction":[{"@type":"SearchAction","target":{"@type":"EntryPoint","urlTemplate":"https:\/\/turisme.dival.es\/?s={search_term_string}"},"query-input":"required name=search_term_string"}],"inLanguage":"vl"}]}},"_links":{"self":[{"href":"https:\/\/turisme.dival.es\/ca\/wp-json\/wp\/v2\/lugar_interes\/95953","targetHints":{"allow":["GET"]}}],"collection":[{"href":"https:\/\/turisme.dival.es\/ca\/wp-json\/wp\/v2\/lugar_interes"}],"about":[{"href":"https:\/\/turisme.dival.es\/ca\/wp-json\/wp\/v2\/types\/lugar_interes"}],"acf:post":[{"embeddable":true,"href":"https:\/\/turisme.dival.es\/ca\/wp-json\/wp\/v2\/destino\/25847"}],"wp:featuredmedia":[{"embeddable":true,"href":"https:\/\/turisme.dival.es\/ca\/wp-json\/wp\/v2\/media\/95106"}],"wp:attachment":[{"href":"https:\/\/turisme.dival.es\/ca\/wp-json\/wp\/v2\/media?parent=95953"}],"wp:term":[{"taxonomy":"categoria_lugar","embeddable":true,"href":"https:\/\/turisme.dival.es\/ca\/wp-json\/wp\/v2\/categoria_lugar?post=95953"}],"curies":[{"name":"wp","href":"https:\/\/api.w.org\/{rel}","templated":true}]}}

Situat en un dels punts més alts de la població, el Calvari ofereix unes magnífiques vistes de la zona dhorta i del curs del riu Túria.Ledificació apareix citada en diversos documents medievals i Jaume I lesmenta en el Llibre del Repartiment, quan va fer lliurament de lalqueria de Paterna i Manises al noble aragonés Artal de Lluna, qui va transformar lantic alcàsser àrab en la seua residència ocasional.Al principi del segle passat servia descenari per a la celebració del viacrucis, i posteriorment va albergar una escola infantil. Els últims anys ha sigut espai dexposicions a laire lliure i actes festers.Un altre dels seus al·licients és la visita de la galeria subterrània, duns 20 metres de longitud, coberta per una volta de canó.Visita guiada gratuïta i cita prèvia.Telèfon i adreça electrònica de contacte:Oficina de Turisme de Paterna, tel.: 963053124. WhatsApp: 607 218 403. Adreça electrònica: paterna@touristinfo.net
