{"id":95923,"date":"2023-12-04T09:56:34","date_gmt":"2023-12-04T09:56:34","guid":{"rendered":"https:\/\/turisme.dival.es\/lugar_interes\/ermita-y-mirador\/"},"modified":"2023-12-04T09:56:39","modified_gmt":"2023-12-04T09:56:39","slug":"ermita-y-mirador","status":"publish","type":"lugar_interes","link":"https:\/\/turisme.dival.es\/ca\/lugar_interes\/ermita-y-mirador\/","title":{"rendered":"Ermita y mirador"},"featured_media":94951,"template":"","categoria_lugar":[2415],"class_list":["post-95923","lugar_interes","type-lugar_interes","status-publish","has-post-thumbnail","hentry","categoria_lugar-monuments"],"acf":{"descripcion_li":"L\u0092ermita de Sant Francesc d\u0092Ass\u00eds va ser inaugurada en el 1922. D\u0092estil neog\u00f2tic es va construir entre 1917 i 1921, despr\u00e9s que una primera edificaci\u00f3 de 1912 s\u0092esfondrara. L\u0092ermita va substituir una m\u00e9s antiga, coneguda com a ermita de la R\u00e0pita, ja documentada en 1603.\u00c9s un edifici quadrangular amb cap\u00e7alera poligonal, d\u0092alts murs amb f\u00e0brica de ma\u00e7oneria i teulada a doble vessant. En la seua fa\u00e7ana destaquen dos ulls de bou de diferent grand\u00e0ria, el major d\u0092ells amb vidriera. T\u00e9 nau \u00fanica, decorada austerament i coberta amb volta de creueria recolzada en pilastres de marbre i est\u00e0 presidida per un retaule goticista de fusta, obra del talliste Miquel Romeo, que alberga un bell retaule policromat del segle xvi, amb Sant Francesc en la taula central i Santa Margarida i Sant Miquel en les laterals. Aquesta valuosa pe\u00e7a \u00e9s atribu\u00efda a l\u0092artista valenci\u00e0 Vicent Macip.El mirador de l\u0092ermita \u00e9s un lloc perfecte per a gaudir d\u0092unes vistes panor\u00e0miques del golf de Val\u00e8ncia. L\u0092\u00faltima setmana d\u0092agost acull un festival de m\u00fasica cl\u00e0ssica.El recurs pot visitar-se de forma lliure.C\/ Sant Francesc, de N\u00e0queraTel.: 961 680 002 \/ 961684398","direccion_li":"","telefono_li":"","e-mail_li":"","web_li":"","localizacion_mapa_li":"<iframe src=\"https:\/\/www.google.com\/maps\/embed?pb=!1m18!1m12!1m3!1d3071.7552388571958!2d-0.4234078707922093!3d39.65522266075641!2m3!1f0!2f0!3f0!3m2!1i1024!2i768!4f13.1!3m3!1m2!1s0xd6069fb8ce51719%3A0xe9110427b8013711!2sErmita%20de%20Sant%20Francesc%20d&#39;Ass%C3%ADs%2C%20N%C3%A0quera!5e0!3m2!1sen!2sus!4v1688142347629!5m2!1sen!2sus\" width=\"600\" height=\"450\" style=\"border:0;\" allowfullscreen=\"\" loading=\"lazy\" referrerpolicy=\"no-referrer-when-downgrade\"><\/iframe>","comarca_y_localidad":28179,"oficina_de_turismo_li":null,"descripcion_2_li":"","carrusel_de_imagenes_li":[],"rating_li":"","e-mail_reservas_li":"","url_reservas_li":""},"yoast_head":"<!-- This site is optimized with the Yoast SEO plugin v23.0 - https:\/\/yoast.com\/wordpress\/plugins\/seo\/ -->\n<title>Ermita y mirador &#060; Valencia Turismo<\/title>\n<meta name=\"robots\" content=\"index, follow, max-snippet:-1, max-image-preview:large, max-video-preview:-1\" \/>\n<link rel=\"canonical\" href=\"https:\/\/turisme.dival.es\/ca\/lugar_interes\/ermita-y-mirador\/\" \/>\n<meta property=\"og:locale\" content=\"en_US\" \/>\n<meta property=\"og:type\" content=\"article\" \/>\n<meta property=\"og:title\" content=\"Ermita y mirador &#060; Valencia Turismo\" \/>\n<meta property=\"og:url\" content=\"https:\/\/turisme.dival.es\/ca\/lugar_interes\/ermita-y-mirador\/\" \/>\n<meta property=\"og:site_name\" content=\"Valencia Turismo\" \/>\n<meta property=\"article:modified_time\" content=\"2023-12-04T09:56:39+00:00\" \/>\n<meta property=\"og:image\" content=\"https:\/\/turisme.dival.es\/wp-content\/uploads\/2023\/11\/Photo23_22.jpg\" \/>\n\t<meta property=\"og:image:width\" content=\"1895\" \/>\n\t<meta property=\"og:image:height\" content=\"1272\" \/>\n\t<meta property=\"og:image:type\" content=\"image\/jpeg\" \/>\n<meta name=\"twitter:card\" content=\"summary_large_image\" \/>\n<script type=\"application\/ld+json\" class=\"yoast-schema-graph\">{\"@context\":\"https:\/\/schema.org\",\"@graph\":[{\"@type\":\"WebPage\",\"@id\":\"https:\/\/turisme.dival.es\/ca\/lugar_interes\/ermita-y-mirador\/\",\"url\":\"https:\/\/turisme.dival.es\/ca\/lugar_interes\/ermita-y-mirador\/\",\"name\":\"Ermita y mirador &#060; Valencia Turismo\",\"isPartOf\":{\"@id\":\"https:\/\/turisme.dival.es\/#website\"},\"primaryImageOfPage\":{\"@id\":\"https:\/\/turisme.dival.es\/ca\/lugar_interes\/ermita-y-mirador\/#primaryimage\"},\"image\":{\"@id\":\"https:\/\/turisme.dival.es\/ca\/lugar_interes\/ermita-y-mirador\/#primaryimage\"},\"thumbnailUrl\":\"https:\/\/turisme.dival.es\/wp-content\/uploads\/2023\/11\/Photo23_22.jpg\",\"datePublished\":\"2023-12-04T09:56:34+00:00\",\"dateModified\":\"2023-12-04T09:56:39+00:00\",\"inLanguage\":\"vl\",\"potentialAction\":[{\"@type\":\"ReadAction\",\"target\":[\"https:\/\/turisme.dival.es\/ca\/lugar_interes\/ermita-y-mirador\/\"]}]},{\"@type\":\"ImageObject\",\"inLanguage\":\"vl\",\"@id\":\"https:\/\/turisme.dival.es\/ca\/lugar_interes\/ermita-y-mirador\/#primaryimage\",\"url\":\"https:\/\/turisme.dival.es\/wp-content\/uploads\/2023\/11\/Photo23_22.jpg\",\"contentUrl\":\"https:\/\/turisme.dival.es\/wp-content\/uploads\/2023\/11\/Photo23_22.jpg\",\"width\":1895,\"height\":1272},{\"@type\":\"WebSite\",\"@id\":\"https:\/\/turisme.dival.es\/#website\",\"url\":\"https:\/\/turisme.dival.es\/\",\"name\":\"valenciaturismo.com.mialias.net\",\"description\":\"\",\"potentialAction\":[{\"@type\":\"SearchAction\",\"target\":{\"@type\":\"EntryPoint\",\"urlTemplate\":\"https:\/\/turisme.dival.es\/?s={search_term_string}\"},\"query-input\":\"required name=search_term_string\"}],\"inLanguage\":\"vl\"}]}<\/script>\n<!-- \/ Yoast SEO plugin. -->","yoast_head_json":{"title":"Ermita y mirador &#060; Valencia Turismo","robots":{"index":"index","follow":"follow","max-snippet":"max-snippet:-1","max-image-preview":"max-image-preview:large","max-video-preview":"max-video-preview:-1"},"canonical":"https:\/\/turisme.dival.es\/ca\/lugar_interes\/ermita-y-mirador\/","og_locale":"en_US","og_type":"article","og_title":"Ermita y mirador &#060; Valencia Turismo","og_url":"https:\/\/turisme.dival.es\/ca\/lugar_interes\/ermita-y-mirador\/","og_site_name":"Valencia Turismo","article_modified_time":"2023-12-04T09:56:39+00:00","og_image":[{"width":1895,"height":1272,"url":"https:\/\/turisme.dival.es\/wp-content\/uploads\/2023\/11\/Photo23_22.jpg","type":"image\/jpeg"}],"twitter_card":"summary_large_image","schema":{"@context":"https:\/\/schema.org","@graph":[{"@type":"WebPage","@id":"https:\/\/turisme.dival.es\/ca\/lugar_interes\/ermita-y-mirador\/","url":"https:\/\/turisme.dival.es\/ca\/lugar_interes\/ermita-y-mirador\/","name":"Ermita y mirador &#060; Valencia Turismo","isPartOf":{"@id":"https:\/\/turisme.dival.es\/#website"},"primaryImageOfPage":{"@id":"https:\/\/turisme.dival.es\/ca\/lugar_interes\/ermita-y-mirador\/#primaryimage"},"image":{"@id":"https:\/\/turisme.dival.es\/ca\/lugar_interes\/ermita-y-mirador\/#primaryimage"},"thumbnailUrl":"https:\/\/turisme.dival.es\/wp-content\/uploads\/2023\/11\/Photo23_22.jpg","datePublished":"2023-12-04T09:56:34+00:00","dateModified":"2023-12-04T09:56:39+00:00","inLanguage":"vl","potentialAction":[{"@type":"ReadAction","target":["https:\/\/turisme.dival.es\/ca\/lugar_interes\/ermita-y-mirador\/"]}]},{"@type":"ImageObject","inLanguage":"vl","@id":"https:\/\/turisme.dival.es\/ca\/lugar_interes\/ermita-y-mirador\/#primaryimage","url":"https:\/\/turisme.dival.es\/wp-content\/uploads\/2023\/11\/Photo23_22.jpg","contentUrl":"https:\/\/turisme.dival.es\/wp-content\/uploads\/2023\/11\/Photo23_22.jpg","width":1895,"height":1272},{"@type":"WebSite","@id":"https:\/\/turisme.dival.es\/#website","url":"https:\/\/turisme.dival.es\/","name":"valenciaturismo.com.mialias.net","description":"","potentialAction":[{"@type":"SearchAction","target":{"@type":"EntryPoint","urlTemplate":"https:\/\/turisme.dival.es\/?s={search_term_string}"},"query-input":"required name=search_term_string"}],"inLanguage":"vl"}]}},"_links":{"self":[{"href":"https:\/\/turisme.dival.es\/ca\/wp-json\/wp\/v2\/lugar_interes\/95923","targetHints":{"allow":["GET"]}}],"collection":[{"href":"https:\/\/turisme.dival.es\/ca\/wp-json\/wp\/v2\/lugar_interes"}],"about":[{"href":"https:\/\/turisme.dival.es\/ca\/wp-json\/wp\/v2\/types\/lugar_interes"}],"acf:post":[{"embeddable":true,"href":"https:\/\/turisme.dival.es\/ca\/wp-json\/wp\/v2\/destino\/28179"}],"wp:featuredmedia":[{"embeddable":true,"href":"https:\/\/turisme.dival.es\/ca\/wp-json\/wp\/v2\/media\/94951"}],"wp:attachment":[{"href":"https:\/\/turisme.dival.es\/ca\/wp-json\/wp\/v2\/media?parent=95923"}],"wp:term":[{"taxonomy":"categoria_lugar","embeddable":true,"href":"https:\/\/turisme.dival.es\/ca\/wp-json\/wp\/v2\/categoria_lugar?post=95923"}],"curies":[{"name":"wp","href":"https:\/\/api.w.org\/{rel}","templated":true}]}}

Lermita de Sant Francesc dAssís va ser inaugurada en el 1922. Destil neogòtic es va construir entre 1917 i 1921, després que una primera edificació de 1912 sesfondrara. Lermita va substituir una més antiga, coneguda com a ermita de la Ràpita, ja documentada en 1603.És un edifici quadrangular amb capçalera poligonal, dalts murs amb fàbrica de maçoneria i teulada a doble vessant. En la seua façana destaquen dos ulls de bou de diferent grandària, el major dells amb vidriera. Té nau única, decorada austerament i coberta amb volta de creueria recolzada en pilastres de marbre i està presidida per un retaule goticista de fusta, obra del talliste Miquel Romeo, que alberga un bell retaule policromat del segle xvi, amb Sant Francesc en la taula central i Santa Margarida i Sant Miquel en les laterals. Aquesta valuosa peça és atribuïda a lartista valencià Vicent Macip.El mirador de lermita és un lloc perfecte per a gaudir dunes vistes panoràmiques del golf de València. Lúltima setmana dagost acull un festival de música clàssica.El recurs pot visitar-se de forma lliure.C/ Sant Francesc, de NàqueraTel.: 961 680 002 / 961684398
