{"id":94647,"date":"2023-12-04T11:27:22","date_gmt":"2023-12-04T11:27:22","guid":{"rendered":"https:\/\/turisme.dival.es\/lugar_interes\/el-moli-fariner-2\/"},"modified":"2023-12-04T11:27:37","modified_gmt":"2023-12-04T11:27:37","slug":"el-moli-fariner-2","status":"publish","type":"lugar_interes","link":"https:\/\/turisme.dival.es\/ca\/lugar_interes\/el-moli-fariner-2\/","title":{"rendered":"El mol\u00ed fariner"},"featured_media":97635,"template":"","categoria_lugar":[2415],"class_list":["post-94647","lugar_interes","type-lugar_interes","status-publish","has-post-thumbnail","hentry","categoria_lugar-monuments"],"acf":{"descripcion_li":"Mol\u00ed actualment en rehabilitaci\u00f3. L'antic mol\u00ed fariner est\u00e0 situat en un dels carrers m\u00e9s especials del xicotet municipi de Pedralba, el carrer de la S\u00e9quia. La rehabilitaci\u00f3 naix de la necessitat de conservar i donar vida a l'edifici i, al mateix temps, de generar un nou espai per a la biblioteca, l'escola d'adults i l'arxiu municipal. \nCatalogat com a b\u00e9 de rellev\u00e0ncia local, va fer el poble fam\u00f3s pel pa blanc de Pedralba","direccion_li":"","telefono_li":"","e-mail_li":"ayuntamiento@pedralba.es","web_li":"","localizacion_mapa_li":"","comarca_y_localidad":27773,"oficina_de_turismo_li":null,"descripcion_2_li":"","carrusel_de_imagenes_li":[],"rating_li":"","e-mail_reservas_li":"","url_reservas_li":""},"yoast_head":"<!-- This site is optimized with the Yoast SEO plugin v23.0 - https:\/\/yoast.com\/wordpress\/plugins\/seo\/ -->\n<title>El mol\u00ed fariner &#060; Valencia Turismo<\/title>\n<meta name=\"robots\" content=\"index, follow, max-snippet:-1, max-image-preview:large, max-video-preview:-1\" \/>\n<link rel=\"canonical\" href=\"https:\/\/turisme.dival.es\/ca\/lugar_interes\/el-moli-fariner-2\/\" \/>\n<meta property=\"og:locale\" content=\"en_US\" \/>\n<meta property=\"og:type\" content=\"article\" \/>\n<meta property=\"og:title\" content=\"El mol\u00ed fariner &#060; Valencia Turismo\" \/>\n<meta property=\"og:url\" content=\"https:\/\/turisme.dival.es\/ca\/lugar_interes\/el-moli-fariner-2\/\" \/>\n<meta property=\"og:site_name\" content=\"Valencia Turismo\" \/>\n<meta property=\"article:modified_time\" content=\"2023-12-04T11:27:37+00:00\" \/>\n<meta property=\"og:image\" content=\"https:\/\/turisme.dival.es\/wp-content\/uploads\/2023\/11\/MOLINO-dea31f3cf826a3f7d4fccf05240ff33e.jpg\" \/>\n\t<meta property=\"og:image:width\" content=\"310\" \/>\n\t<meta property=\"og:image:height\" content=\"163\" \/>\n\t<meta property=\"og:image:type\" content=\"image\/jpeg\" \/>\n<meta name=\"twitter:card\" content=\"summary_large_image\" \/>\n<script type=\"application\/ld+json\" class=\"yoast-schema-graph\">{\"@context\":\"https:\/\/schema.org\",\"@graph\":[{\"@type\":\"WebPage\",\"@id\":\"https:\/\/turisme.dival.es\/ca\/lugar_interes\/el-moli-fariner-2\/\",\"url\":\"https:\/\/turisme.dival.es\/ca\/lugar_interes\/el-moli-fariner-2\/\",\"name\":\"El mol\u00ed fariner &#060; Valencia Turismo\",\"isPartOf\":{\"@id\":\"https:\/\/turisme.dival.es\/#website\"},\"primaryImageOfPage\":{\"@id\":\"https:\/\/turisme.dival.es\/ca\/lugar_interes\/el-moli-fariner-2\/#primaryimage\"},\"image\":{\"@id\":\"https:\/\/turisme.dival.es\/ca\/lugar_interes\/el-moli-fariner-2\/#primaryimage\"},\"thumbnailUrl\":\"https:\/\/turisme.dival.es\/wp-content\/uploads\/2023\/11\/MOLINO-dea31f3cf826a3f7d4fccf05240ff33e.jpg\",\"datePublished\":\"2023-12-04T11:27:22+00:00\",\"dateModified\":\"2023-12-04T11:27:37+00:00\",\"inLanguage\":\"vl\",\"potentialAction\":[{\"@type\":\"ReadAction\",\"target\":[\"https:\/\/turisme.dival.es\/ca\/lugar_interes\/el-moli-fariner-2\/\"]}]},{\"@type\":\"ImageObject\",\"inLanguage\":\"vl\",\"@id\":\"https:\/\/turisme.dival.es\/ca\/lugar_interes\/el-moli-fariner-2\/#primaryimage\",\"url\":\"https:\/\/turisme.dival.es\/wp-content\/uploads\/2023\/11\/MOLINO-dea31f3cf826a3f7d4fccf05240ff33e.jpg\",\"contentUrl\":\"https:\/\/turisme.dival.es\/wp-content\/uploads\/2023\/11\/MOLINO-dea31f3cf826a3f7d4fccf05240ff33e.jpg\",\"width\":310,\"height\":163},{\"@type\":\"WebSite\",\"@id\":\"https:\/\/turisme.dival.es\/#website\",\"url\":\"https:\/\/turisme.dival.es\/\",\"name\":\"valenciaturismo.com.mialias.net\",\"description\":\"\",\"potentialAction\":[{\"@type\":\"SearchAction\",\"target\":{\"@type\":\"EntryPoint\",\"urlTemplate\":\"https:\/\/turisme.dival.es\/?s={search_term_string}\"},\"query-input\":\"required name=search_term_string\"}],\"inLanguage\":\"vl\"}]}<\/script>\n<!-- \/ Yoast SEO plugin. -->","yoast_head_json":{"title":"El mol\u00ed fariner &#060; Valencia Turismo","robots":{"index":"index","follow":"follow","max-snippet":"max-snippet:-1","max-image-preview":"max-image-preview:large","max-video-preview":"max-video-preview:-1"},"canonical":"https:\/\/turisme.dival.es\/ca\/lugar_interes\/el-moli-fariner-2\/","og_locale":"en_US","og_type":"article","og_title":"El mol\u00ed fariner &#060; Valencia Turismo","og_url":"https:\/\/turisme.dival.es\/ca\/lugar_interes\/el-moli-fariner-2\/","og_site_name":"Valencia Turismo","article_modified_time":"2023-12-04T11:27:37+00:00","og_image":[{"width":310,"height":163,"url":"https:\/\/turisme.dival.es\/wp-content\/uploads\/2023\/11\/MOLINO-dea31f3cf826a3f7d4fccf05240ff33e.jpg","type":"image\/jpeg"}],"twitter_card":"summary_large_image","schema":{"@context":"https:\/\/schema.org","@graph":[{"@type":"WebPage","@id":"https:\/\/turisme.dival.es\/ca\/lugar_interes\/el-moli-fariner-2\/","url":"https:\/\/turisme.dival.es\/ca\/lugar_interes\/el-moli-fariner-2\/","name":"El mol\u00ed fariner &#060; Valencia Turismo","isPartOf":{"@id":"https:\/\/turisme.dival.es\/#website"},"primaryImageOfPage":{"@id":"https:\/\/turisme.dival.es\/ca\/lugar_interes\/el-moli-fariner-2\/#primaryimage"},"image":{"@id":"https:\/\/turisme.dival.es\/ca\/lugar_interes\/el-moli-fariner-2\/#primaryimage"},"thumbnailUrl":"https:\/\/turisme.dival.es\/wp-content\/uploads\/2023\/11\/MOLINO-dea31f3cf826a3f7d4fccf05240ff33e.jpg","datePublished":"2023-12-04T11:27:22+00:00","dateModified":"2023-12-04T11:27:37+00:00","inLanguage":"vl","potentialAction":[{"@type":"ReadAction","target":["https:\/\/turisme.dival.es\/ca\/lugar_interes\/el-moli-fariner-2\/"]}]},{"@type":"ImageObject","inLanguage":"vl","@id":"https:\/\/turisme.dival.es\/ca\/lugar_interes\/el-moli-fariner-2\/#primaryimage","url":"https:\/\/turisme.dival.es\/wp-content\/uploads\/2023\/11\/MOLINO-dea31f3cf826a3f7d4fccf05240ff33e.jpg","contentUrl":"https:\/\/turisme.dival.es\/wp-content\/uploads\/2023\/11\/MOLINO-dea31f3cf826a3f7d4fccf05240ff33e.jpg","width":310,"height":163},{"@type":"WebSite","@id":"https:\/\/turisme.dival.es\/#website","url":"https:\/\/turisme.dival.es\/","name":"valenciaturismo.com.mialias.net","description":"","potentialAction":[{"@type":"SearchAction","target":{"@type":"EntryPoint","urlTemplate":"https:\/\/turisme.dival.es\/?s={search_term_string}"},"query-input":"required name=search_term_string"}],"inLanguage":"vl"}]}},"_links":{"self":[{"href":"https:\/\/turisme.dival.es\/ca\/wp-json\/wp\/v2\/lugar_interes\/94647","targetHints":{"allow":["GET"]}}],"collection":[{"href":"https:\/\/turisme.dival.es\/ca\/wp-json\/wp\/v2\/lugar_interes"}],"about":[{"href":"https:\/\/turisme.dival.es\/ca\/wp-json\/wp\/v2\/types\/lugar_interes"}],"acf:post":[{"embeddable":true,"href":"https:\/\/turisme.dival.es\/ca\/wp-json\/wp\/v2\/destino\/27773"}],"wp:featuredmedia":[{"embeddable":true,"href":"https:\/\/turisme.dival.es\/ca\/wp-json\/wp\/v2\/media\/97635"}],"wp:attachment":[{"href":"https:\/\/turisme.dival.es\/ca\/wp-json\/wp\/v2\/media?parent=94647"}],"wp:term":[{"taxonomy":"categoria_lugar","embeddable":true,"href":"https:\/\/turisme.dival.es\/ca\/wp-json\/wp\/v2\/categoria_lugar?post=94647"}],"curies":[{"name":"wp","href":"https:\/\/api.w.org\/{rel}","templated":true}]}}

El molí fariner

Molí actualment en rehabilitació. L'antic molí fariner està situat en un dels carrers més especials del xicotet municipi de Pedralba, el carrer de la Séquia. La rehabilitació naix de la necessitat de conservar i donar vida a l'edifici i, al mateix temps, de generar un nou espai per a la biblioteca, l'escola d'adults i l'arxiu municipal. 
Catalogat com a bé de rellevància local, va fer el poble famós pel pa blanc de Pedralba

<!-- This site is optimized with the Yoast SEO plugin v23.0 - https://yoast.com/wordpress/plugins/seo/ -->
<title>El molí fariner &#060; Valencia Turismo</title>
<meta name="robots" content="index, follow, max-snippet:-1, max-image-preview:large, max-video-preview:-1" />
<link rel="canonical" href="https://turisme.dival.es/ca/lugar_interes/el-moli-fariner-2/" />
<meta property="og:locale" content="en_US" />
<meta property="og:type" content="article" />
<meta property="og:title" content="El molí fariner &#060; Valencia Turismo" />
<meta property="og:url" content="https://turisme.dival.es/ca/lugar_interes/el-moli-fariner-2/" />
<meta property="og:site_name" content="Valencia Turismo" />
<meta property="article:modified_time" content="2023-12-04T11:27:37+00:00" />
<meta property="og:image" content="https://turisme.dival.es/wp-content/uploads/2023/11/MOLINO-dea31f3cf826a3f7d4fccf05240ff33e.jpg" />
	<meta property="og:image:width" content="310" />
	<meta property="og:image:height" content="163" />
	<meta property="og:image:type" content="image/jpeg" />
<meta name="twitter:card" content="summary_large_image" />
<script type="application/ld+json" class="yoast-schema-graph">{"@context":"https://schema.org","@graph":[{"@type":"WebPage","@id":"https://turisme.dival.es/ca/lugar_interes/el-moli-fariner-2/","url":"https://turisme.dival.es/ca/lugar_interes/el-moli-fariner-2/","name":"El molí fariner &#060; Valencia Turismo","isPartOf":{"@id":"https://turisme.dival.es/#website"},"primaryImageOfPage":{"@id":"https://turisme.dival.es/ca/lugar_interes/el-moli-fariner-2/#primaryimage"},"image":{"@id":"https://turisme.dival.es/ca/lugar_interes/el-moli-fariner-2/#primaryimage"},"thumbnailUrl":"https://turisme.dival.es/wp-content/uploads/2023/11/MOLINO-dea31f3cf826a3f7d4fccf05240ff33e.jpg","datePublished":"2023-12-04T11:27:22+00:00","dateModified":"2023-12-04T11:27:37+00:00","inLanguage":"vl","potentialAction":[{"@type":"ReadAction","target":["https://turisme.dival.es/ca/lugar_interes/el-moli-fariner-2/"]}]},{"@type":"ImageObject","inLanguage":"vl","@id":"https://turisme.dival.es/ca/lugar_interes/el-moli-fariner-2/#primaryimage","url":"https://turisme.dival.es/wp-content/uploads/2023/11/MOLINO-dea31f3cf826a3f7d4fccf05240ff33e.jpg","contentUrl":"https://turisme.dival.es/wp-content/uploads/2023/11/MOLINO-dea31f3cf826a3f7d4fccf05240ff33e.jpg","width":310,"height":163},{"@type":"WebSite","@id":"https://turisme.dival.es/#website","url":"https://turisme.dival.es/","name":"valenciaturismo.com.mialias.net","description":"","potentialAction":[{"@type":"SearchAction","target":{"@type":"EntryPoint","urlTemplate":"https://turisme.dival.es/?s={search_term_string}"},"query-input":"required name=search_term_string"}],"inLanguage":"vl"}]}</script>
<!-- / Yoast SEO plugin. -->

El molí fariner &#060; Valencia Turismo
