{"id":94635,"date":"2023-12-04T11:27:22","date_gmt":"2023-12-04T11:27:22","guid":{"rendered":"https:\/\/turisme.dival.es\/lugar_interes\/casa-de-la-cultura-2\/"},"modified":"2023-12-04T11:27:26","modified_gmt":"2023-12-04T11:27:26","slug":"casa-de-la-cultura-2","status":"publish","type":"lugar_interes","link":"https:\/\/turisme.dival.es\/ca\/lugar_interes\/casa-de-la-cultura-2\/","title":{"rendered":"Casa de la Cultura"},"featured_media":97600,"template":"","categoria_lugar":[2415],"class_list":["post-94635","lugar_interes","type-lugar_interes","status-publish","has-post-thumbnail","hentry","categoria_lugar-monuments"],"acf":{"descripcion_li":"Edifici que data de l'any 1928 i que, en un primer moment, va ser convent de les Carmelites Descalces fins que, el 1984, es va adquirir per al fi actual. Consta de dues plantes d'estil neog\u00f2tic amb un interessant claustre amb puntals de taulells de l'\u00e8poca i una molt ben proporcionada capella amb volta d'arcs ogivals, hui en dia dedicada a auditori i sala de confer\u00e8ncies. Alberga diferents departaments municipals aix\u00ed com una sala d'exposicions temporals.","direccion_li":"Carrer Major, 91\nManises, Val\u00e8ncia\n46940\nES","telefono_li":"","e-mail_li":"","web_li":"","localizacion_mapa_li":"","comarca_y_localidad":[25843],"oficina_de_turismo_li":null,"descripcion_2_li":"","carrusel_de_imagenes_li":[],"rating_li":"","e-mail_reservas_li":"","url_reservas_li":""},"yoast_head":"<!-- This site is optimized with the Yoast SEO plugin v23.0 - https:\/\/yoast.com\/wordpress\/plugins\/seo\/ -->\n<title>Casa de la Cultura &#060; Valencia Turismo<\/title>\n<meta name=\"robots\" content=\"index, follow, max-snippet:-1, max-image-preview:large, max-video-preview:-1\" \/>\n<link rel=\"canonical\" href=\"https:\/\/turisme.dival.es\/ca\/lugar_interes\/casa-de-la-cultura-2\/\" \/>\n<meta property=\"og:locale\" content=\"en_US\" \/>\n<meta property=\"og:type\" content=\"article\" \/>\n<meta property=\"og:title\" content=\"Casa de la Cultura &#060; Valencia Turismo\" \/>\n<meta property=\"og:url\" content=\"https:\/\/turisme.dival.es\/ca\/lugar_interes\/casa-de-la-cultura-2\/\" \/>\n<meta property=\"og:site_name\" content=\"Valencia Turismo\" \/>\n<meta property=\"article:modified_time\" content=\"2023-12-04T11:27:26+00:00\" \/>\n<meta property=\"og:image\" content=\"https:\/\/turisme.dival.es\/wp-content\/uploads\/2023\/11\/CASA-CULTURA-729722da3af291c760f61abfdc18b751.jpg\" \/>\n\t<meta property=\"og:image:width\" content=\"1080\" \/>\n\t<meta property=\"og:image:height\" content=\"810\" \/>\n\t<meta property=\"og:image:type\" content=\"image\/jpeg\" \/>\n<meta name=\"twitter:card\" content=\"summary_large_image\" \/>\n<script type=\"application\/ld+json\" class=\"yoast-schema-graph\">{\"@context\":\"https:\/\/schema.org\",\"@graph\":[{\"@type\":\"WebPage\",\"@id\":\"https:\/\/turisme.dival.es\/ca\/lugar_interes\/casa-de-la-cultura-2\/\",\"url\":\"https:\/\/turisme.dival.es\/ca\/lugar_interes\/casa-de-la-cultura-2\/\",\"name\":\"Casa de la Cultura &#060; Valencia Turismo\",\"isPartOf\":{\"@id\":\"https:\/\/turisme.dival.es\/#website\"},\"primaryImageOfPage\":{\"@id\":\"https:\/\/turisme.dival.es\/ca\/lugar_interes\/casa-de-la-cultura-2\/#primaryimage\"},\"image\":{\"@id\":\"https:\/\/turisme.dival.es\/ca\/lugar_interes\/casa-de-la-cultura-2\/#primaryimage\"},\"thumbnailUrl\":\"https:\/\/turisme.dival.es\/wp-content\/uploads\/2023\/11\/CASA-CULTURA-729722da3af291c760f61abfdc18b751.jpg\",\"datePublished\":\"2023-12-04T11:27:22+00:00\",\"dateModified\":\"2023-12-04T11:27:26+00:00\",\"inLanguage\":\"vl\",\"potentialAction\":[{\"@type\":\"ReadAction\",\"target\":[\"https:\/\/turisme.dival.es\/ca\/lugar_interes\/casa-de-la-cultura-2\/\"]}]},{\"@type\":\"ImageObject\",\"inLanguage\":\"vl\",\"@id\":\"https:\/\/turisme.dival.es\/ca\/lugar_interes\/casa-de-la-cultura-2\/#primaryimage\",\"url\":\"https:\/\/turisme.dival.es\/wp-content\/uploads\/2023\/11\/CASA-CULTURA-729722da3af291c760f61abfdc18b751.jpg\",\"contentUrl\":\"https:\/\/turisme.dival.es\/wp-content\/uploads\/2023\/11\/CASA-CULTURA-729722da3af291c760f61abfdc18b751.jpg\",\"width\":1080,\"height\":810},{\"@type\":\"WebSite\",\"@id\":\"https:\/\/turisme.dival.es\/#website\",\"url\":\"https:\/\/turisme.dival.es\/\",\"name\":\"valenciaturismo.com.mialias.net\",\"description\":\"\",\"potentialAction\":[{\"@type\":\"SearchAction\",\"target\":{\"@type\":\"EntryPoint\",\"urlTemplate\":\"https:\/\/turisme.dival.es\/?s={search_term_string}\"},\"query-input\":\"required name=search_term_string\"}],\"inLanguage\":\"vl\"}]}<\/script>\n<!-- \/ Yoast SEO plugin. -->","yoast_head_json":{"title":"Casa de la Cultura &#060; Valencia Turismo","robots":{"index":"index","follow":"follow","max-snippet":"max-snippet:-1","max-image-preview":"max-image-preview:large","max-video-preview":"max-video-preview:-1"},"canonical":"https:\/\/turisme.dival.es\/ca\/lugar_interes\/casa-de-la-cultura-2\/","og_locale":"en_US","og_type":"article","og_title":"Casa de la Cultura &#060; Valencia Turismo","og_url":"https:\/\/turisme.dival.es\/ca\/lugar_interes\/casa-de-la-cultura-2\/","og_site_name":"Valencia Turismo","article_modified_time":"2023-12-04T11:27:26+00:00","og_image":[{"width":1080,"height":810,"url":"https:\/\/turisme.dival.es\/wp-content\/uploads\/2023\/11\/CASA-CULTURA-729722da3af291c760f61abfdc18b751.jpg","type":"image\/jpeg"}],"twitter_card":"summary_large_image","schema":{"@context":"https:\/\/schema.org","@graph":[{"@type":"WebPage","@id":"https:\/\/turisme.dival.es\/ca\/lugar_interes\/casa-de-la-cultura-2\/","url":"https:\/\/turisme.dival.es\/ca\/lugar_interes\/casa-de-la-cultura-2\/","name":"Casa de la Cultura &#060; Valencia Turismo","isPartOf":{"@id":"https:\/\/turisme.dival.es\/#website"},"primaryImageOfPage":{"@id":"https:\/\/turisme.dival.es\/ca\/lugar_interes\/casa-de-la-cultura-2\/#primaryimage"},"image":{"@id":"https:\/\/turisme.dival.es\/ca\/lugar_interes\/casa-de-la-cultura-2\/#primaryimage"},"thumbnailUrl":"https:\/\/turisme.dival.es\/wp-content\/uploads\/2023\/11\/CASA-CULTURA-729722da3af291c760f61abfdc18b751.jpg","datePublished":"2023-12-04T11:27:22+00:00","dateModified":"2023-12-04T11:27:26+00:00","inLanguage":"vl","potentialAction":[{"@type":"ReadAction","target":["https:\/\/turisme.dival.es\/ca\/lugar_interes\/casa-de-la-cultura-2\/"]}]},{"@type":"ImageObject","inLanguage":"vl","@id":"https:\/\/turisme.dival.es\/ca\/lugar_interes\/casa-de-la-cultura-2\/#primaryimage","url":"https:\/\/turisme.dival.es\/wp-content\/uploads\/2023\/11\/CASA-CULTURA-729722da3af291c760f61abfdc18b751.jpg","contentUrl":"https:\/\/turisme.dival.es\/wp-content\/uploads\/2023\/11\/CASA-CULTURA-729722da3af291c760f61abfdc18b751.jpg","width":1080,"height":810},{"@type":"WebSite","@id":"https:\/\/turisme.dival.es\/#website","url":"https:\/\/turisme.dival.es\/","name":"valenciaturismo.com.mialias.net","description":"","potentialAction":[{"@type":"SearchAction","target":{"@type":"EntryPoint","urlTemplate":"https:\/\/turisme.dival.es\/?s={search_term_string}"},"query-input":"required name=search_term_string"}],"inLanguage":"vl"}]}},"_links":{"self":[{"href":"https:\/\/turisme.dival.es\/ca\/wp-json\/wp\/v2\/lugar_interes\/94635","targetHints":{"allow":["GET"]}}],"collection":[{"href":"https:\/\/turisme.dival.es\/ca\/wp-json\/wp\/v2\/lugar_interes"}],"about":[{"href":"https:\/\/turisme.dival.es\/ca\/wp-json\/wp\/v2\/types\/lugar_interes"}],"acf:post":[{"embeddable":true,"href":"https:\/\/turisme.dival.es\/ca\/wp-json\/wp\/v2\/destino\/25843"}],"wp:featuredmedia":[{"embeddable":true,"href":"https:\/\/turisme.dival.es\/ca\/wp-json\/wp\/v2\/media\/97600"}],"wp:attachment":[{"href":"https:\/\/turisme.dival.es\/ca\/wp-json\/wp\/v2\/media?parent=94635"}],"wp:term":[{"taxonomy":"categoria_lugar","embeddable":true,"href":"https:\/\/turisme.dival.es\/ca\/wp-json\/wp\/v2\/categoria_lugar?post=94635"}],"curies":[{"name":"wp","href":"https:\/\/api.w.org\/{rel}","templated":true}]}}

Edifici que data de l'any 1928 i que, en un primer moment, va ser convent de les Carmelites Descalces fins que, el 1984, es va adquirir per al fi actual. Consta de dues plantes d'estil neogòtic amb un interessant claustre amb puntals de taulells de l'època i una molt ben proporcionada capella amb volta d'arcs ogivals, hui en dia dedicada a auditori i sala de conferències. Alberga diferents departaments municipals així com una sala d'exposicions temporals.

Carrer Major, 91
Manises, València
46940
ES
