{"id":94579,"date":"2023-12-04T11:25:57","date_gmt":"2023-12-04T11:25:57","guid":{"rendered":"https:\/\/turisme.dival.es\/lugar_interes\/barri-de-bechinos\/"},"modified":"2023-12-04T11:26:02","modified_gmt":"2023-12-04T11:26:02","slug":"barri-de-bechinos","status":"publish","type":"lugar_interes","link":"https:\/\/turisme.dival.es\/ca\/lugar_interes\/barri-de-bechinos\/","title":{"rendered":"Barri de Bechinos"},"featured_media":97385,"template":"","categoria_lugar":[2439],"class_list":["post-94579","lugar_interes","type-lugar_interes","status-publish","has-post-thumbnail","hentry","categoria_lugar-altres-llocs-dinteres"],"acf":{"descripcion_li":"\u00c9s un barri d'origen \u00e0rab, de tra\u00e7at sinu\u00f3s, carrers estrets, pendents i cases tradicionals que formen el barri antic de la localitat. Dins del barri, al carrer de l'Olivera, destaca la Torreta, que constitueix un edifici singular tamb\u00e9 d'origen \u00e0rab, probablement constru\u00eft entre els segles XI i XII amb finalitats defensives. Est\u00e0 situada a la part nord-est de l'antic nucli urb\u00e0 de la poblaci\u00f3, assentada en la vora rocosa al costat del l\u00edmit natural de la rambla.","direccion_li":"Carrer de Bechinos\nChiva, Val\u00e8ncia\n46370\nES","telefono_li":"34962520006","e-mail_li":"ayuntamiento@chiva.es","web_li":"","localizacion_mapa_li":"","comarca_y_localidad":27340,"oficina_de_turismo_li":null,"descripcion_2_li":"","carrusel_de_imagenes_li":[],"rating_li":"","e-mail_reservas_li":"","url_reservas_li":""},"yoast_head":"<!-- This site is optimized with the Yoast SEO plugin v23.0 - https:\/\/yoast.com\/wordpress\/plugins\/seo\/ -->\n<title>Barri de Bechinos &#060; Valencia Turismo<\/title>\n<meta name=\"robots\" content=\"index, follow, max-snippet:-1, max-image-preview:large, max-video-preview:-1\" \/>\n<link rel=\"canonical\" href=\"https:\/\/turisme.dival.es\/ca\/lugar_interes\/barri-de-bechinos\/\" \/>\n<meta property=\"og:locale\" content=\"en_US\" \/>\n<meta property=\"og:type\" content=\"article\" \/>\n<meta property=\"og:title\" content=\"Barri de Bechinos &#060; Valencia Turismo\" \/>\n<meta property=\"og:url\" content=\"https:\/\/turisme.dival.es\/ca\/lugar_interes\/barri-de-bechinos\/\" \/>\n<meta property=\"og:site_name\" content=\"Valencia Turismo\" \/>\n<meta property=\"article:modified_time\" content=\"2023-12-04T11:26:02+00:00\" \/>\n<meta property=\"og:image\" content=\"https:\/\/turisme.dival.es\/wp-content\/uploads\/2023\/11\/Bechinos-7d05865eaf09342f432eba1b3853215d.jpg\" \/>\n\t<meta property=\"og:image:width\" content=\"1717\" \/>\n\t<meta property=\"og:image:height\" content=\"1288\" \/>\n\t<meta property=\"og:image:type\" content=\"image\/jpeg\" \/>\n<meta name=\"twitter:card\" content=\"summary_large_image\" \/>\n<script type=\"application\/ld+json\" class=\"yoast-schema-graph\">{\"@context\":\"https:\/\/schema.org\",\"@graph\":[{\"@type\":\"WebPage\",\"@id\":\"https:\/\/turisme.dival.es\/ca\/lugar_interes\/barri-de-bechinos\/\",\"url\":\"https:\/\/turisme.dival.es\/ca\/lugar_interes\/barri-de-bechinos\/\",\"name\":\"Barri de Bechinos &#060; Valencia Turismo\",\"isPartOf\":{\"@id\":\"https:\/\/turisme.dival.es\/#website\"},\"primaryImageOfPage\":{\"@id\":\"https:\/\/turisme.dival.es\/ca\/lugar_interes\/barri-de-bechinos\/#primaryimage\"},\"image\":{\"@id\":\"https:\/\/turisme.dival.es\/ca\/lugar_interes\/barri-de-bechinos\/#primaryimage\"},\"thumbnailUrl\":\"https:\/\/turisme.dival.es\/wp-content\/uploads\/2023\/11\/Bechinos-7d05865eaf09342f432eba1b3853215d.jpg\",\"datePublished\":\"2023-12-04T11:25:57+00:00\",\"dateModified\":\"2023-12-04T11:26:02+00:00\",\"inLanguage\":\"vl\",\"potentialAction\":[{\"@type\":\"ReadAction\",\"target\":[\"https:\/\/turisme.dival.es\/ca\/lugar_interes\/barri-de-bechinos\/\"]}]},{\"@type\":\"ImageObject\",\"inLanguage\":\"vl\",\"@id\":\"https:\/\/turisme.dival.es\/ca\/lugar_interes\/barri-de-bechinos\/#primaryimage\",\"url\":\"https:\/\/turisme.dival.es\/wp-content\/uploads\/2023\/11\/Bechinos-7d05865eaf09342f432eba1b3853215d.jpg\",\"contentUrl\":\"https:\/\/turisme.dival.es\/wp-content\/uploads\/2023\/11\/Bechinos-7d05865eaf09342f432eba1b3853215d.jpg\",\"width\":1717,\"height\":1288},{\"@type\":\"WebSite\",\"@id\":\"https:\/\/turisme.dival.es\/#website\",\"url\":\"https:\/\/turisme.dival.es\/\",\"name\":\"valenciaturismo.com.mialias.net\",\"description\":\"\",\"potentialAction\":[{\"@type\":\"SearchAction\",\"target\":{\"@type\":\"EntryPoint\",\"urlTemplate\":\"https:\/\/turisme.dival.es\/?s={search_term_string}\"},\"query-input\":\"required name=search_term_string\"}],\"inLanguage\":\"vl\"}]}<\/script>\n<!-- \/ Yoast SEO plugin. -->","yoast_head_json":{"title":"Barri de Bechinos &#060; Valencia Turismo","robots":{"index":"index","follow":"follow","max-snippet":"max-snippet:-1","max-image-preview":"max-image-preview:large","max-video-preview":"max-video-preview:-1"},"canonical":"https:\/\/turisme.dival.es\/ca\/lugar_interes\/barri-de-bechinos\/","og_locale":"en_US","og_type":"article","og_title":"Barri de Bechinos &#060; Valencia Turismo","og_url":"https:\/\/turisme.dival.es\/ca\/lugar_interes\/barri-de-bechinos\/","og_site_name":"Valencia Turismo","article_modified_time":"2023-12-04T11:26:02+00:00","og_image":[{"width":1717,"height":1288,"url":"https:\/\/turisme.dival.es\/wp-content\/uploads\/2023\/11\/Bechinos-7d05865eaf09342f432eba1b3853215d.jpg","type":"image\/jpeg"}],"twitter_card":"summary_large_image","schema":{"@context":"https:\/\/schema.org","@graph":[{"@type":"WebPage","@id":"https:\/\/turisme.dival.es\/ca\/lugar_interes\/barri-de-bechinos\/","url":"https:\/\/turisme.dival.es\/ca\/lugar_interes\/barri-de-bechinos\/","name":"Barri de Bechinos &#060; Valencia Turismo","isPartOf":{"@id":"https:\/\/turisme.dival.es\/#website"},"primaryImageOfPage":{"@id":"https:\/\/turisme.dival.es\/ca\/lugar_interes\/barri-de-bechinos\/#primaryimage"},"image":{"@id":"https:\/\/turisme.dival.es\/ca\/lugar_interes\/barri-de-bechinos\/#primaryimage"},"thumbnailUrl":"https:\/\/turisme.dival.es\/wp-content\/uploads\/2023\/11\/Bechinos-7d05865eaf09342f432eba1b3853215d.jpg","datePublished":"2023-12-04T11:25:57+00:00","dateModified":"2023-12-04T11:26:02+00:00","inLanguage":"vl","potentialAction":[{"@type":"ReadAction","target":["https:\/\/turisme.dival.es\/ca\/lugar_interes\/barri-de-bechinos\/"]}]},{"@type":"ImageObject","inLanguage":"vl","@id":"https:\/\/turisme.dival.es\/ca\/lugar_interes\/barri-de-bechinos\/#primaryimage","url":"https:\/\/turisme.dival.es\/wp-content\/uploads\/2023\/11\/Bechinos-7d05865eaf09342f432eba1b3853215d.jpg","contentUrl":"https:\/\/turisme.dival.es\/wp-content\/uploads\/2023\/11\/Bechinos-7d05865eaf09342f432eba1b3853215d.jpg","width":1717,"height":1288},{"@type":"WebSite","@id":"https:\/\/turisme.dival.es\/#website","url":"https:\/\/turisme.dival.es\/","name":"valenciaturismo.com.mialias.net","description":"","potentialAction":[{"@type":"SearchAction","target":{"@type":"EntryPoint","urlTemplate":"https:\/\/turisme.dival.es\/?s={search_term_string}"},"query-input":"required name=search_term_string"}],"inLanguage":"vl"}]}},"_links":{"self":[{"href":"https:\/\/turisme.dival.es\/ca\/wp-json\/wp\/v2\/lugar_interes\/94579","targetHints":{"allow":["GET"]}}],"collection":[{"href":"https:\/\/turisme.dival.es\/ca\/wp-json\/wp\/v2\/lugar_interes"}],"about":[{"href":"https:\/\/turisme.dival.es\/ca\/wp-json\/wp\/v2\/types\/lugar_interes"}],"acf:post":[{"embeddable":true,"href":"https:\/\/turisme.dival.es\/ca\/wp-json\/wp\/v2\/destino\/27340"}],"wp:featuredmedia":[{"embeddable":true,"href":"https:\/\/turisme.dival.es\/ca\/wp-json\/wp\/v2\/media\/97385"}],"wp:attachment":[{"href":"https:\/\/turisme.dival.es\/ca\/wp-json\/wp\/v2\/media?parent=94579"}],"wp:term":[{"taxonomy":"categoria_lugar","embeddable":true,"href":"https:\/\/turisme.dival.es\/ca\/wp-json\/wp\/v2\/categoria_lugar?post=94579"}],"curies":[{"name":"wp","href":"https:\/\/api.w.org\/{rel}","templated":true}]}}

És un barri d'origen àrab, de traçat sinuós, carrers estrets, pendents i cases tradicionals que formen el barri antic de la localitat. Dins del barri, al carrer de l'Olivera, destaca la Torreta, que constitueix un edifici singular també d'origen àrab, probablement construït entre els segles XI i XII amb finalitats defensives. Està situada a la part nord-est de l'antic nucli urbà de la població, assentada en la vora rocosa al costat del límit natural de la rambla.

Carrer de Bechinos
Chiva, València
46370
ES
