{"id":94544,"date":"2023-12-04T11:24:39","date_gmt":"2023-12-04T11:24:39","guid":{"rendered":"https:\/\/turisme.dival.es\/lugar_interes\/coves-de-l%c2%92aranya\/"},"modified":"2023-12-04T11:24:58","modified_gmt":"2023-12-04T11:24:58","slug":"coves-de-laranya","status":"publish","type":"lugar_interes","link":"https:\/\/turisme.dival.es\/ca\/lugar_interes\/coves-de-laranya\/","title":{"rendered":"Coves de l&#8217;Aranya"},"featured_media":97255,"template":"","categoria_lugar":[2439],"class_list":["post-94544","lugar_interes","type-lugar_interes","status-publish","has-post-thumbnail","hentry","categoria_lugar-altres-llocs-dinteres"],"acf":{"descripcion_li":"A les coves de l'Aranya se situen una de les pintures m\u00e9s importants de l'art llevant\u00ed, la recol\u00b7lecci\u00f3 de la mel. No nom\u00e9s hi podreu veure aquesta pintura tan caracter\u00edstica, ja que en aquesta cova trobem dos abrics replets d'aquestes, on podrem observar diferents escenes de ca\u00e7a i animals. Els abrics de l'Aranya s\u00f3n dels m\u00e9s importants del m\u00f3n, declarats patrimoni de la humanitat per la UNESCO.\nPer a visitar-les \u00e9s imprescindible concertar una cita pr\u00e8via a l'Ecomuseu de Bicorp.\nIMATGE","direccion_li":"Paratge Cazuma\nEcomuseu de Bicorp (carrer de Sant Roc, 11)\nBicorp, Val\u00e8ncia\n46825\nES","telefono_li":"34647410818","e-mail_li":"info@ecomuseodebicorp.com","web_li":"","localizacion_mapa_li":"","comarca_y_localidad":26490,"oficina_de_turismo_li":null,"descripcion_2_li":"","carrusel_de_imagenes_li":[],"rating_li":"","e-mail_reservas_li":"","url_reservas_li":""},"yoast_head":"<!-- This site is optimized with the Yoast SEO plugin v23.0 - https:\/\/yoast.com\/wordpress\/plugins\/seo\/ -->\n<title>Coves de l&#039;Aranya &#060; Valencia Turismo<\/title>\n<meta name=\"robots\" content=\"index, follow, max-snippet:-1, max-image-preview:large, max-video-preview:-1\" \/>\n<link rel=\"canonical\" href=\"https:\/\/turisme.dival.es\/ca\/lugar_interes\/coves-de-laranya\/\" \/>\n<meta property=\"og:locale\" content=\"en_US\" \/>\n<meta property=\"og:type\" content=\"article\" \/>\n<meta property=\"og:title\" content=\"Coves de l&#039;Aranya &#060; Valencia Turismo\" \/>\n<meta property=\"og:url\" content=\"https:\/\/turisme.dival.es\/ca\/lugar_interes\/coves-de-laranya\/\" \/>\n<meta property=\"og:site_name\" content=\"Valencia Turismo\" \/>\n<meta property=\"article:modified_time\" content=\"2023-12-04T11:24:58+00:00\" \/>\n<meta property=\"og:image\" content=\"https:\/\/turisme.dival.es\/wp-content\/uploads\/2023\/11\/Cueva_de_la_Arana_-_Bicorp-eb43251450fffb8e68e179f226e370b8.jpg\" \/>\n\t<meta property=\"og:image:width\" content=\"1920\" \/>\n\t<meta property=\"og:image:height\" content=\"1284\" \/>\n\t<meta property=\"og:image:type\" content=\"image\/jpeg\" \/>\n<meta name=\"twitter:card\" content=\"summary_large_image\" \/>\n<script type=\"application\/ld+json\" class=\"yoast-schema-graph\">{\"@context\":\"https:\/\/schema.org\",\"@graph\":[{\"@type\":\"WebPage\",\"@id\":\"https:\/\/turisme.dival.es\/ca\/lugar_interes\/coves-de-laranya\/\",\"url\":\"https:\/\/turisme.dival.es\/ca\/lugar_interes\/coves-de-laranya\/\",\"name\":\"Coves de l'Aranya &#060; Valencia Turismo\",\"isPartOf\":{\"@id\":\"https:\/\/turisme.dival.es\/#website\"},\"primaryImageOfPage\":{\"@id\":\"https:\/\/turisme.dival.es\/ca\/lugar_interes\/coves-de-laranya\/#primaryimage\"},\"image\":{\"@id\":\"https:\/\/turisme.dival.es\/ca\/lugar_interes\/coves-de-laranya\/#primaryimage\"},\"thumbnailUrl\":\"https:\/\/turisme.dival.es\/wp-content\/uploads\/2023\/11\/Cueva_de_la_Arana_-_Bicorp-eb43251450fffb8e68e179f226e370b8.jpg\",\"datePublished\":\"2023-12-04T11:24:39+00:00\",\"dateModified\":\"2023-12-04T11:24:58+00:00\",\"inLanguage\":\"vl\",\"potentialAction\":[{\"@type\":\"ReadAction\",\"target\":[\"https:\/\/turisme.dival.es\/ca\/lugar_interes\/coves-de-laranya\/\"]}]},{\"@type\":\"ImageObject\",\"inLanguage\":\"vl\",\"@id\":\"https:\/\/turisme.dival.es\/ca\/lugar_interes\/coves-de-laranya\/#primaryimage\",\"url\":\"https:\/\/turisme.dival.es\/wp-content\/uploads\/2023\/11\/Cueva_de_la_Arana_-_Bicorp-eb43251450fffb8e68e179f226e370b8.jpg\",\"contentUrl\":\"https:\/\/turisme.dival.es\/wp-content\/uploads\/2023\/11\/Cueva_de_la_Arana_-_Bicorp-eb43251450fffb8e68e179f226e370b8.jpg\",\"width\":1920,\"height\":1284},{\"@type\":\"WebSite\",\"@id\":\"https:\/\/turisme.dival.es\/#website\",\"url\":\"https:\/\/turisme.dival.es\/\",\"name\":\"valenciaturismo.com.mialias.net\",\"description\":\"\",\"potentialAction\":[{\"@type\":\"SearchAction\",\"target\":{\"@type\":\"EntryPoint\",\"urlTemplate\":\"https:\/\/turisme.dival.es\/?s={search_term_string}\"},\"query-input\":\"required name=search_term_string\"}],\"inLanguage\":\"vl\"}]}<\/script>\n<!-- \/ Yoast SEO plugin. -->","yoast_head_json":{"title":"Coves de l'Aranya &#060; Valencia Turismo","robots":{"index":"index","follow":"follow","max-snippet":"max-snippet:-1","max-image-preview":"max-image-preview:large","max-video-preview":"max-video-preview:-1"},"canonical":"https:\/\/turisme.dival.es\/ca\/lugar_interes\/coves-de-laranya\/","og_locale":"en_US","og_type":"article","og_title":"Coves de l'Aranya &#060; Valencia Turismo","og_url":"https:\/\/turisme.dival.es\/ca\/lugar_interes\/coves-de-laranya\/","og_site_name":"Valencia Turismo","article_modified_time":"2023-12-04T11:24:58+00:00","og_image":[{"width":1920,"height":1284,"url":"https:\/\/turisme.dival.es\/wp-content\/uploads\/2023\/11\/Cueva_de_la_Arana_-_Bicorp-eb43251450fffb8e68e179f226e370b8.jpg","type":"image\/jpeg"}],"twitter_card":"summary_large_image","schema":{"@context":"https:\/\/schema.org","@graph":[{"@type":"WebPage","@id":"https:\/\/turisme.dival.es\/ca\/lugar_interes\/coves-de-laranya\/","url":"https:\/\/turisme.dival.es\/ca\/lugar_interes\/coves-de-laranya\/","name":"Coves de l'Aranya &#060; Valencia Turismo","isPartOf":{"@id":"https:\/\/turisme.dival.es\/#website"},"primaryImageOfPage":{"@id":"https:\/\/turisme.dival.es\/ca\/lugar_interes\/coves-de-laranya\/#primaryimage"},"image":{"@id":"https:\/\/turisme.dival.es\/ca\/lugar_interes\/coves-de-laranya\/#primaryimage"},"thumbnailUrl":"https:\/\/turisme.dival.es\/wp-content\/uploads\/2023\/11\/Cueva_de_la_Arana_-_Bicorp-eb43251450fffb8e68e179f226e370b8.jpg","datePublished":"2023-12-04T11:24:39+00:00","dateModified":"2023-12-04T11:24:58+00:00","inLanguage":"vl","potentialAction":[{"@type":"ReadAction","target":["https:\/\/turisme.dival.es\/ca\/lugar_interes\/coves-de-laranya\/"]}]},{"@type":"ImageObject","inLanguage":"vl","@id":"https:\/\/turisme.dival.es\/ca\/lugar_interes\/coves-de-laranya\/#primaryimage","url":"https:\/\/turisme.dival.es\/wp-content\/uploads\/2023\/11\/Cueva_de_la_Arana_-_Bicorp-eb43251450fffb8e68e179f226e370b8.jpg","contentUrl":"https:\/\/turisme.dival.es\/wp-content\/uploads\/2023\/11\/Cueva_de_la_Arana_-_Bicorp-eb43251450fffb8e68e179f226e370b8.jpg","width":1920,"height":1284},{"@type":"WebSite","@id":"https:\/\/turisme.dival.es\/#website","url":"https:\/\/turisme.dival.es\/","name":"valenciaturismo.com.mialias.net","description":"","potentialAction":[{"@type":"SearchAction","target":{"@type":"EntryPoint","urlTemplate":"https:\/\/turisme.dival.es\/?s={search_term_string}"},"query-input":"required name=search_term_string"}],"inLanguage":"vl"}]}},"_links":{"self":[{"href":"https:\/\/turisme.dival.es\/ca\/wp-json\/wp\/v2\/lugar_interes\/94544","targetHints":{"allow":["GET"]}}],"collection":[{"href":"https:\/\/turisme.dival.es\/ca\/wp-json\/wp\/v2\/lugar_interes"}],"about":[{"href":"https:\/\/turisme.dival.es\/ca\/wp-json\/wp\/v2\/types\/lugar_interes"}],"acf:post":[{"embeddable":true,"href":"https:\/\/turisme.dival.es\/ca\/wp-json\/wp\/v2\/destino\/26490"}],"wp:featuredmedia":[{"embeddable":true,"href":"https:\/\/turisme.dival.es\/ca\/wp-json\/wp\/v2\/media\/97255"}],"wp:attachment":[{"href":"https:\/\/turisme.dival.es\/ca\/wp-json\/wp\/v2\/media?parent=94544"}],"wp:term":[{"taxonomy":"categoria_lugar","embeddable":true,"href":"https:\/\/turisme.dival.es\/ca\/wp-json\/wp\/v2\/categoria_lugar?post=94544"}],"curies":[{"name":"wp","href":"https:\/\/api.w.org\/{rel}","templated":true}]}}

A les coves de l'Aranya se situen una de les pintures més importants de l'art llevantí, la recol·lecció de la mel. No només hi podreu veure aquesta pintura tan característica, ja que en aquesta cova trobem dos abrics replets d'aquestes, on podrem observar diferents escenes de caça i animals. Els abrics de l'Aranya són dels més importants del món, declarats patrimoni de la humanitat per la UNESCO.
Per a visitar-les és imprescindible concertar una cita prèvia a l'Ecomuseu de Bicorp.
IMATGE

Paratge Cazuma
Ecomuseu de Bicorp (carrer de Sant Roc, 11)
Bicorp, València
46825
ES
