{"id":94540,"date":"2023-12-04T11:24:39","date_gmt":"2023-12-04T11:24:39","guid":{"rendered":"https:\/\/turisme.dival.es\/lugar_interes\/oppidum-iberic-el-tos-pelat\/"},"modified":"2023-12-04T11:24:54","modified_gmt":"2023-12-04T11:24:54","slug":"oppidum-iberic-el-tos-pelat","status":"publish","type":"lugar_interes","link":"https:\/\/turisme.dival.es\/ca\/lugar_interes\/oppidum-iberic-el-tos-pelat\/","title":{"rendered":"Oppidum ib\u00e8ric El Tos Pelat"},"featured_media":97220,"template":"","categoria_lugar":[2415],"class_list":["post-94540","lugar_interes","type-lugar_interes","status-publish","has-post-thumbnail","hentry","categoria_lugar-monuments"],"acf":{"descripcion_li":"Jaciment ib\u00e8ric, amb una superf\u00edcie aproximada de tres hect\u00e0rees, compartida amb la poblaci\u00f3 de Moncada, habitat des del segle VI al IV aC, en el qual podem veure part de l'estructura urbana de la ciutat, carrers i habitatges que superaven els 150 m\u00b2. La urbs estava protegida amb un sistema defensiu emmurallat, amb portes torrejades i torres adossades al llen\u00e7 de la muralla. Les activitats econ\u00f2miques principals eren l'agricultura, la ramaderia, la ca\u00e7a i el comer\u00e7.","direccion_li":"Coordenades 39\u00b0 33? 36? N 0\u00b0 25? 15? O\nB\u00e9tera, Val\u00e8ncia\n46117\nES","telefono_li":"34627920299","e-mail_li":"turismo@betera.es","web_li":"","localizacion_mapa_li":"","comarca_y_localidad":28150,"oficina_de_turismo_li":null,"descripcion_2_li":"","carrusel_de_imagenes_li":[null],"rating_li":"","e-mail_reservas_li":"","url_reservas_li":""},"yoast_head":"<!-- This site is optimized with the Yoast SEO plugin v23.0 - https:\/\/yoast.com\/wordpress\/plugins\/seo\/ -->\n<title>Oppidum ib\u00e8ric El Tos Pelat &#060; Valencia Turismo<\/title>\n<meta name=\"robots\" content=\"index, follow, max-snippet:-1, max-image-preview:large, max-video-preview:-1\" \/>\n<link rel=\"canonical\" href=\"https:\/\/turisme.dival.es\/ca\/lugar_interes\/oppidum-iberic-el-tos-pelat\/\" \/>\n<meta property=\"og:locale\" content=\"en_US\" \/>\n<meta property=\"og:type\" content=\"article\" \/>\n<meta property=\"og:title\" content=\"Oppidum ib\u00e8ric El Tos Pelat &#060; Valencia Turismo\" \/>\n<meta property=\"og:url\" content=\"https:\/\/turisme.dival.es\/ca\/lugar_interes\/oppidum-iberic-el-tos-pelat\/\" \/>\n<meta property=\"og:site_name\" content=\"Valencia Turismo\" \/>\n<meta property=\"article:modified_time\" content=\"2023-12-04T11:24:54+00:00\" \/>\n<meta property=\"og:image\" content=\"https:\/\/turisme.dival.es\/wp-content\/uploads\/2023\/11\/tos-pelat-88f1f80913d8fa2a99d6dcb9691cc9d2.jpg\" \/>\n\t<meta property=\"og:image:width\" content=\"625\" \/>\n\t<meta property=\"og:image:height\" content=\"418\" \/>\n\t<meta property=\"og:image:type\" content=\"image\/jpeg\" \/>\n<meta name=\"twitter:card\" content=\"summary_large_image\" \/>\n<script type=\"application\/ld+json\" class=\"yoast-schema-graph\">{\"@context\":\"https:\/\/schema.org\",\"@graph\":[{\"@type\":\"WebPage\",\"@id\":\"https:\/\/turisme.dival.es\/ca\/lugar_interes\/oppidum-iberic-el-tos-pelat\/\",\"url\":\"https:\/\/turisme.dival.es\/ca\/lugar_interes\/oppidum-iberic-el-tos-pelat\/\",\"name\":\"Oppidum ib\u00e8ric El Tos Pelat &#060; Valencia Turismo\",\"isPartOf\":{\"@id\":\"https:\/\/turisme.dival.es\/#website\"},\"primaryImageOfPage\":{\"@id\":\"https:\/\/turisme.dival.es\/ca\/lugar_interes\/oppidum-iberic-el-tos-pelat\/#primaryimage\"},\"image\":{\"@id\":\"https:\/\/turisme.dival.es\/ca\/lugar_interes\/oppidum-iberic-el-tos-pelat\/#primaryimage\"},\"thumbnailUrl\":\"https:\/\/turisme.dival.es\/wp-content\/uploads\/2023\/11\/tos-pelat-88f1f80913d8fa2a99d6dcb9691cc9d2.jpg\",\"datePublished\":\"2023-12-04T11:24:39+00:00\",\"dateModified\":\"2023-12-04T11:24:54+00:00\",\"inLanguage\":\"vl\",\"potentialAction\":[{\"@type\":\"ReadAction\",\"target\":[\"https:\/\/turisme.dival.es\/ca\/lugar_interes\/oppidum-iberic-el-tos-pelat\/\"]}]},{\"@type\":\"ImageObject\",\"inLanguage\":\"vl\",\"@id\":\"https:\/\/turisme.dival.es\/ca\/lugar_interes\/oppidum-iberic-el-tos-pelat\/#primaryimage\",\"url\":\"https:\/\/turisme.dival.es\/wp-content\/uploads\/2023\/11\/tos-pelat-88f1f80913d8fa2a99d6dcb9691cc9d2.jpg\",\"contentUrl\":\"https:\/\/turisme.dival.es\/wp-content\/uploads\/2023\/11\/tos-pelat-88f1f80913d8fa2a99d6dcb9691cc9d2.jpg\",\"width\":625,\"height\":418},{\"@type\":\"WebSite\",\"@id\":\"https:\/\/turisme.dival.es\/#website\",\"url\":\"https:\/\/turisme.dival.es\/\",\"name\":\"valenciaturismo.com.mialias.net\",\"description\":\"\",\"potentialAction\":[{\"@type\":\"SearchAction\",\"target\":{\"@type\":\"EntryPoint\",\"urlTemplate\":\"https:\/\/turisme.dival.es\/?s={search_term_string}\"},\"query-input\":\"required name=search_term_string\"}],\"inLanguage\":\"vl\"}]}<\/script>\n<!-- \/ Yoast SEO plugin. -->","yoast_head_json":{"title":"Oppidum ib\u00e8ric El Tos Pelat &#060; Valencia Turismo","robots":{"index":"index","follow":"follow","max-snippet":"max-snippet:-1","max-image-preview":"max-image-preview:large","max-video-preview":"max-video-preview:-1"},"canonical":"https:\/\/turisme.dival.es\/ca\/lugar_interes\/oppidum-iberic-el-tos-pelat\/","og_locale":"en_US","og_type":"article","og_title":"Oppidum ib\u00e8ric El Tos Pelat &#060; Valencia Turismo","og_url":"https:\/\/turisme.dival.es\/ca\/lugar_interes\/oppidum-iberic-el-tos-pelat\/","og_site_name":"Valencia Turismo","article_modified_time":"2023-12-04T11:24:54+00:00","og_image":[{"width":625,"height":418,"url":"https:\/\/turisme.dival.es\/wp-content\/uploads\/2023\/11\/tos-pelat-88f1f80913d8fa2a99d6dcb9691cc9d2.jpg","type":"image\/jpeg"}],"twitter_card":"summary_large_image","schema":{"@context":"https:\/\/schema.org","@graph":[{"@type":"WebPage","@id":"https:\/\/turisme.dival.es\/ca\/lugar_interes\/oppidum-iberic-el-tos-pelat\/","url":"https:\/\/turisme.dival.es\/ca\/lugar_interes\/oppidum-iberic-el-tos-pelat\/","name":"Oppidum ib\u00e8ric El Tos Pelat &#060; Valencia Turismo","isPartOf":{"@id":"https:\/\/turisme.dival.es\/#website"},"primaryImageOfPage":{"@id":"https:\/\/turisme.dival.es\/ca\/lugar_interes\/oppidum-iberic-el-tos-pelat\/#primaryimage"},"image":{"@id":"https:\/\/turisme.dival.es\/ca\/lugar_interes\/oppidum-iberic-el-tos-pelat\/#primaryimage"},"thumbnailUrl":"https:\/\/turisme.dival.es\/wp-content\/uploads\/2023\/11\/tos-pelat-88f1f80913d8fa2a99d6dcb9691cc9d2.jpg","datePublished":"2023-12-04T11:24:39+00:00","dateModified":"2023-12-04T11:24:54+00:00","inLanguage":"vl","potentialAction":[{"@type":"ReadAction","target":["https:\/\/turisme.dival.es\/ca\/lugar_interes\/oppidum-iberic-el-tos-pelat\/"]}]},{"@type":"ImageObject","inLanguage":"vl","@id":"https:\/\/turisme.dival.es\/ca\/lugar_interes\/oppidum-iberic-el-tos-pelat\/#primaryimage","url":"https:\/\/turisme.dival.es\/wp-content\/uploads\/2023\/11\/tos-pelat-88f1f80913d8fa2a99d6dcb9691cc9d2.jpg","contentUrl":"https:\/\/turisme.dival.es\/wp-content\/uploads\/2023\/11\/tos-pelat-88f1f80913d8fa2a99d6dcb9691cc9d2.jpg","width":625,"height":418},{"@type":"WebSite","@id":"https:\/\/turisme.dival.es\/#website","url":"https:\/\/turisme.dival.es\/","name":"valenciaturismo.com.mialias.net","description":"","potentialAction":[{"@type":"SearchAction","target":{"@type":"EntryPoint","urlTemplate":"https:\/\/turisme.dival.es\/?s={search_term_string}"},"query-input":"required name=search_term_string"}],"inLanguage":"vl"}]}},"_links":{"self":[{"href":"https:\/\/turisme.dival.es\/ca\/wp-json\/wp\/v2\/lugar_interes\/94540","targetHints":{"allow":["GET"]}}],"collection":[{"href":"https:\/\/turisme.dival.es\/ca\/wp-json\/wp\/v2\/lugar_interes"}],"about":[{"href":"https:\/\/turisme.dival.es\/ca\/wp-json\/wp\/v2\/types\/lugar_interes"}],"acf:attachment":[{"embeddable":true,"href":"https:\/\/turisme.dival.es\/ca\/wp-json\/wp\/v2\/media\/"}],"acf:post":[{"embeddable":true,"href":"https:\/\/turisme.dival.es\/ca\/wp-json\/wp\/v2\/destino\/28150"}],"wp:featuredmedia":[{"embeddable":true,"href":"https:\/\/turisme.dival.es\/ca\/wp-json\/wp\/v2\/media\/97220"}],"wp:attachment":[{"href":"https:\/\/turisme.dival.es\/ca\/wp-json\/wp\/v2\/media?parent=94540"}],"wp:term":[{"taxonomy":"categoria_lugar","embeddable":true,"href":"https:\/\/turisme.dival.es\/ca\/wp-json\/wp\/v2\/categoria_lugar?post=94540"}],"curies":[{"name":"wp","href":"https:\/\/api.w.org\/{rel}","templated":true}]}}

Oppidum ibèric El Tos Pelat

Jaciment ibèric, amb una superfície aproximada de tres hectàrees, compartida amb la població de Moncada, habitat des del segle VI al IV aC, en el qual podem veure part de l'estructura urbana de la ciutat, carrers i habitatges que superaven els 150 m². La urbs estava protegida amb un sistema defensiu emmurallat, amb portes torrejades i torres adossades al llenç de la muralla. Les activitats econòmiques principals eren l'agricultura, la ramaderia, la caça i el comerç.

Coordenades 39° 33? 36? N 0° 25? 15? O
Bétera, València
46117
ES

<!-- This site is optimized with the Yoast SEO plugin v23.0 - https://yoast.com/wordpress/plugins/seo/ -->
<title>Oppidum ibèric El Tos Pelat &#060; Valencia Turismo</title>
<meta name="robots" content="index, follow, max-snippet:-1, max-image-preview:large, max-video-preview:-1" />
<link rel="canonical" href="https://turisme.dival.es/ca/lugar_interes/oppidum-iberic-el-tos-pelat/" />
<meta property="og:locale" content="en_US" />
<meta property="og:type" content="article" />
<meta property="og:title" content="Oppidum ibèric El Tos Pelat &#060; Valencia Turismo" />
<meta property="og:url" content="https://turisme.dival.es/ca/lugar_interes/oppidum-iberic-el-tos-pelat/" />
<meta property="og:site_name" content="Valencia Turismo" />
<meta property="article:modified_time" content="2023-12-04T11:24:54+00:00" />
<meta property="og:image" content="https://turisme.dival.es/wp-content/uploads/2023/11/tos-pelat-88f1f80913d8fa2a99d6dcb9691cc9d2.jpg" />
	<meta property="og:image:width" content="625" />
	<meta property="og:image:height" content="418" />
	<meta property="og:image:type" content="image/jpeg" />
<meta name="twitter:card" content="summary_large_image" />
<script type="application/ld+json" class="yoast-schema-graph">{"@context":"https://schema.org","@graph":[{"@type":"WebPage","@id":"https://turisme.dival.es/ca/lugar_interes/oppidum-iberic-el-tos-pelat/","url":"https://turisme.dival.es/ca/lugar_interes/oppidum-iberic-el-tos-pelat/","name":"Oppidum ibèric El Tos Pelat &#060; Valencia Turismo","isPartOf":{"@id":"https://turisme.dival.es/#website"},"primaryImageOfPage":{"@id":"https://turisme.dival.es/ca/lugar_interes/oppidum-iberic-el-tos-pelat/#primaryimage"},"image":{"@id":"https://turisme.dival.es/ca/lugar_interes/oppidum-iberic-el-tos-pelat/#primaryimage"},"thumbnailUrl":"https://turisme.dival.es/wp-content/uploads/2023/11/tos-pelat-88f1f80913d8fa2a99d6dcb9691cc9d2.jpg","datePublished":"2023-12-04T11:24:39+00:00","dateModified":"2023-12-04T11:24:54+00:00","inLanguage":"vl","potentialAction":[{"@type":"ReadAction","target":["https://turisme.dival.es/ca/lugar_interes/oppidum-iberic-el-tos-pelat/"]}]},{"@type":"ImageObject","inLanguage":"vl","@id":"https://turisme.dival.es/ca/lugar_interes/oppidum-iberic-el-tos-pelat/#primaryimage","url":"https://turisme.dival.es/wp-content/uploads/2023/11/tos-pelat-88f1f80913d8fa2a99d6dcb9691cc9d2.jpg","contentUrl":"https://turisme.dival.es/wp-content/uploads/2023/11/tos-pelat-88f1f80913d8fa2a99d6dcb9691cc9d2.jpg","width":625,"height":418},{"@type":"WebSite","@id":"https://turisme.dival.es/#website","url":"https://turisme.dival.es/","name":"valenciaturismo.com.mialias.net","description":"","potentialAction":[{"@type":"SearchAction","target":{"@type":"EntryPoint","urlTemplate":"https://turisme.dival.es/?s={search_term_string}"},"query-input":"required name=search_term_string"}],"inLanguage":"vl"}]}</script>
<!-- / Yoast SEO plugin. -->

Oppidum ibèric El Tos Pelat &#060; Valencia Turismo
