{"id":90870,"date":"2023-06-26T21:51:43","date_gmt":"2023-06-26T21:51:43","guid":{"rendered":"https:\/\/turisme.dival.es\/lugar_interes\/museo-de-arte-contemporaneo-florencio-de-la-fuente\/"},"modified":"2023-06-26T21:52:49","modified_gmt":"2023-06-26T21:52:49","slug":"museo-de-arte-contemporaneo-florencio-de-la-fuente","status":"publish","type":"lugar_interes","link":"https:\/\/turisme.dival.es\/ca\/lugar_interes\/museo-de-arte-contemporaneo-florencio-de-la-fuente\/","title":{"rendered":"Museo de Arte Contempor\u00e1neo &#8220;Florencio de la Fuente&#8221;"},"featured_media":92262,"template":"","categoria_lugar":[2420],"class_list":["post-90870","lugar_interes","type-lugar_interes","status-publish","has-post-thumbnail","hentry","categoria_lugar-museus"],"acf":{"descripcion_li":"El Museu d'Art Contemporani Florencio de la Fuente es troba a la costa de l'\u00c0ngel. L'edifici, per les balconades i les solanes, constitueix una de les imatges m\u00e9s conegudes i emblem\u00e0tiques de tot el conjunt historicoart\u00edstic de Requena. La col\u00b7lecci\u00f3 de Florencio de la Fuente destaca per la diversitat tem\u00e0tica, estil\u00edstica, de t\u00e8cniques i de procediments. Autors coneguts internacionalment com Mir\u00f3, Dal\u00ed, T\u00e0pies, Rueda, Momp\u00f3, Torner o Miquel Navarro, entre d'altres, es mesclen en la col\u00b7lecci\u00f3 de Florencio de la Fuente amb joves realitats del panorama espanyol, com ara Castrortega, Villa-Toro, Valribera, Muriel o Plensa. Figures destacades de l'art sud-americ\u00e0, com ara Gauyasam\u00edn, Lam o Carlos Ca\u00f1as, comparteixen protagonisme en la col\u00b7lecci\u00f3 de Florencio amb els japonesos Keiko Sato o Yamaoka.","direccion_li":"C\/ \u00c1ngel, 2","telefono_li":"96 230 30 32","e-mail_li":"museoflorencio@requena.es","web_li":"https:\/\/www.requena.es\/","localizacion_mapa_li":"","comarca_y_localidad":[25827,28204],"oficina_de_turismo_li":74837,"descripcion_2_li":"Mi\u00e9rcoles a domingo: 16:00 a 19:00 horas. En verano por las tardes de 17:00 a 20:00 horas\r\n\r\nTipus de museu: Arte Contempor\u00e1neo\r\nTipus d'entrada: No Gratuita\r\nPreu de l'entrada: Entrada normal: 2 \u0080; entrada reducida: 1\u00b450 \u0080 (jubilados, pensionistas, carn\u00e9 joven, parados de larga duraci\u00f3n y familia numerosa); gratuito para los menores de 18 a\u00f1os","carrusel_de_imagenes_li":[92257,92262],"rating_li":"","e-mail_reservas_li":"","url_reservas_li":""},"yoast_head":"<!-- This site is optimized with the Yoast SEO plugin v23.0 - https:\/\/yoast.com\/wordpress\/plugins\/seo\/ -->\n<title>Museo de Arte Contempor\u00e1neo &quot;Florencio de la Fuente&quot; &#060; Valencia Turismo<\/title>\n<meta name=\"robots\" content=\"index, follow, max-snippet:-1, max-image-preview:large, max-video-preview:-1\" \/>\n<link rel=\"canonical\" href=\"https:\/\/turisme.dival.es\/ca\/lugar_interes\/museo-de-arte-contemporaneo-florencio-de-la-fuente\/\" \/>\n<meta property=\"og:locale\" content=\"en_US\" \/>\n<meta property=\"og:type\" content=\"article\" \/>\n<meta property=\"og:title\" content=\"Museo de Arte Contempor\u00e1neo &quot;Florencio de la Fuente&quot; &#060; Valencia Turismo\" \/>\n<meta property=\"og:url\" content=\"https:\/\/turisme.dival.es\/ca\/lugar_interes\/museo-de-arte-contemporaneo-florencio-de-la-fuente\/\" \/>\n<meta property=\"og:site_name\" content=\"Valencia Turismo\" \/>\n<meta property=\"article:modified_time\" content=\"2023-06-26T21:52:49+00:00\" \/>\n<meta name=\"twitter:card\" content=\"summary_large_image\" \/>\n<script type=\"application\/ld+json\" class=\"yoast-schema-graph\">{\"@context\":\"https:\/\/schema.org\",\"@graph\":[{\"@type\":\"WebPage\",\"@id\":\"https:\/\/turisme.dival.es\/ca\/lugar_interes\/museo-de-arte-contemporaneo-florencio-de-la-fuente\/\",\"url\":\"https:\/\/turisme.dival.es\/ca\/lugar_interes\/museo-de-arte-contemporaneo-florencio-de-la-fuente\/\",\"name\":\"Museo de Arte Contempor\u00e1neo \\\"Florencio de la Fuente\\\" &#060; Valencia Turismo\",\"isPartOf\":{\"@id\":\"https:\/\/turisme.dival.es\/#website\"},\"primaryImageOfPage\":{\"@id\":\"https:\/\/turisme.dival.es\/ca\/lugar_interes\/museo-de-arte-contemporaneo-florencio-de-la-fuente\/#primaryimage\"},\"image\":{\"@id\":\"https:\/\/turisme.dival.es\/ca\/lugar_interes\/museo-de-arte-contemporaneo-florencio-de-la-fuente\/#primaryimage\"},\"thumbnailUrl\":\"https:\/\/turisme.dival.es\/wp-content\/uploads\/2023\/06\/Requena_cultural_Museo-Florencio-de-la-Fuente_2_valenciaturisme_comunitatvalenciana_pe.jpg\",\"datePublished\":\"2023-06-26T21:51:43+00:00\",\"dateModified\":\"2023-06-26T21:52:49+00:00\",\"inLanguage\":\"vl\",\"potentialAction\":[{\"@type\":\"ReadAction\",\"target\":[\"https:\/\/turisme.dival.es\/ca\/lugar_interes\/museo-de-arte-contemporaneo-florencio-de-la-fuente\/\"]}]},{\"@type\":\"ImageObject\",\"inLanguage\":\"vl\",\"@id\":\"https:\/\/turisme.dival.es\/ca\/lugar_interes\/museo-de-arte-contemporaneo-florencio-de-la-fuente\/#primaryimage\",\"url\":\"https:\/\/turisme.dival.es\/wp-content\/uploads\/2023\/06\/Requena_cultural_Museo-Florencio-de-la-Fuente_2_valenciaturisme_comunitatvalenciana_pe.jpg\",\"contentUrl\":\"https:\/\/turisme.dival.es\/wp-content\/uploads\/2023\/06\/Requena_cultural_Museo-Florencio-de-la-Fuente_2_valenciaturisme_comunitatvalenciana_pe.jpg\",\"width\":905,\"height\":703},{\"@type\":\"WebSite\",\"@id\":\"https:\/\/turisme.dival.es\/#website\",\"url\":\"https:\/\/turisme.dival.es\/\",\"name\":\"valenciaturismo.com.mialias.net\",\"description\":\"\",\"potentialAction\":[{\"@type\":\"SearchAction\",\"target\":{\"@type\":\"EntryPoint\",\"urlTemplate\":\"https:\/\/turisme.dival.es\/?s={search_term_string}\"},\"query-input\":\"required name=search_term_string\"}],\"inLanguage\":\"vl\"}]}<\/script>\n<!-- \/ Yoast SEO plugin. -->","yoast_head_json":{"title":"Museo de Arte Contempor\u00e1neo \"Florencio de la Fuente\" &#060; Valencia Turismo","robots":{"index":"index","follow":"follow","max-snippet":"max-snippet:-1","max-image-preview":"max-image-preview:large","max-video-preview":"max-video-preview:-1"},"canonical":"https:\/\/turisme.dival.es\/ca\/lugar_interes\/museo-de-arte-contemporaneo-florencio-de-la-fuente\/","og_locale":"en_US","og_type":"article","og_title":"Museo de Arte Contempor\u00e1neo \"Florencio de la Fuente\" &#060; Valencia Turismo","og_url":"https:\/\/turisme.dival.es\/ca\/lugar_interes\/museo-de-arte-contemporaneo-florencio-de-la-fuente\/","og_site_name":"Valencia Turismo","article_modified_time":"2023-06-26T21:52:49+00:00","twitter_card":"summary_large_image","schema":{"@context":"https:\/\/schema.org","@graph":[{"@type":"WebPage","@id":"https:\/\/turisme.dival.es\/ca\/lugar_interes\/museo-de-arte-contemporaneo-florencio-de-la-fuente\/","url":"https:\/\/turisme.dival.es\/ca\/lugar_interes\/museo-de-arte-contemporaneo-florencio-de-la-fuente\/","name":"Museo de Arte Contempor\u00e1neo \"Florencio de la Fuente\" &#060; Valencia Turismo","isPartOf":{"@id":"https:\/\/turisme.dival.es\/#website"},"primaryImageOfPage":{"@id":"https:\/\/turisme.dival.es\/ca\/lugar_interes\/museo-de-arte-contemporaneo-florencio-de-la-fuente\/#primaryimage"},"image":{"@id":"https:\/\/turisme.dival.es\/ca\/lugar_interes\/museo-de-arte-contemporaneo-florencio-de-la-fuente\/#primaryimage"},"thumbnailUrl":"https:\/\/turisme.dival.es\/wp-content\/uploads\/2023\/06\/Requena_cultural_Museo-Florencio-de-la-Fuente_2_valenciaturisme_comunitatvalenciana_pe.jpg","datePublished":"2023-06-26T21:51:43+00:00","dateModified":"2023-06-26T21:52:49+00:00","inLanguage":"vl","potentialAction":[{"@type":"ReadAction","target":["https:\/\/turisme.dival.es\/ca\/lugar_interes\/museo-de-arte-contemporaneo-florencio-de-la-fuente\/"]}]},{"@type":"ImageObject","inLanguage":"vl","@id":"https:\/\/turisme.dival.es\/ca\/lugar_interes\/museo-de-arte-contemporaneo-florencio-de-la-fuente\/#primaryimage","url":"https:\/\/turisme.dival.es\/wp-content\/uploads\/2023\/06\/Requena_cultural_Museo-Florencio-de-la-Fuente_2_valenciaturisme_comunitatvalenciana_pe.jpg","contentUrl":"https:\/\/turisme.dival.es\/wp-content\/uploads\/2023\/06\/Requena_cultural_Museo-Florencio-de-la-Fuente_2_valenciaturisme_comunitatvalenciana_pe.jpg","width":905,"height":703},{"@type":"WebSite","@id":"https:\/\/turisme.dival.es\/#website","url":"https:\/\/turisme.dival.es\/","name":"valenciaturismo.com.mialias.net","description":"","potentialAction":[{"@type":"SearchAction","target":{"@type":"EntryPoint","urlTemplate":"https:\/\/turisme.dival.es\/?s={search_term_string}"},"query-input":"required name=search_term_string"}],"inLanguage":"vl"}]}},"_links":{"self":[{"href":"https:\/\/turisme.dival.es\/ca\/wp-json\/wp\/v2\/lugar_interes\/90870","targetHints":{"allow":["GET"]}}],"collection":[{"href":"https:\/\/turisme.dival.es\/ca\/wp-json\/wp\/v2\/lugar_interes"}],"about":[{"href":"https:\/\/turisme.dival.es\/ca\/wp-json\/wp\/v2\/types\/lugar_interes"}],"acf:attachment":[{"embeddable":true,"href":"https:\/\/turisme.dival.es\/ca\/wp-json\/wp\/v2\/media\/92262"},{"embeddable":true,"href":"https:\/\/turisme.dival.es\/ca\/wp-json\/wp\/v2\/media\/92257"}],"acf:post":[{"embeddable":true,"href":"https:\/\/turisme.dival.es\/ca\/wp-json\/wp\/v2\/turist_info\/74837"},{"embeddable":true,"href":"https:\/\/turisme.dival.es\/ca\/wp-json\/wp\/v2\/destino\/28204"},{"embeddable":true,"href":"https:\/\/turisme.dival.es\/ca\/wp-json\/wp\/v2\/destino\/25827"}],"wp:featuredmedia":[{"embeddable":true,"href":"https:\/\/turisme.dival.es\/ca\/wp-json\/wp\/v2\/media\/92262"}],"wp:attachment":[{"href":"https:\/\/turisme.dival.es\/ca\/wp-json\/wp\/v2\/media?parent=90870"}],"wp:term":[{"taxonomy":"categoria_lugar","embeddable":true,"href":"https:\/\/turisme.dival.es\/ca\/wp-json\/wp\/v2\/categoria_lugar?post=90870"}],"curies":[{"name":"wp","href":"https:\/\/api.w.org\/{rel}","templated":true}]}}

Museo de Arte Contemporáneo &#8220;Florencio de la Fuente&#8221;

El Museu d'Art Contemporani Florencio de la Fuente es troba a la costa de l'Àngel. L'edifici, per les balconades i les solanes, constitueix una de les imatges més conegudes i emblemàtiques de tot el conjunt historicoartístic de Requena. La col·lecció de Florencio de la Fuente destaca per la diversitat temàtica, estilística, de tècniques i de procediments. Autors coneguts internacionalment com Miró, Dalí, Tàpies, Rueda, Mompó, Torner o Miquel Navarro, entre d'altres, es mesclen en la col·lecció de Florencio de la Fuente amb joves realitats del panorama espanyol, com ara Castrortega, Villa-Toro, Valribera, Muriel o Plensa. Figures destacades de l'art sud-americà, com ara Gauyasamín, Lam o Carlos Cañas, comparteixen protagonisme en la col·lecció de Florencio amb els japonesos Keiko Sato o Yamaoka.

C/ Ángel, 2

Miércoles a domingo: 16:00 a 19:00 horas. En verano por las tardes de 17:00 a 20:00 horas

Tipus de museu: Arte Contemporáneo
Tipus d'entrada: No Gratuita
Preu de l'entrada: Entrada normal: 2 ; entrada reducida: 1´50  (jubilados, pensionistas, carné joven, parados de larga duración y familia numerosa); gratuito para los menores de 18 años

<!-- This site is optimized with the Yoast SEO plugin v23.0 - https://yoast.com/wordpress/plugins/seo/ -->
<title>Museo de Arte Contemporáneo &quot;Florencio de la Fuente&quot; &#060; Valencia Turismo</title>
<meta name="robots" content="index, follow, max-snippet:-1, max-image-preview:large, max-video-preview:-1" />
<link rel="canonical" href="https://turisme.dival.es/ca/lugar_interes/museo-de-arte-contemporaneo-florencio-de-la-fuente/" />
<meta property="og:locale" content="en_US" />
<meta property="og:type" content="article" />
<meta property="og:title" content="Museo de Arte Contemporáneo &quot;Florencio de la Fuente&quot; &#060; Valencia Turismo" />
<meta property="og:url" content="https://turisme.dival.es/ca/lugar_interes/museo-de-arte-contemporaneo-florencio-de-la-fuente/" />
<meta property="og:site_name" content="Valencia Turismo" />
<meta property="article:modified_time" content="2023-06-26T21:52:49+00:00" />
<meta name="twitter:card" content="summary_large_image" />
<script type="application/ld+json" class="yoast-schema-graph">{"@context":"https://schema.org","@graph":[{"@type":"WebPage","@id":"https://turisme.dival.es/ca/lugar_interes/museo-de-arte-contemporaneo-florencio-de-la-fuente/","url":"https://turisme.dival.es/ca/lugar_interes/museo-de-arte-contemporaneo-florencio-de-la-fuente/","name":"Museo de Arte Contemporáneo \"Florencio de la Fuente\" &#060; Valencia Turismo","isPartOf":{"@id":"https://turisme.dival.es/#website"},"primaryImageOfPage":{"@id":"https://turisme.dival.es/ca/lugar_interes/museo-de-arte-contemporaneo-florencio-de-la-fuente/#primaryimage"},"image":{"@id":"https://turisme.dival.es/ca/lugar_interes/museo-de-arte-contemporaneo-florencio-de-la-fuente/#primaryimage"},"thumbnailUrl":"https://turisme.dival.es/wp-content/uploads/2023/06/Requena_cultural_Museo-Florencio-de-la-Fuente_2_valenciaturisme_comunitatvalenciana_pe.jpg","datePublished":"2023-06-26T21:51:43+00:00","dateModified":"2023-06-26T21:52:49+00:00","inLanguage":"vl","potentialAction":[{"@type":"ReadAction","target":["https://turisme.dival.es/ca/lugar_interes/museo-de-arte-contemporaneo-florencio-de-la-fuente/"]}]},{"@type":"ImageObject","inLanguage":"vl","@id":"https://turisme.dival.es/ca/lugar_interes/museo-de-arte-contemporaneo-florencio-de-la-fuente/#primaryimage","url":"https://turisme.dival.es/wp-content/uploads/2023/06/Requena_cultural_Museo-Florencio-de-la-Fuente_2_valenciaturisme_comunitatvalenciana_pe.jpg","contentUrl":"https://turisme.dival.es/wp-content/uploads/2023/06/Requena_cultural_Museo-Florencio-de-la-Fuente_2_valenciaturisme_comunitatvalenciana_pe.jpg","width":905,"height":703},{"@type":"WebSite","@id":"https://turisme.dival.es/#website","url":"https://turisme.dival.es/","name":"valenciaturismo.com.mialias.net","description":"","potentialAction":[{"@type":"SearchAction","target":{"@type":"EntryPoint","urlTemplate":"https://turisme.dival.es/?s={search_term_string}"},"query-input":"required name=search_term_string"}],"inLanguage":"vl"}]}</script>
<!-- / Yoast SEO plugin. -->

Museo de Arte Contemporáneo "Florencio de la Fuente" &#060; Valencia Turismo
