{"id":26389,"date":"2021-09-17T10:25:52","date_gmt":"2021-09-17T10:25:52","guid":{"rendered":"https:\/\/turisme.dival.es\/destino\/almassera\/"},"modified":"2022-01-10T17:03:43","modified_gmt":"2022-01-10T17:03:43","slug":"almassera","status":"publish","type":"destino","link":"https:\/\/turisme.dival.es\/ca\/destino\/almassera\/","title":{"rendered":"Alm\u00e0ssera"},"featured_media":79557,"template":"","situacion":[1489,1442],"class_list":["post-26389","destino","type-destino","status-publish","has-post-thumbnail","hentry","situacion-almassera-ca","situacion-lhorta-ca"],"acf":{"titulo":"Alm\u00e0ssera ","subtitulo":"","situacion":"Interior","banner":[{"imagen_banner":79552,"video_del_banner":null}],"descripcion":"Alm\u00e0ssera \u00e9s una poblaci\u00f3 tranquil\u2022la de la contornada de la ciutat de Val\u00e8ncia. Encara \u00e9s un poble eminentment agr\u00edcola, tot i que cada vegada m\u00e9s industrialitzat. \u00c9s un lloc ideal per a gaudir de temps d\u2019oci i passar uns moments entranyables en l\u2019horta valenciana.","galeria-poblacion":[5085,5087,5089,5091,5093],"descripcion_2":"<h3>Gastronomia:<\/h3>\r\nLa cuina local presenta una varietat peculiar de paella, elaborada amb fetge de bou. El component principal de la cuina de la localitat \u00e9s l\u2019arr\u00f2s i dins de les seues varietats i, tot i que el plat essencial \u00e9s la paella, t\u00e9 especial import\u00e0ncia l\u2019arr\u00f2s al forn.\r\n<h3>Inter\u00e9s tur\u00edstic:<\/h3>\r\nDestaquen en la Pla\u00e7a Major de la poblaci\u00f3 edificis bells i interessants, com l\u2019edifici conegut com El mosaic de les muses.\r\nL\u2019esgl\u00e9sia parroquial del Sant\u00edssim Sagrament, del segle XVIII, amb fa\u00e7ana de rajola i dos torres. El seu interior est\u00e0 compost de tres naus (la central amb volta de can\u00f3) i creuer.\r\n\r\nDestaca tamb\u00e9 la creu de terme que data del segle XIV i \u00e9s d\u2019estil g\u00f2tic.\r\n\r\n- Casa natal dels germans Lladr\u00f3.\r\n- Museu de l\u2019Horta.\r\n- Capelleta dels Peixets.\r\n\r\nEntre els seus paratges naturals, cal destacar el Clot de la Caldera, en el barranc de Carraixet, i els camps de xufes, cultiu utilitzat per a l\u2019elaboraci\u00f3 d\u2019orxata.\r\n<h3>Festes:<\/h3>\r\nLes festes majors tenen lloc durant quatre dies a partir del quart diumenge d\u2019agost. Se celebren en honor del Crist de la Fe i la Provid\u00e8ncia, de Sant Isidre Llaurador i del Sant\u00edssim Sagrament (patr\u00f3 de la poblaci\u00f3). T\u00e9 per concessi\u00f3 papal la capacitat de celebrar el Corpus en distinta data degut a la seua tradicional representaci\u00f3 del \u00abmiracle dels peixets\u00bb. La festivitat del Corpus t\u00e9 lloc a principis del mes d\u2019agost i \u00e9s organitzada pels clavaris de la Confraria del Sant\u00edssim. El recorregut tradicional \u00e9s acompanyat a ritme de la cl\u00e0ssica dol\u00e7aina acompanyada de danses tradicionals.","color":"#9b861b","fiestas":null,"gastronomia":null,"mas_informacion":null,"turist-info":[{"nombre_oficina":"Touris Info Alm\u00e0ssera","datos_oficina":"<em>Direcci\u00f3<\/em>:\u00a0Camino del Mar, s\/n (Museu de l'Horta) C.P: 46132 Alm\u00e0ssera\r\n<em>Tel\u00e8fon<\/em>:\u00a0961862552\r\n<em>Fax<\/em>:\u00a0961859544\r\n<em>Email<\/em>:\u00a0<a href=\"mailto:almassera@touristinfo.net\">almassera@touristinfo.net<\/a>\r\n<em>Web<\/em>:\u00a0<a href=\"http:\/\/www.almassera.infoville.es\/\" target=\"_blank\" rel=\"noopener\">http:\/\/www.almassera.infoville.es<\/a>\r\n<em>Horari<\/em>:\r\nDe dilluns a divendres de 10:00 a 15:00 horas\r\n\r\n<a href=\"http:\/\/www.turismohortanord.com\/\">http:\/\/www.turismohortanord.com\/<\/a>"}],"turist-info_rel":74901,"descargables":null,"localizacion_mapa":"<iframe src=\"https:\/\/www.google.com\/maps\/embed?pb=!1m18!1m12!1m3!1d6156.192621073039!2d-0.36185030313028543!3d39.512315944702785!2m3!1f0!2f0!3f0!3m2!1i1024!2i768!4f13.1!3m3!1m2!1s0xd6046698dd95281%3A0xe2ea2e4bc9dd08a6!2sAlm%C3%A1cera%2C%20Valencia!5e0!3m2!1ses!2ses!4v1632219734574!5m2!1ses!2ses\" width=\"100%\" height=\"450\" style=\"border:0;\" allowfullscreen=\"\" loading=\"lazy\"><\/iframe>","destacados":null,"lugares_interes":null},"yoast_head":"<!-- This site is optimized with the Yoast SEO plugin v23.0 - https:\/\/yoast.com\/wordpress\/plugins\/seo\/ -->\n<title>Am\u00e0ssera | Val\u00e8ncia Turisme<\/title>\n<meta name=\"description\" content=\"Alm\u00e0ssera \u00e9s una poblaci\u00f3 tranquil\u2022la de la contornada de la ciutat de Val\u00e8ncia. s un lloc ideal per a gaudir de temps d\u2019oci i passar uns moments entranyables en l\u2019horta valenciana.\" \/>\n<meta name=\"robots\" content=\"index, follow, max-snippet:-1, max-image-preview:large, max-video-preview:-1\" \/>\n<link rel=\"canonical\" href=\"https:\/\/turisme.dival.es\/ca\/destino\/almassera\/\" \/>\n<meta property=\"og:locale\" content=\"en_US\" \/>\n<meta property=\"og:type\" content=\"article\" \/>\n<meta property=\"og:title\" content=\"Am\u00e0ssera | Val\u00e8ncia Turisme\" \/>\n<meta property=\"og:description\" content=\"Alm\u00e0ssera \u00e9s una poblaci\u00f3 tranquil\u2022la de la contornada de la ciutat de Val\u00e8ncia. s un lloc ideal per a gaudir de temps d\u2019oci i passar uns moments entranyables en l\u2019horta valenciana.\" \/>\n<meta property=\"og:url\" content=\"https:\/\/turisme.dival.es\/ca\/destino\/almassera\/\" \/>\n<meta property=\"og:site_name\" content=\"Valencia Turismo\" \/>\n<meta property=\"article:modified_time\" content=\"2022-01-10T17:03:43+00:00\" \/>\n<meta property=\"og:image\" content=\"https:\/\/turisme.dival.es\/wp-content\/uploads\/2021\/09\/Almassera_Museu_Horta.jpg\" \/>\n\t<meta property=\"og:image:width\" content=\"900\" \/>\n\t<meta property=\"og:image:height\" content=\"600\" \/>\n\t<meta property=\"og:image:type\" content=\"image\/jpeg\" \/>\n<meta name=\"twitter:card\" content=\"summary_large_image\" \/>\n<script type=\"application\/ld+json\" class=\"yoast-schema-graph\">{\"@context\":\"https:\/\/schema.org\",\"@graph\":[{\"@type\":\"WebPage\",\"@id\":\"https:\/\/turisme.dival.es\/ca\/destino\/almassera\/\",\"url\":\"https:\/\/turisme.dival.es\/ca\/destino\/almassera\/\",\"name\":\"Am\u00e0ssera | Val\u00e8ncia Turisme\",\"isPartOf\":{\"@id\":\"https:\/\/turisme.dival.es\/#website\"},\"primaryImageOfPage\":{\"@id\":\"https:\/\/turisme.dival.es\/ca\/destino\/almassera\/#primaryimage\"},\"image\":{\"@id\":\"https:\/\/turisme.dival.es\/ca\/destino\/almassera\/#primaryimage\"},\"thumbnailUrl\":\"https:\/\/turisme.dival.es\/wp-content\/uploads\/2021\/09\/Almassera_Museu_Horta.jpg\",\"datePublished\":\"2021-09-17T10:25:52+00:00\",\"dateModified\":\"2022-01-10T17:03:43+00:00\",\"description\":\"Alm\u00e0ssera \u00e9s una poblaci\u00f3 tranquil\u2022la de la contornada de la ciutat de Val\u00e8ncia. s un lloc ideal per a gaudir de temps d\u2019oci i passar uns moments entranyables en l\u2019horta valenciana.\",\"inLanguage\":\"vl\",\"potentialAction\":[{\"@type\":\"ReadAction\",\"target\":[\"https:\/\/turisme.dival.es\/ca\/destino\/almassera\/\"]}]},{\"@type\":\"ImageObject\",\"inLanguage\":\"vl\",\"@id\":\"https:\/\/turisme.dival.es\/ca\/destino\/almassera\/#primaryimage\",\"url\":\"https:\/\/turisme.dival.es\/wp-content\/uploads\/2021\/09\/Almassera_Museu_Horta.jpg\",\"contentUrl\":\"https:\/\/turisme.dival.es\/wp-content\/uploads\/2021\/09\/Almassera_Museu_Horta.jpg\",\"width\":900,\"height\":600},{\"@type\":\"WebSite\",\"@id\":\"https:\/\/turisme.dival.es\/#website\",\"url\":\"https:\/\/turisme.dival.es\/\",\"name\":\"valenciaturismo.com.mialias.net\",\"description\":\"\",\"potentialAction\":[{\"@type\":\"SearchAction\",\"target\":{\"@type\":\"EntryPoint\",\"urlTemplate\":\"https:\/\/turisme.dival.es\/?s={search_term_string}\"},\"query-input\":\"required name=search_term_string\"}],\"inLanguage\":\"vl\"}]}<\/script>\n<!-- \/ Yoast SEO plugin. -->","yoast_head_json":{"title":"Am\u00e0ssera | Val\u00e8ncia Turisme","description":"Alm\u00e0ssera \u00e9s una poblaci\u00f3 tranquil\u2022la de la contornada de la ciutat de Val\u00e8ncia. s un lloc ideal per a gaudir de temps d\u2019oci i passar uns moments entranyables en l\u2019horta valenciana.","robots":{"index":"index","follow":"follow","max-snippet":"max-snippet:-1","max-image-preview":"max-image-preview:large","max-video-preview":"max-video-preview:-1"},"canonical":"https:\/\/turisme.dival.es\/ca\/destino\/almassera\/","og_locale":"en_US","og_type":"article","og_title":"Am\u00e0ssera | Val\u00e8ncia Turisme","og_description":"Alm\u00e0ssera \u00e9s una poblaci\u00f3 tranquil\u2022la de la contornada de la ciutat de Val\u00e8ncia. s un lloc ideal per a gaudir de temps d\u2019oci i passar uns moments entranyables en l\u2019horta valenciana.","og_url":"https:\/\/turisme.dival.es\/ca\/destino\/almassera\/","og_site_name":"Valencia Turismo","article_modified_time":"2022-01-10T17:03:43+00:00","og_image":[{"width":900,"height":600,"url":"https:\/\/turisme.dival.es\/wp-content\/uploads\/2021\/09\/Almassera_Museu_Horta.jpg","type":"image\/jpeg"}],"twitter_card":"summary_large_image","schema":{"@context":"https:\/\/schema.org","@graph":[{"@type":"WebPage","@id":"https:\/\/turisme.dival.es\/ca\/destino\/almassera\/","url":"https:\/\/turisme.dival.es\/ca\/destino\/almassera\/","name":"Am\u00e0ssera | Val\u00e8ncia Turisme","isPartOf":{"@id":"https:\/\/turisme.dival.es\/#website"},"primaryImageOfPage":{"@id":"https:\/\/turisme.dival.es\/ca\/destino\/almassera\/#primaryimage"},"image":{"@id":"https:\/\/turisme.dival.es\/ca\/destino\/almassera\/#primaryimage"},"thumbnailUrl":"https:\/\/turisme.dival.es\/wp-content\/uploads\/2021\/09\/Almassera_Museu_Horta.jpg","datePublished":"2021-09-17T10:25:52+00:00","dateModified":"2022-01-10T17:03:43+00:00","description":"Alm\u00e0ssera \u00e9s una poblaci\u00f3 tranquil\u2022la de la contornada de la ciutat de Val\u00e8ncia. s un lloc ideal per a gaudir de temps d\u2019oci i passar uns moments entranyables en l\u2019horta valenciana.","inLanguage":"vl","potentialAction":[{"@type":"ReadAction","target":["https:\/\/turisme.dival.es\/ca\/destino\/almassera\/"]}]},{"@type":"ImageObject","inLanguage":"vl","@id":"https:\/\/turisme.dival.es\/ca\/destino\/almassera\/#primaryimage","url":"https:\/\/turisme.dival.es\/wp-content\/uploads\/2021\/09\/Almassera_Museu_Horta.jpg","contentUrl":"https:\/\/turisme.dival.es\/wp-content\/uploads\/2021\/09\/Almassera_Museu_Horta.jpg","width":900,"height":600},{"@type":"WebSite","@id":"https:\/\/turisme.dival.es\/#website","url":"https:\/\/turisme.dival.es\/","name":"valenciaturismo.com.mialias.net","description":"","potentialAction":[{"@type":"SearchAction","target":{"@type":"EntryPoint","urlTemplate":"https:\/\/turisme.dival.es\/?s={search_term_string}"},"query-input":"required name=search_term_string"}],"inLanguage":"vl"}]}},"_links":{"self":[{"href":"https:\/\/turisme.dival.es\/ca\/wp-json\/wp\/v2\/destino\/26389","targetHints":{"allow":["GET"]}}],"collection":[{"href":"https:\/\/turisme.dival.es\/ca\/wp-json\/wp\/v2\/destino"}],"about":[{"href":"https:\/\/turisme.dival.es\/ca\/wp-json\/wp\/v2\/types\/destino"}],"acf:post":[{"embeddable":true,"href":"https:\/\/turisme.dival.es\/ca\/wp-json\/wp\/v2\/turist_info\/74901"}],"acf:attachment":[{"embeddable":true,"href":"https:\/\/turisme.dival.es\/ca\/wp-json\/wp\/v2\/media\/5093"},{"embeddable":true,"href":"https:\/\/turisme.dival.es\/ca\/wp-json\/wp\/v2\/media\/5091"},{"embeddable":true,"href":"https:\/\/turisme.dival.es\/ca\/wp-json\/wp\/v2\/media\/5089"},{"embeddable":true,"href":"https:\/\/turisme.dival.es\/ca\/wp-json\/wp\/v2\/media\/5087"},{"embeddable":true,"href":"https:\/\/turisme.dival.es\/ca\/wp-json\/wp\/v2\/media\/5085"}],"wp:featuredmedia":[{"embeddable":true,"href":"https:\/\/turisme.dival.es\/ca\/wp-json\/wp\/v2\/media\/79557"}],"wp:attachment":[{"href":"https:\/\/turisme.dival.es\/ca\/wp-json\/wp\/v2\/media?parent=26389"}],"wp:term":[{"taxonomy":"situacion","embeddable":true,"href":"https:\/\/turisme.dival.es\/ca\/wp-json\/wp\/v2\/situacion?post=26389"}],"curies":[{"name":"wp","href":"https:\/\/api.w.org\/{rel}","templated":true}]}}

Almàssera

Almàssera és una població tranquil•la de la contornada de la ciutat de València. Encara és un poble eminentment agrícola, tot i que cada vegada més industrialitzat. És un lloc ideal per a gaudir de temps d’oci i passar uns moments entranyables en l’horta valenciana.

<h3>Gastronomia:</h3>
La cuina local presenta una varietat peculiar de paella, elaborada amb fetge de bou. El component principal de la cuina de la localitat és l’arròs i dins de les seues varietats i, tot i que el plat essencial és la paella, té especial importància l’arròs al forn.
<h3>Interés turístic:</h3>
Destaquen en la Plaça Major de la població edificis bells i interessants, com l’edifici conegut com El mosaic de les muses.
L’església parroquial del Santíssim Sagrament, del segle XVIII, amb façana de rajola i dos torres. El seu interior està compost de tres naus (la central amb volta de canó) i creuer.

Destaca també la creu de terme que data del segle XIV i és d’estil gòtic.

- Casa natal dels germans Lladró.
- Museu de l’Horta.
- Capelleta dels Peixets.

Entre els seus paratges naturals, cal destacar el Clot de la Caldera, en el barranc de Carraixet, i els camps de xufes, cultiu utilitzat per a l’elaboració d’orxata.
<h3>Festes:</h3>
Les festes majors tenen lloc durant quatre dies a partir del quart diumenge d’agost. Se celebren en honor del Crist de la Fe i la Providència, de Sant Isidre Llaurador i del Santíssim Sagrament (patró de la població). Té per concessió papal la capacitat de celebrar el Corpus en distinta data degut a la seua tradicional representació del «miracle dels peixets». La festivitat del Corpus té lloc a principis del mes d’agost i és organitzada pels clavaris de la Confraria del Santíssim. El recorregut tradicional és acompanyat a ritme de la clàssica dolçaina acompanyada de danses tradicionals.

Touris Info Almàssera

<em>Direcció</em>: Camino del Mar, s/n (Museu de l'Horta) C.P: 46132 Almàssera
<em>Telèfon</em>: 961862552
<em>Fax</em>: 961859544
<em>Email</em>: <a href="mailto:almassera@touristinfo.net">almassera@touristinfo.net</a>
<em>Web</em>: <a href="http://www.almassera.infoville.es/" target="_blank" rel="noopener">http://www.almassera.infoville.es</a>
<em>Horari</em>:
De dilluns a divendres de 10:00 a 15:00 horas

<a href="http://www.turismohortanord.com/">http://www.turismohortanord.com/</a>

<!-- This site is optimized with the Yoast SEO plugin v23.0 - https://yoast.com/wordpress/plugins/seo/ -->
<title>Amàssera | València Turisme</title>
<meta name="description" content="Almàssera és una població tranquil•la de la contornada de la ciutat de València. s un lloc ideal per a gaudir de temps d’oci i passar uns moments entranyables en l’horta valenciana." />
<meta name="robots" content="index, follow, max-snippet:-1, max-image-preview:large, max-video-preview:-1" />
<link rel="canonical" href="https://turisme.dival.es/ca/destino/almassera/" />
<meta property="og:locale" content="en_US" />
<meta property="og:type" content="article" />
<meta property="og:title" content="Amàssera | València Turisme" />
<meta property="og:description" content="Almàssera és una població tranquil•la de la contornada de la ciutat de València. s un lloc ideal per a gaudir de temps d’oci i passar uns moments entranyables en l’horta valenciana." />
<meta property="og:url" content="https://turisme.dival.es/ca/destino/almassera/" />
<meta property="og:site_name" content="Valencia Turismo" />
<meta property="article:modified_time" content="2022-01-10T17:03:43+00:00" />
<meta property="og:image" content="https://turisme.dival.es/wp-content/uploads/2021/09/Almassera_Museu_Horta.jpg" />
	<meta property="og:image:width" content="900" />
	<meta property="og:image:height" content="600" />
	<meta property="og:image:type" content="image/jpeg" />
<meta name="twitter:card" content="summary_large_image" />
<script type="application/ld+json" class="yoast-schema-graph">{"@context":"https://schema.org","@graph":[{"@type":"WebPage","@id":"https://turisme.dival.es/ca/destino/almassera/","url":"https://turisme.dival.es/ca/destino/almassera/","name":"Amàssera | València Turisme","isPartOf":{"@id":"https://turisme.dival.es/#website"},"primaryImageOfPage":{"@id":"https://turisme.dival.es/ca/destino/almassera/#primaryimage"},"image":{"@id":"https://turisme.dival.es/ca/destino/almassera/#primaryimage"},"thumbnailUrl":"https://turisme.dival.es/wp-content/uploads/2021/09/Almassera_Museu_Horta.jpg","datePublished":"2021-09-17T10:25:52+00:00","dateModified":"2022-01-10T17:03:43+00:00","description":"Almàssera és una població tranquil•la de la contornada de la ciutat de València. s un lloc ideal per a gaudir de temps d’oci i passar uns moments entranyables en l’horta valenciana.","inLanguage":"vl","potentialAction":[{"@type":"ReadAction","target":["https://turisme.dival.es/ca/destino/almassera/"]}]},{"@type":"ImageObject","inLanguage":"vl","@id":"https://turisme.dival.es/ca/destino/almassera/#primaryimage","url":"https://turisme.dival.es/wp-content/uploads/2021/09/Almassera_Museu_Horta.jpg","contentUrl":"https://turisme.dival.es/wp-content/uploads/2021/09/Almassera_Museu_Horta.jpg","width":900,"height":600},{"@type":"WebSite","@id":"https://turisme.dival.es/#website","url":"https://turisme.dival.es/","name":"valenciaturismo.com.mialias.net","description":"","potentialAction":[{"@type":"SearchAction","target":{"@type":"EntryPoint","urlTemplate":"https://turisme.dival.es/?s={search_term_string}"},"query-input":"required name=search_term_string"}],"inLanguage":"vl"}]}</script>
<!-- / Yoast SEO plugin. -->

Amàssera | València Turisme

Almàssera és una població tranquil•la de la contornada de la ciutat de València. s un lloc ideal per a gaudir de temps d’oci i passar uns moments entranyables en l’horta valenciana.
